{"id":1113,"date":"2016-10-03T10:59:16","date_gmt":"2016-10-03T08:59:16","guid":{"rendered":"http:\/\/www.javorszky.hu\/wordpress\/?page_id=1113"},"modified":"2025-03-20T11:17:52","modified_gmt":"2025-03-20T10:17:52","slug":"elerhetoseg","status":"publish","type":"page","link":"http:\/\/www.javorszky.hu\/wordpress\/?page_id=1113","title":{"rendered":"El\u00e9rhet\u0151s\u00e9g"},"content":{"rendered":"\n<p style=\"line-height:1\">N\u00e9v: <strong><em>V\u00e1ci J\u00e1vorszky \u00d6d\u00f6n K\u00f3rh\u00e1z<\/em><\/strong><\/p>\n\n\n\n<p style=\"line-height:1\"><strong>Honlap<\/strong>: <a href=\"http:\/\/www.javorszky.hu\/\">www.javorszky.hu<\/a><\/p>\n\n\n\n<p style=\"line-height:1\"><strong>C\u00edm<\/strong>: 2600 V\u00e1c, Argenti D\u00f6me t\u00e9r 1-3.<\/p>\n\n\n\n<p style=\"line-height:1\"><strong>Telefonsz\u00e1m<\/strong>: +36 (27) 620-620<\/p>\n\n\n\n<p style=\"line-height:1\"><strong>K\u00f6zponti email c\u00edm:<\/strong> vac&#105;&#107;&#111;&#x72;&#x68;&#x61;&#x7a;&#x40;&#x6a;avo&#114;&#115;&#122;&#107;&#x79;&#x2e;&#x68;&#x75;<\/p>\n\n\n\n<p class=\"has-text-align-center\" style=\"line-height:1\"><strong><mark style=\"background-color:rgba(0, 0, 0, 0)\" class=\"has-inline-color has-black-color\">Megk\u00f6zel\u00edthet\u0151s\u00e9g:<\/mark><\/strong><\/p>\n\n\n\n<p class=\"has-text-align-center\" style=\"line-height:1\"><a href=\"https:\/\/www.google.com\/maps\/place\/J%C3%A1vorszky+%C3%96d%C3%B6n+V%C3%A1rosi+K%C3%B3rh%C3%A1z\/@47.7836174,19.1461087,17z\/data=!4m5!3m4!1s0x47402afa1dc2f833:0x737047d46aa38a6d!8m2!3d47.7836138!4d19.1482974\">T\u00e9rk\u00e9p<\/a><\/p>\n\n\n\n<p class=\"has-text-align-center\" style=\"line-height:1\">T\u00f6megk\u00f6zleked\u00e9si menetrendek:<\/p>\n\n\n\n<p class=\"has-text-align-center\" style=\"line-height:1\">  <a href=\"http:\/\/www.javorszky.hu\/wordpress\/wp-content\/uploads\/2025\/03\/4_2024-03-01__ver1_teljes.pdf\" data-type=\"URL\" data-id=\"http:\/\/www.javorszky.hu\/wordpress\/wp-content\/uploads\/2025\/03\/4_2024-03-01__ver1_teljes.pdf\">4-es busz<\/a>, <a href=\"http:\/\/www.javorszky.hu\/wordpress\/wp-content\/uploads\/2025\/03\/5-55_2024-03-01_v1_o_megallonkent.pdf\" data-type=\"URL\" data-id=\"http:\/\/www.javorszky.hu\/wordpress\/wp-content\/uploads\/2025\/03\/5-55_2024-03-01_v1_o_megallonkent.pdf\">5 \u00e9s 55 -\u00f6s busz<\/a><\/p>\n\n\n\n<p><strong>Parkol\u00e1s :<\/strong> Az Int\u00e9zm\u00e9nybe \u00e9rkez\u0151 betegek \u00e9s hozz\u00e1tartoz\u00f3k sz\u00e1m\u00e1ra ingyenes, kijel\u00f6lt parkol\u00f3helyek vannak kialak\u00edtva a k\u00f3rh\u00e1z el\u0151tti Argenti D\u00f6me t\u00e9ren( buszfordul\u00f3, sziget) \u00e9s a helikopter lesz\u00e1ll\u00f3 el\u0151tti betonozott parkol\u00f3ban. Betegek alkalmilag sz\u00e1ll\u00edt\u00f3 g\u00e9pkocsi( taxi, saj\u00e1t tulajdon\u00fa g\u00e9pkocsi) k\u00fcl\u00f6n enged\u00e9ly n\u00e9lk\u00fcl behajthat a K\u00f3rh\u00e1z ter\u00fclet\u00e9re a f\u0151port\u00e1n\u00e1l- eseti regisztr\u00e1ci\u00f3 ut\u00e1n- amennyiben a j\u00e1rm\u0171 a telephelyet f\u00e9l \u00f3r\u00e1n bel\u00fcl elhagyja. Mozg\u00e1skorl\u00e1tozottak( hivatalos k\u00e1rty\u00e1val igazolt esetben) a K\u00f3rh\u00e1z ter\u00fclet\u00e9re kiz\u00e1r\u00f3lag eg\u00e9szs\u00e9g\u00fcgyi szolg\u00e1ltat\u00e1sok ig\u00e9nybev\u00e9tele c\u00e9lj\u00e1b\u00f3l \u00e9s idej\u00e9re hajthatnak be, \u00e9s a r\u00e9sz\u00fckre k\u00fcl\u00f6n kijel\u00f6lt, fenntartott parkol\u00f3helyeteket vehetik ig\u00e9nybe. A biztons\u00e1gi szolg\u00e1lat k\u00f6teles ellen\u0151rizni a mozg\u00e1skorl\u00e1tozott parkol\u00f3helyeket ig\u00e9nybe vev\u0151k jogosults\u00e1g\u00e1t.<\/p>\n\n\n\n<p>A parkol\u00f3 ter\u00fclet\u00e9n a KRESZ szab\u00e1lyai \u00e9rv\u00e9nyesek, azon korl\u00e1toz\u00e1sokkal, hogy a megengedett legnagyobb sebess\u00e9g 15 km\/\u00f3ra.<\/p>\n\n\n\n<p>Az Int\u00e9zm\u00e9ny a parkol\u00f3ban elhelyezett g\u00e9pkocsik\u00e9rt \u00e9s egy\u00e9b \u00e9rt\u00e9kt\u00e1rgyak\u00e9rt felel\u0151ss\u00e9get nem v\u00e1llal.<\/p>\n\n\n\n<p>A parkol\u00e1st ig\u00e9nybe vev\u0151 k\u00f6teles az \u00e1ltala m\u00e1s j\u00e1rm\u0171ben vagy a parkol\u00e1s-technikai berendez\u00e9sekben okozott k\u00e1r\u00e9rt felel\u0151ss\u00e9get v\u00e1llalni \u00e9s a k\u00e1rt megt\u00e9r\u00edteni.<\/p>\n\n\n<div class=\"wp-block-image\">\n<figure class=\"aligncenter size-large is-resized\"><a href=\"https:\/\/www.javorszky.hu\/wordpress\/wp-content\/uploads\/2025\/03\/Alaprajz-fel-scaled.jpg\"><img loading=\"lazy\" src=\"https:\/\/www.javorszky.hu\/wordpress\/wp-content\/uploads\/2025\/03\/Alaprajz-fel-1024x724.jpg\" alt=\"\" class=\"wp-image-8267\" width=\"1213\" height=\"858\" srcset=\"http:\/\/www.javorszky.hu\/wordpress\/wp-content\/uploads\/2025\/03\/Alaprajz-fel-1024x724.jpg 1024w, http:\/\/www.javorszky.hu\/wordpress\/wp-content\/uploads\/2025\/03\/Alaprajz-fel-300x212.jpg 300w, http:\/\/www.javorszky.hu\/wordpress\/wp-content\/uploads\/2025\/03\/Alaprajz-fel-768x543.jpg 768w, http:\/\/www.javorszky.hu\/wordpress\/wp-content\/uploads\/2025\/03\/Alaprajz-fel-1536x1086.jpg 1536w, http:\/\/www.javorszky.hu\/wordpress\/wp-content\/uploads\/2025\/03\/Alaprajz-fel-2048x1448.jpg 2048w\" sizes=\"(max-width: 1213px) 100vw, 1213px\" \/><\/a><figcaption>K\u00f3rh\u00e1z alaprajz<\/figcaption><\/figure><\/div>\n\n<div class=\"wp-block-image\">\n<figure class=\"aligncenter size-large is-resized\"><a href=\"https:\/\/www.javorszky.hu\/wordpress\/wp-content\/uploads\/2025\/03\/Alaprajz-fel-ketto-scaled.jpg\"><img loading=\"lazy\" src=\"https:\/\/www.javorszky.hu\/wordpress\/wp-content\/uploads\/2025\/03\/Alaprajz-fel-ketto-724x1024.jpg\" alt=\"\" class=\"wp-image-8268\" width=\"792\" height=\"1120\" srcset=\"http:\/\/www.javorszky.hu\/wordpress\/wp-content\/uploads\/2025\/03\/Alaprajz-fel-ketto-724x1024.jpg 724w, http:\/\/www.javorszky.hu\/wordpress\/wp-content\/uploads\/2025\/03\/Alaprajz-fel-ketto-212x300.jpg 212w, http:\/\/www.javorszky.hu\/wordpress\/wp-content\/uploads\/2025\/03\/Alaprajz-fel-ketto-768x1086.jpg 768w, http:\/\/www.javorszky.hu\/wordpress\/wp-content\/uploads\/2025\/03\/Alaprajz-fel-ketto-1086x1536.jpg 1086w, http:\/\/www.javorszky.hu\/wordpress\/wp-content\/uploads\/2025\/03\/Alaprajz-fel-ketto-1448x2048.jpg 1448w, http:\/\/www.javorszky.hu\/wordpress\/wp-content\/uploads\/2025\/03\/Alaprajz-fel-ketto-scaled.jpg 1810w\" sizes=\"(max-width: 792px) 100vw, 792px\" \/><\/a><\/figure><\/div>\n\n<div class=\"wp-block-image\">\n<figure class=\"aligncenter size-large is-resized\"><a href=\"http:\/\/www.javorszky.hu\/wordpress\/wp-content\/uploads\/2022\/08\/eeszt-logo-.jpg\"><img loading=\"lazy\" src=\"http:\/\/www.javorszky.hu\/wordpress\/wp-content\/uploads\/2022\/08\/eeszt-logo--1024x494.jpg\" alt=\"\" class=\"wp-image-4481\" width=\"388\" height=\"187\" srcset=\"http:\/\/www.javorszky.hu\/wordpress\/wp-content\/uploads\/2022\/08\/eeszt-logo--1024x494.jpg 1024w, http:\/\/www.javorszky.hu\/wordpress\/wp-content\/uploads\/2022\/08\/eeszt-logo--300x145.jpg 300w, http:\/\/www.javorszky.hu\/wordpress\/wp-content\/uploads\/2022\/08\/eeszt-logo--768x370.jpg 768w, http:\/\/www.javorszky.hu\/wordpress\/wp-content\/uploads\/2022\/08\/eeszt-logo--1536x740.jpg 1536w, http:\/\/www.javorszky.hu\/wordpress\/wp-content\/uploads\/2022\/08\/eeszt-logo--786x379.jpg 786w, http:\/\/www.javorszky.hu\/wordpress\/wp-content\/uploads\/2022\/08\/eeszt-logo-.jpg 1954w\" sizes=\"(max-width: 388px) 100vw, 388px\" \/><\/a><\/figure><\/div>\n\n\n<p class=\"has-text-align-center\" style=\"line-height:1.2\"><a href=\"https:\/\/www.eeszt.gov.hu\/oldalvalaszto.jsp\" data-type=\"URL\" data-id=\"https:\/\/www.eeszt.gov.hu\/oldalvalaszto.jsp\">Bel\u00e9p\u00e9s az eeszt rendszerbe <\/a><\/p>\n\n\n<div class=\"wp-block-image\">\n<figure class=\"aligncenter size-full\"><a href=\"https:\/\/www.javorszky.hu\/wordpress\/wp-content\/uploads\/2025\/03\/ev.jpg\"><img loading=\"lazy\" width=\"255\" height=\"74\" src=\"https:\/\/www.javorszky.hu\/wordpress\/wp-content\/uploads\/2025\/03\/ev.jpg\" alt=\"\" class=\"wp-image-8369\"\/><\/a><\/figure><\/div>\n\n\n<p class=\"has-text-align-center\"><a href=\"https:\/\/www.egeszsegvonal.gov.hu\/\" data-type=\"URL\" data-id=\"https:\/\/www.egeszsegvonal.gov.hu\/\">Bel\u00e9p\u00e9s az Eg\u00e9szs\u00e9gvonalra<\/a><\/p>\n\n\n\n<p><\/p>\n","protected":false},"excerpt":{"rendered":"<p>N\u00e9v: V\u00e1ci J\u00e1vorszky \u00d6d\u00f6n K\u00f3rh\u00e1z Honlap: www.javorszky.hu C\u00edm: 2600 V\u00e1c, Argenti D\u00f6me t\u00e9r 1-3. Telefonsz\u00e1m: +36 (27) 620-620 K\u00f6zponti email c\u00edm: &#x76;&#x61;&#x63;&#x69;&#107;&#111;&#114;&#104;az&#64;&#x6a;&#x61;&#x76;&#x6f;&#x72;&#115;&#122;&#107;y&#46;h&#x75; Megk\u00f6zel\u00edthet\u0151s\u00e9g: T\u00e9rk\u00e9p T\u00f6megk\u00f6zleked\u00e9si menetrendek: 4-es busz, 5 \u00e9s 55 -\u00f6s busz Parkol\u00e1s : Az Int\u00e9zm\u00e9nybe \u00e9rkez\u0151 betegek \u00e9s hozz\u00e1tartoz\u00f3k sz\u00e1m\u00e1ra ingyenes, kijel\u00f6lt parkol\u00f3helyek vannak kialak\u00edtva a k\u00f3rh\u00e1z el\u0151tti Argenti D\u00f6me t\u00e9ren( buszfordul\u00f3, sziget) [&hellip;]<\/p>\n","protected":false},"author":1,"featured_media":0,"parent":0,"menu_order":0,"comment_status":"closed","ping_status":"closed","template":"","meta":[],"_links":{"self":[{"href":"http:\/\/www.javorszky.hu\/wordpress\/index.php?rest_route=\/wp\/v2\/pages\/1113"}],"collection":[{"href":"http:\/\/www.javorszky.hu\/wordpress\/index.php?rest_route=\/wp\/v2\/pages"}],"about":[{"href":"http:\/\/www.javorszky.hu\/wordpress\/index.php?rest_route=\/wp\/v2\/types\/page"}],"author":[{"embeddable":true,"href":"http:\/\/www.javorszky.hu\/wordpress\/index.php?rest_route=\/wp\/v2\/users\/1"}],"replies":[{"embeddable":true,"href":"http:\/\/www.javorszky.hu\/wordpress\/index.php?rest_route=%2Fwp%2Fv2%2Fcomments&post=1113"}],"version-history":[{"count":20,"href":"http:\/\/www.javorszky.hu\/wordpress\/index.php?rest_route=\/wp\/v2\/pages\/1113\/revisions"}],"predecessor-version":[{"id":8371,"href":"http:\/\/www.javorszky.hu\/wordpress\/index.php?rest_route=\/wp\/v2\/pages\/1113\/revisions\/8371"}],"wp:attachment":[{"href":"http:\/\/www.javorszky.hu\/wordpress\/index.php?rest_route=%2Fwp%2Fv2%2Fmedia&parent=1113"}],"curies":[{"name":"wp","href":"https:\/\/api.w.org\/{rel}","templated":true}]}}

Elérhetőség

<p style="line-height:1">Név: <strong><em>Váci Jávorszky Ödön Kórház</em></strong></p>



<p style="line-height:1"><strong>Honlap</strong>: <a href="http://www.javorszky.hu/">www.javorszky.hu</a></p>



<p style="line-height:1"><strong>Cím</strong>: 2600 Vác, Argenti Döme tér 1-3.</p>



<p style="line-height:1"><strong>Telefonszám</strong>: +36 (27) 620-620</p>



<p style="line-height:1"><strong>Központi email cím:</strong> vac&#105;&#107;&#111;&#x72;&#x68;&#x61;&#x7a;&#x40;&#x6a;avo&#114;&#115;&#122;&#107;&#x79;&#x2e;&#x68;&#x75;</p>



<p class="has-text-align-center" style="line-height:1"><strong><mark style="background-color:rgba(0, 0, 0, 0)" class="has-inline-color has-black-color">Megközelíthetőség:</mark></strong></p>



<p class="has-text-align-center" style="line-height:1"><a href="https://www.google.com/maps/place/J%C3%A1vorszky+%C3%96d%C3%B6n+V%C3%A1rosi+K%C3%B3rh%C3%A1z/@47.7836174,19.1461087,17z/data=!4m5!3m4!1s0x47402afa1dc2f833:0x737047d46aa38a6d!8m2!3d47.7836138!4d19.1482974">Térkép</a></p>



<p class="has-text-align-center" style="line-height:1">Tömegközlekedési menetrendek:</p>



<p class="has-text-align-center" style="line-height:1">  <a href="http://www.javorszky.hu/wordpress/wp-content/uploads/2025/03/4_2024-03-01__ver1_teljes.pdf" data-type="URL" data-id="http://www.javorszky.hu/wordpress/wp-content/uploads/2025/03/4_2024-03-01__ver1_teljes.pdf">4-es busz</a>, <a href="http://www.javorszky.hu/wordpress/wp-content/uploads/2025/03/5-55_2024-03-01_v1_o_megallonkent.pdf" data-type="URL" data-id="http://www.javorszky.hu/wordpress/wp-content/uploads/2025/03/5-55_2024-03-01_v1_o_megallonkent.pdf">5 és 55 -ös busz</a></p>



<p><strong>Parkolás :</strong> Az Intézménybe érkező betegek és hozzátartozók számára ingyenes, kijelölt parkolóhelyek vannak kialakítva a kórház előtti Argenti Döme téren( buszforduló, sziget) és a helikopter leszálló előtti betonozott parkolóban. Betegek alkalmilag szállító gépkocsi( taxi, saját tulajdonú gépkocsi) külön engedély nélkül behajthat a Kórház területére a főportánál- eseti regisztráció után- amennyiben a jármű a telephelyet fél órán belül elhagyja. Mozgáskorlátozottak( hivatalos kártyával igazolt esetben) a Kórház területére kizárólag egészségügyi szolgáltatások igénybevétele céljából és idejére hajthatnak be, és a részükre külön kijelölt, fenntartott parkolóhelyeteket vehetik igénybe. A biztonsági szolgálat köteles ellenőrizni a mozgáskorlátozott parkolóhelyeket igénybe vevők jogosultságát.</p>



<p>A parkoló területén a KRESZ szabályai érvényesek, azon korlátozásokkal, hogy a megengedett legnagyobb sebesség 15 km/óra.</p>



<p>Az Intézmény a parkolóban elhelyezett gépkocsikért és egyéb értéktárgyakért felelősséget nem vállal.</p>



<p>A parkolást igénybe vevő köteles az általa más járműben vagy a parkolás-technikai berendezésekben okozott kárért felelősséget vállalni és a kárt megtéríteni.</p>


<div class="wp-block-image">
<figure class="aligncenter size-large is-resized"><a href="https://www.javorszky.hu/wordpress/wp-content/uploads/2025/03/Alaprajz-fel-scaled.jpg"><img loading="lazy" src="https://www.javorszky.hu/wordpress/wp-content/uploads/2025/03/Alaprajz-fel-1024x724.jpg" alt="" class="wp-image-8267" width="1213" height="858" srcset="http://www.javorszky.hu/wordpress/wp-content/uploads/2025/03/Alaprajz-fel-1024x724.jpg 1024w, http://www.javorszky.hu/wordpress/wp-content/uploads/2025/03/Alaprajz-fel-300x212.jpg 300w, http://www.javorszky.hu/wordpress/wp-content/uploads/2025/03/Alaprajz-fel-768x543.jpg 768w, http://www.javorszky.hu/wordpress/wp-content/uploads/2025/03/Alaprajz-fel-1536x1086.jpg 1536w, http://www.javorszky.hu/wordpress/wp-content/uploads/2025/03/Alaprajz-fel-2048x1448.jpg 2048w" sizes="(max-width: 1213px) 100vw, 1213px" /></a><figcaption>Kórház alaprajz</figcaption></figure></div>

<div class="wp-block-image">
<figure class="aligncenter size-large is-resized"><a href="https://www.javorszky.hu/wordpress/wp-content/uploads/2025/03/Alaprajz-fel-ketto-scaled.jpg"><img loading="lazy" src="https://www.javorszky.hu/wordpress/wp-content/uploads/2025/03/Alaprajz-fel-ketto-724x1024.jpg" alt="" class="wp-image-8268" width="792" height="1120" srcset="http://www.javorszky.hu/wordpress/wp-content/uploads/2025/03/Alaprajz-fel-ketto-724x1024.jpg 724w, http://www.javorszky.hu/wordpress/wp-content/uploads/2025/03/Alaprajz-fel-ketto-212x300.jpg 212w, http://www.javorszky.hu/wordpress/wp-content/uploads/2025/03/Alaprajz-fel-ketto-768x1086.jpg 768w, http://www.javorszky.hu/wordpress/wp-content/uploads/2025/03/Alaprajz-fel-ketto-1086x1536.jpg 1086w, http://www.javorszky.hu/wordpress/wp-content/uploads/2025/03/Alaprajz-fel-ketto-1448x2048.jpg 1448w, http://www.javorszky.hu/wordpress/wp-content/uploads/2025/03/Alaprajz-fel-ketto-scaled.jpg 1810w" sizes="(max-width: 792px) 100vw, 792px" /></a></figure></div>

<div class="wp-block-image">
<figure class="aligncenter size-large is-resized"><a href="http://www.javorszky.hu/wordpress/wp-content/uploads/2022/08/eeszt-logo-.jpg"><img loading="lazy" src="http://www.javorszky.hu/wordpress/wp-content/uploads/2022/08/eeszt-logo--1024x494.jpg" alt="" class="wp-image-4481" width="388" height="187" srcset="http://www.javorszky.hu/wordpress/wp-content/uploads/2022/08/eeszt-logo--1024x494.jpg 1024w, http://www.javorszky.hu/wordpress/wp-content/uploads/2022/08/eeszt-logo--300x145.jpg 300w, http://www.javorszky.hu/wordpress/wp-content/uploads/2022/08/eeszt-logo--768x370.jpg 768w, http://www.javorszky.hu/wordpress/wp-content/uploads/2022/08/eeszt-logo--1536x740.jpg 1536w, http://www.javorszky.hu/wordpress/wp-content/uploads/2022/08/eeszt-logo--786x379.jpg 786w, http://www.javorszky.hu/wordpress/wp-content/uploads/2022/08/eeszt-logo-.jpg 1954w" sizes="(max-width: 388px) 100vw, 388px" /></a></figure></div>


<p class="has-text-align-center" style="line-height:1.2"><a href="https://www.eeszt.gov.hu/oldalvalaszto.jsp" data-type="URL" data-id="https://www.eeszt.gov.hu/oldalvalaszto.jsp">Belépés az eeszt rendszerbe </a></p>


<div class="wp-block-image">
<figure class="aligncenter size-full"><a href="https://www.javorszky.hu/wordpress/wp-content/uploads/2025/03/ev.jpg"><img loading="lazy" width="255" height="74" src="https://www.javorszky.hu/wordpress/wp-content/uploads/2025/03/ev.jpg" alt="" class="wp-image-8369"/></a></figure></div>


<p class="has-text-align-center"><a href="https://www.egeszsegvonal.gov.hu/" data-type="URL" data-id="https://www.egeszsegvonal.gov.hu/">Belépés az Egészségvonalra</a></p>



<p></p>

<p>Név: Váci Jávorszky Ödön Kórház Honlap: www.javorszky.hu Cím: 2600 Vác, Argenti Döme tér 1-3. Telefonszám: +36 (27) 620-620 Központi email cím: &#x76;&#x61;&#x63;&#x69;&#107;&#111;&#114;&#104;az&#64;&#x6a;&#x61;&#x76;&#x6f;&#x72;&#115;&#122;&#107;y&#46;h&#x75; Megközelíthetőség: Térkép Tömegközlekedési menetrendek: 4-es busz, 5 és 55 -ös busz Parkolás : Az Intézménybe érkező betegek és hozzátartozók számára ingyenes, kijelölt parkolóhelyek vannak kialakítva a kórház előtti Argenti Döme téren( buszforduló, sziget) [&hellip;]</p>
