{"id":173,"date":"2013-05-22T10:02:11","date_gmt":"2013-05-22T08:02:11","guid":{"rendered":"http:\/\/www.javorszky.hu\/wordpress\/?page_id=173"},"modified":"2026-02-06T10:15:18","modified_gmt":"2026-02-06T09:15:18","slug":"pszichiatria","status":"publish","type":"page","link":"http:\/\/www.javorszky.hu\/wordpress\/?page_id=173","title":{"rendered":"Pszichi\u00e1triai Oszt\u00e1ly"},"content":{"rendered":"\n<p>&nbsp;1974-ben k\u00f3rh\u00e1zunk hotel\u00e9p\u00fclete pszichi\u00e1triai oszt\u00e1lyokkal b\u0151v\u00fclt, a pavilonrendszerben. \u00cdgy j\u00f6tt l\u00e9tre 130 \u00e1ggyal dr. Varga Lajos f\u0151orvos vezet\u00e9s\u00e9vel a II. pszichi\u00e1triai oszt\u00e1ly. Az I. Pszichi\u00e1triai oszt\u00e1ly vezet\u00e9s\u00e9t 1990-t\u0151l dr. Moln\u00e1r Kl\u00e1ra l\u00e1tta el, a II. Pszichi\u00e1triai oszt\u00e1lyt dr. Lesch Gy\u00f6rgy vezette, ami addiktol\u00f3giai profil\u00fa volt. 1999-ben a k\u00e9t pszichi\u00e1triai oszt\u00e1lyt \u00f6sszevont\u00e1k.<\/p>\n\n\n\n<p>Ell\u00e1t\u00e1sunk fel\u00f6leli a ter\u00fclet\u00fcnk\u00f6n el\u0151fordul\u00f3 a pszichi\u00e1triai megbeteged\u00e9sek teljes sk\u00e1l\u00e1j\u00e1t az enyhe szorong\u00e1sos \u00e1llapotokt\u00f3l a hangulati zavarok teljes spektrum\u00e1n \u00e1t a pszichotikus k\u00f3rform\u00e1kig. Az oszt\u00e1lyos kezel\u00e9sek mellett nappali k\u00f3rh\u00e1zi r\u00e9szleg\u00fcnk\u00f6n lehet\u0151s\u00e9g ny\u00edlik a kr\u00f3nikus betegek rehabilit\u00e1ci\u00f3j\u00e1ra. S\u00fcrg\u0151ss\u00e9gi pszichi\u00e1triai ell\u00e1t\u00e1si lehet\u0151ss\u00e9ggel is rendelkez\u00fcnk. Kr\u00f3nikus r\u00e9szleg\u00fcnk\u00f6n az elh\u00faz\u00f3d\u00f3 gy\u00f3gyul\u00e1s\u00fa, illetve egyed\u00fcl\u00e1ll\u00f3, \u00f6nell\u00e1t\u00e1sra k\u00e9ptelen betegek hossz\u00fat\u00e1v\u00fa kezel\u00e9s\u00e9re van lehet\u0151s\u00e9g. Betegeink a szomatikus kivizsg\u00e1l\u00e1s ut\u00e1n pszichodiagnosztikai vizsg\u00e1laton is r\u00e9szt vesznek. A k\u00e9t vizsg\u00e1lat eredm\u00e9nyek\u00e9nt k\u00e9sz\u00fcl el a szem\u00e9lyre szabott korszer\u0171 farmako- \u00e9s pszichoter\u00e1pi\u00e1s terv, melyet team-munk\u00e1ban alak\u00edtunk ki. K\u00fcl\u00f6nb\u00f6z\u0151 r\u00e9szlegeinken minden nap folyik relax\u00e1ci\u00f3, mozg\u00e1s-zene \u00e9s rajzter\u00e1pia, kreat\u00edv foglalkoz\u00e1sok. Napi szinten nagycsoporttal kezd\u0151dik a pszichoter\u00e1pi\u00e1s munka, vizit, majd az egy\u00e9ni- \u00e9s kiscsoportos ter\u00e1pi\u00e1k zajlanak. Betegeinknek lehet\u0151s\u00e9g\u00fck van fizikai \u00e1llapotuknak megfelel\u0151 napi sporttev\u00e9kenys\u00e9g v\u00e9gz\u00e9s\u00e9re, ami szint\u00e9n megk\u00f6nny\u00edti a gyors rehabilit\u00e1ci\u00f3t \u00e9s reszocializ\u00e1ci\u00f3t. Szakambulanci\u00e1nk a h\u00e9t minden munkanapj\u00e1n v\u00e1rja a j\u00e1r\u00f3 betegeket.<\/p>\n\n\n\n<p style=\"line-height:1\"><strong><mark style=\"background-color:rgba(0, 0, 0, 0)\" class=\"has-inline-color has-vivid-cyan-blue-color\">Oszt\u00e1lyvezet\u0151 f\u0151orvos:<\/mark> Dr. Moln\u00e1r K\u00e1roly<\/strong><\/p>\n\n\n\n<p style=\"line-height:1\"><strong><mark style=\"background-color:rgba(0, 0, 0, 0)\" class=\"has-inline-color has-vivid-cyan-blue-color\">Oszt\u00e1lyvezet\u0151 f\u0151\u00e1pol\u00f3:<\/mark> Er\u0151ss Diana<\/strong><\/p>\n\n\n\n<p style=\"line-height:1\"><strong><mark style=\"background-color:rgba(0, 0, 0, 0)\" class=\"has-inline-color has-vivid-cyan-blue-color\">Oszt\u00e1ly helye:<\/mark> \u201eG\u201d pavilon f\u00f6ldszint \u00e9s emelet, \u201eH\u201d pavilon emelet<\/strong><\/p>\n\n\n\n<p class=\"has-vivid-cyan-blue-color has-text-color\" style=\"line-height:1\"><strong>Orvosok:<\/strong><\/p>\n\n\n\n<p style=\"line-height:1\"><strong><em>Dr. Finta \u00c9va<\/em><\/strong> f\u0151orvos<\/p>\n\n\n\n<p style=\"line-height:1\"><strong><em>Dr. Makkai \u00c1gnes<\/em><\/strong> f\u0151orvos<\/p>\n\n\n\n<p style=\"line-height:1\"><strong><em>Dr. G\u00f6lle L\u00e1szl\u00f3<\/em> Istv\u00e1n<\/strong> adjunktus<\/p>\n\n\n\n<p style=\"line-height:1\"><strong><em>Dr. Burovincz Damj\u00e1n<\/em><\/strong> rezidens<\/p>\n\n\n\n<p style=\"line-height:1\"><strong><em>Dr. Teker Ill\u00e9s<\/em><\/strong> rezidens<\/p>\n\n\n\n<p style=\"line-height:1\"><strong><em>Dr. Osv\u00e1th R\u00e9ka<\/em><\/strong> rezidens<\/p>\n\n\n\n<p style=\"line-height:1\"><strong>Dr. Begovics Csilla<\/strong> szakorvos<\/p>\n\n\n\n<p style=\"line-height:1\"><strong>Dr. Reho Alexandra<\/strong> orvos<\/p>\n\n\n\n<p style=\"line-height:1\"><strong><mark style=\"background-color:rgba(0, 0, 0, 0)\" class=\"has-inline-color has-vivid-cyan-blue-color\">Klinikai szakpszichol\u00f3gusok<\/mark><\/strong>:<\/p>\n\n\n\n<p style=\"line-height:1\"><mark style=\"background-color:rgba(0, 0, 0, 0)\" class=\"has-inline-color has-vivid-cyan-blue-color\">Csecsem\u0151 \u00e9s gyermekoszt\u00e1ly<\/mark>:<\/p>\n\n\n\n<p style=\"line-height:1\"><strong><em>Matuszka-Szantner Judit<\/em><\/strong> -klinikai szakpszichol\u00f3gus <\/p>\n\n\n\n<p style=\"line-height:1\"><strong><em>Kal\u00f3czkai \u00c9va <\/em><\/strong>&#8211; pszichol\u00f3gus<\/p>\n\n\n\n<p style=\"line-height:1\"><strong><em>Szab\u00f3-Koll\u00e1r Katalin<\/em><\/strong> &#8211; klinikai szakpszichol\u00f3gus <\/p>\n\n\n\n<p style=\"line-height:1\"><strong><em>Szepesin\u00e9 Thaly Eleon\u00f3ra Anna<\/em><\/strong> &#8211;  klinikai szakpszichol\u00f3gus <\/p>\n\n\n\n<p style=\"line-height:1\"><strong><em>Varga Attila P\u00e9ter<\/em><\/strong> &#8211;  klinikai szakpszichol\u00f3gus <\/p>\n\n\n\n<p style=\"line-height:1\"><mark style=\"background-color:rgba(0, 0, 0, 0)\" class=\"has-inline-color has-vivid-cyan-blue-color\">Mozg\u00e1sszervi Rehabilit\u00e1ci\u00f3s Oszt\u00e1ly <\/mark><\/p>\n\n\n\n<p style=\"line-height:1\"><strong><em>Keglovics Be\u00e1ta M\u00e1ria<\/em><\/strong> &#8211;  klinikai szakpszichol\u00f3gus<\/p>\n","protected":false},"excerpt":{"rendered":"<p>&nbsp;1974-ben k\u00f3rh\u00e1zunk hotel\u00e9p\u00fclete pszichi\u00e1triai oszt\u00e1lyokkal b\u0151v\u00fclt, a pavilonrendszerben. \u00cdgy j\u00f6tt l\u00e9tre 130 \u00e1ggyal dr. Varga Lajos f\u0151orvos vezet\u00e9s\u00e9vel a II. pszichi\u00e1triai oszt\u00e1ly. Az I. Pszichi\u00e1triai oszt\u00e1ly vezet\u00e9s\u00e9t 1990-t\u0151l dr. Moln\u00e1r Kl\u00e1ra l\u00e1tta el, a II. Pszichi\u00e1triai oszt\u00e1lyt dr. Lesch Gy\u00f6rgy vezette, ami addiktol\u00f3giai profil\u00fa volt. 1999-ben a k\u00e9t pszichi\u00e1triai oszt\u00e1lyt \u00f6sszevont\u00e1k. Ell\u00e1t\u00e1sunk fel\u00f6leli a ter\u00fclet\u00fcnk\u00f6n [&hellip;]<\/p>\n","protected":false},"author":1,"featured_media":0,"parent":0,"menu_order":0,"comment_status":"closed","ping_status":"closed","template":"","meta":[],"_links":{"self":[{"href":"http:\/\/www.javorszky.hu\/wordpress\/index.php?rest_route=\/wp\/v2\/pages\/173"}],"collection":[{"href":"http:\/\/www.javorszky.hu\/wordpress\/index.php?rest_route=\/wp\/v2\/pages"}],"about":[{"href":"http:\/\/www.javorszky.hu\/wordpress\/index.php?rest_route=\/wp\/v2\/types\/page"}],"author":[{"embeddable":true,"href":"http:\/\/www.javorszky.hu\/wordpress\/index.php?rest_route=\/wp\/v2\/users\/1"}],"replies":[{"embeddable":true,"href":"http:\/\/www.javorszky.hu\/wordpress\/index.php?rest_route=%2Fwp%2Fv2%2Fcomments&post=173"}],"version-history":[{"count":17,"href":"http:\/\/www.javorszky.hu\/wordpress\/index.php?rest_route=\/wp\/v2\/pages\/173\/revisions"}],"predecessor-version":[{"id":9692,"href":"http:\/\/www.javorszky.hu\/wordpress\/index.php?rest_route=\/wp\/v2\/pages\/173\/revisions\/9692"}],"wp:attachment":[{"href":"http:\/\/www.javorszky.hu\/wordpress\/index.php?rest_route=%2Fwp%2Fv2%2Fmedia&parent=173"}],"curies":[{"name":"wp","href":"https:\/\/api.w.org\/{rel}","templated":true}]}}

Pszichiátriai Osztály

<p>&nbsp;1974-ben kórházunk hotelépülete pszichiátriai osztályokkal bővült, a pavilonrendszerben. Így jött létre 130 ággyal dr. Varga Lajos főorvos vezetésével a II. pszichiátriai osztály. Az I. Pszichiátriai osztály vezetését 1990-től dr. Molnár Klára látta el, a II. Pszichiátriai osztályt dr. Lesch György vezette, ami addiktológiai profilú volt. 1999-ben a két pszichiátriai osztályt összevonták.</p>



<p>Ellátásunk felöleli a területünkön előforduló a pszichiátriai megbetegedések teljes skáláját az enyhe szorongásos állapotoktól a hangulati zavarok teljes spektrumán át a pszichotikus kórformákig. Az osztályos kezelések mellett nappali kórházi részlegünkön lehetőség nyílik a krónikus betegek rehabilitációjára. Sürgősségi pszichiátriai ellátási lehetősséggel is rendelkezünk. Krónikus részlegünkön az elhúzódó gyógyulású, illetve egyedülálló, önellátásra képtelen betegek hosszútávú kezelésére van lehetőség. Betegeink a szomatikus kivizsgálás után pszichodiagnosztikai vizsgálaton is részt vesznek. A két vizsgálat eredményeként készül el a személyre szabott korszerű farmako- és pszichoterápiás terv, melyet team-munkában alakítunk ki. Különböző részlegeinken minden nap folyik relaxáció, mozgás-zene és rajzterápia, kreatív foglalkozások. Napi szinten nagycsoporttal kezdődik a pszichoterápiás munka, vizit, majd az egyéni- és kiscsoportos terápiák zajlanak. Betegeinknek lehetőségük van fizikai állapotuknak megfelelő napi sporttevékenység végzésére, ami szintén megkönnyíti a gyors rehabilitációt és reszocializációt. Szakambulanciánk a hét minden munkanapján várja a járó betegeket.</p>



<p style="line-height:1"><strong><mark style="background-color:rgba(0, 0, 0, 0)" class="has-inline-color has-vivid-cyan-blue-color">Osztályvezető főorvos:</mark> Dr. Molnár Károly</strong></p>



<p style="line-height:1"><strong><mark style="background-color:rgba(0, 0, 0, 0)" class="has-inline-color has-vivid-cyan-blue-color">Osztályvezető főápoló:</mark> Erőss Diana</strong></p>



<p style="line-height:1"><strong><mark style="background-color:rgba(0, 0, 0, 0)" class="has-inline-color has-vivid-cyan-blue-color">Osztály helye:</mark> „G” pavilon földszint és emelet, „H” pavilon emelet</strong></p>



<p class="has-vivid-cyan-blue-color has-text-color" style="line-height:1"><strong>Orvosok:</strong></p>



<p style="line-height:1"><strong><em>Dr. Finta Éva</em></strong> főorvos</p>



<p style="line-height:1"><strong><em>Dr. Makkai Ágnes</em></strong> főorvos</p>



<p style="line-height:1"><strong><em>Dr. Gölle László</em> István</strong> adjunktus</p>



<p style="line-height:1"><strong><em>Dr. Burovincz Damján</em></strong> rezidens</p>



<p style="line-height:1"><strong><em>Dr. Teker Illés</em></strong> rezidens</p>



<p style="line-height:1"><strong><em>Dr. Osváth Réka</em></strong> rezidens</p>



<p style="line-height:1"><strong>Dr. Begovics Csilla</strong> szakorvos</p>



<p style="line-height:1"><strong>Dr. Reho Alexandra</strong> orvos</p>



<p style="line-height:1"><strong><mark style="background-color:rgba(0, 0, 0, 0)" class="has-inline-color has-vivid-cyan-blue-color">Klinikai szakpszichológusok</mark></strong>:</p>



<p style="line-height:1"><mark style="background-color:rgba(0, 0, 0, 0)" class="has-inline-color has-vivid-cyan-blue-color">Csecsemő és gyermekosztály</mark>:</p>



<p style="line-height:1"><strong><em>Matuszka-Szantner Judit</em></strong> -klinikai szakpszichológus </p>



<p style="line-height:1"><strong><em>Kalóczkai Éva </em></strong>&#8211; pszichológus</p>



<p style="line-height:1"><strong><em>Szabó-Kollár Katalin</em></strong> &#8211; klinikai szakpszichológus </p>



<p style="line-height:1"><strong><em>Szepesiné Thaly Eleonóra Anna</em></strong> &#8211;  klinikai szakpszichológus </p>



<p style="line-height:1"><strong><em>Varga Attila Péter</em></strong> &#8211;  klinikai szakpszichológus </p>



<p style="line-height:1"><mark style="background-color:rgba(0, 0, 0, 0)" class="has-inline-color has-vivid-cyan-blue-color">Mozgásszervi Rehabilitációs Osztály </mark></p>



<p style="line-height:1"><strong><em>Keglovics Beáta Mária</em></strong> &#8211;  klinikai szakpszichológus</p>

<p>&nbsp;1974-ben kórházunk hotelépülete pszichiátriai osztályokkal bővült, a pavilonrendszerben. Így jött létre 130 ággyal dr. Varga Lajos főorvos vezetésével a II. pszichiátriai osztály. Az I. Pszichiátriai osztály vezetését 1990-től dr. Molnár Klára látta el, a II. Pszichiátriai osztályt dr. Lesch György vezette, ami addiktológiai profilú volt. 1999-ben a két pszichiátriai osztályt összevonták. Ellátásunk felöleli a területünkön [&hellip;]</p>
