{"id":182,"date":"2013-05-22T10:09:32","date_gmt":"2013-05-22T08:09:32","guid":{"rendered":"http:\/\/www.javorszky.hu\/wordpress\/?page_id=182"},"modified":"2022-05-31T12:34:13","modified_gmt":"2022-05-31T10:34:13","slug":"korhazhigienes-szolgalat","status":"publish","type":"page","link":"http:\/\/www.javorszky.hu\/wordpress\/?page_id=182","title":{"rendered":"K\u00f3rh\u00e1zhigi\u00e9n\u00e9s Szolg\u00e1lat"},"content":{"rendered":"\n<p>Higi\u00e9n\u00e9s Szolg\u00e1lat a k\u00f3rh\u00e1z megnyit\u00e1sa \u00f3ta (1970) m\u0171k\u00f6dik az int\u00e9zetben. Az els\u0151 higi\u00e9nikus f\u0151orvos Dr. K\u0151r\u00f6s K\u00e1roly volt, aki ezt a feladatot 1981- g l\u00e1tta el. Majd \u00e1tmenetileg Dr. Nagy Endre a K\u00f6zponti Laborat\u00f3rium vezet\u0151je \u00e9s Dr. Kov\u00e1cs Imre f\u0151gy\u00f3gyszer\u00e9sz l\u00e1tta el a munk\u00e1t. Dr. P\u00e9ter Judit a Csecsem\u0151-\u00e9s Gyermekgy\u00f3gy\u00e1szati oszt\u00e1ly vezet\u0151je 1982 \u00e9s 1990 k\u00f6z\u00f6tt, 1991- 93- ig pedig Dr. Bartha Gy\u00f6rgyi belgy\u00f3gy\u00e1sz szakorvos volt a k\u00f3rh\u00e1zhigi\u00e9nikus f\u0151orvos. Dr. K\u0151halmi Margit k\u00f6zeg\u00e9szs\u00e9gtan- j\u00e1rv\u00e1nytan szakorvos 1993 j\u00faniusa \u00f3ta vezeti a K\u00f3rh\u00e1zhigi\u00e9n\u00e9s oszt\u00e1lyt.<\/p>\n\n\n\n<p>Az oszt\u00e1ly feladata a beteg ell\u00e1t\u00e1s, a diagnosztikus, a ter\u00e1pi\u00e1s tev\u00e9kenys\u00e9gek, az \u00e1pol\u00e1si folyamatok t\u00e1rgyi \u00e9s szem\u00e9lyi felt\u00e9telei biztos\u00edt\u00e1s\u00e1nak az ellen\u0151rz\u00e9se, a beteg ell\u00e1t\u00e1s sor\u00e1n a szakmai \u00e9s a higi\u00e9n\u00e9s el\u0151\u00edr\u00e1sok betart\u00e1s\u00e1nak a fel\u00fcgyelete. Az eg\u00e9szs\u00e9g\u00fcgyi ell\u00e1t\u00e1ssal \u00f6sszef\u00fcgg\u0151 (nosocomialis) fert\u0151z\u00e9sek fel\u00fcgyelet\u00e9nek a rendszer\u00e9t 1995- ben kezdt\u00fck el ki\u00e9p\u00edteni. El\u0151sz\u00f6r a m\u0171t\u00e9tes oszt\u00e1lyokon vezett\u00fcnk be minden fert\u0151z\u00e9sre kiterjed\u0151, folyamatos adat gy\u0171jt\u00e9st, majd 2005- l a belgy\u00f3gy\u00e1szati jelleg\u0171 oszt\u00e1lyokon is siker\u00fclt az id\u0151szakos adatgy\u0171jt\u00e9s bevezet\u00e9se. A gy\u0171jt\u00f6tt adatokat \u00e9vente illet\u0151leg az adat gy\u0171jt\u00e9si id\u0151szak v\u00e9g\u00e9n elemezz\u00fck \u00e9s az eredm\u00e9nyekr\u0151l t\u00e1j\u00e9koztatjuk az oszt\u00e1lyokat. Az eg\u00e9szs\u00e9g\u00fcgyi ell\u00e1t\u00e1ssal \u00f6sszef\u00fcgg\u00e9sben kialakul\u00f3 fert\u0151z\u00e9seknek a beteg forgalomhoz viszony\u00edtott gyakoris\u00e1ga, k\u00f3rh\u00e1zunkban, az irodalmi adatokhoz hasonl\u00f3.<\/p>\n\n\n\n<p><\/p>\n\n\n\n<p><strong><span class=\"has-inline-color has-vivid-cyan-blue-color\">N\u00e9peg\u00e9szs\u00e9g\u00fcgyi ellen\u0151r:\u00a0<\/span>\u00a0Bach\u00e1t-Kerezsi No\u00e9mi<\/strong><\/p>\n\n\n\n<p><strong><span class=\"has-inline-color has-vivid-cyan-blue-color\">Helye:<\/span> <\/strong>K\u00f3rh\u00e1z f\u00f6ldszint<\/p>\n","protected":false},"excerpt":{"rendered":"<p>Higi\u00e9n\u00e9s Szolg\u00e1lat a k\u00f3rh\u00e1z megnyit\u00e1sa \u00f3ta (1970) m\u0171k\u00f6dik az int\u00e9zetben. Az els\u0151 higi\u00e9nikus f\u0151orvos Dr. K\u0151r\u00f6s K\u00e1roly volt, aki ezt a feladatot 1981- g l\u00e1tta el. Majd \u00e1tmenetileg Dr. Nagy Endre a K\u00f6zponti Laborat\u00f3rium vezet\u0151je \u00e9s Dr. Kov\u00e1cs Imre f\u0151gy\u00f3gyszer\u00e9sz l\u00e1tta el a munk\u00e1t. Dr. P\u00e9ter Judit a Csecsem\u0151-\u00e9s Gyermekgy\u00f3gy\u00e1szati oszt\u00e1ly vezet\u0151je 1982 \u00e9s 1990 [&hellip;]<\/p>\n","protected":false},"author":1,"featured_media":0,"parent":0,"menu_order":0,"comment_status":"closed","ping_status":"closed","template":"","meta":[],"_links":{"self":[{"href":"http:\/\/www.javorszky.hu\/wordpress\/index.php?rest_route=\/wp\/v2\/pages\/182"}],"collection":[{"href":"http:\/\/www.javorszky.hu\/wordpress\/index.php?rest_route=\/wp\/v2\/pages"}],"about":[{"href":"http:\/\/www.javorszky.hu\/wordpress\/index.php?rest_route=\/wp\/v2\/types\/page"}],"author":[{"embeddable":true,"href":"http:\/\/www.javorszky.hu\/wordpress\/index.php?rest_route=\/wp\/v2\/users\/1"}],"replies":[{"embeddable":true,"href":"http:\/\/www.javorszky.hu\/wordpress\/index.php?rest_route=%2Fwp%2Fv2%2Fcomments&post=182"}],"version-history":[{"count":9,"href":"http:\/\/www.javorszky.hu\/wordpress\/index.php?rest_route=\/wp\/v2\/pages\/182\/revisions"}],"predecessor-version":[{"id":3449,"href":"http:\/\/www.javorszky.hu\/wordpress\/index.php?rest_route=\/wp\/v2\/pages\/182\/revisions\/3449"}],"wp:attachment":[{"href":"http:\/\/www.javorszky.hu\/wordpress\/index.php?rest_route=%2Fwp%2Fv2%2Fmedia&parent=182"}],"curies":[{"name":"wp","href":"https:\/\/api.w.org\/{rel}","templated":true}]}}