{"id":188,"date":"2013-05-22T10:13:29","date_gmt":"2013-05-22T08:13:29","guid":{"rendered":"http:\/\/www.javorszky.hu\/wordpress\/?page_id=188"},"modified":"2026-02-06T10:16:34","modified_gmt":"2026-02-06T09:16:34","slug":"sbo-surgos-betegellato-osztaly","status":"publish","type":"page","link":"http:\/\/www.javorszky.hu\/wordpress\/?page_id=188","title":{"rendered":"SBO &#8211; S\u00fcrg\u0151ss\u00e9gi Betegell\u00e1t\u00f3 Oszt\u00e1ly"},"content":{"rendered":"\n<p>1981 \u00f3ta m\u0171k\u00f6dik akut s\u00fcrg\u0151ss\u00e9gi ell\u00e1t\u00e1s k\u00f3rh\u00e1zunkban. A s\u00fcrg\u0151ss\u00e9gi ell\u00e1t\u00e1s az akut jelleg\u0171 progressz\u00edv ell\u00e1t\u00e1s integrat\u00edv eleme, egy folyamatos k\u00e9szenl\u00e9tben m\u0171k\u00f6d\u0151, az akut eg\u00e9szs\u00e9gk\u00e1rosod\u00e1s ell\u00e1t\u00e1s\u00e1t, differenci\u00e1l diagnosztik\u00e1j\u00e1t garant\u00e1l\u00f3 szakma. A s\u00fcrg\u0151ss\u00e9gi oszt\u00e1ly egy, a k\u00f3rh\u00e1z \u201ekapuj\u00e1hoz\u201c telep\u00edtett interdiszciplin\u00e1ris betegell\u00e1t\u00f3 oszt\u00e1ly. Elhelyez\u00e9s\u00e9vel, felszerel\u00e9s\u00e9vel, m\u0171szerparkj\u00e1val a beteg legink\u00e1bb hat\u00e9kony, azonnali \u00e9s leggazdas\u00e1gosabb ell\u00e1t\u00e1sa itt t\u00f6rt\u00e9nhet. \u00cdgy kisebb helyen, azonban j\u00f3l felszerelt oszt\u00e1lyon gyakorlott szakemberek l\u00e1thatj\u00e1k el a s\u00fcrg\u0151ss\u00e9gi ell\u00e1t\u00e1sra szorul\u00f3kat.<\/p>\n\n\n\n<p>Feladatunk: folyamatos k\u00e9szenl\u00e9t, els\u0151dleges betegell\u00e1t\u00e1s, \u00e1llapotstabiliz\u00e1l\u00e1s, differenci\u00e1l diagnosztika, ambul\u00e1ns k\u00f3rk\u00e9pek definit\u00edv ell\u00e1t\u00e1sa, a betegek tov\u00e1bbir\u00e1ny\u00edt\u00e1sa a megfelel\u0151 fekv\u0151beteg oszt\u00e1lyra, biztons\u00e1gos transzport garanci\u00e1ja, prehospit\u00e1lis kapcsolat kialak\u00edt\u00e1sa, fenntart\u00e1sa, oktat\u00e1s.<\/p>\n\n\n\n<p style=\"line-height:1\"><strong>A S\u00fcrg\u0151ss\u00e9gi betegell\u00e1t\u00e1s:<\/strong><\/p>\n\n\n\n<p style=\"line-height:1\">* biztons\u00e1gosabb, gyorsabb, jobban szervezett, hat\u00e9konyabb, mintha a betegek k\u00f6zvetlen\u00fcl a k\u00f3rh\u00e1z valamelyik oszt\u00e1ly\u00e1ra ker\u00fcln\u00e9nek,<\/p>\n\n\n\n<p style=\"line-height:1\">* az azonnali, invaz\u00edv beavatkoz\u00e1st ig\u00e9nyl\u0151 betegeket (pl. sz\u00edvizomelhal\u00e1s) k\u00f6zvetlen\u00fcl a definit\u00edv ell\u00e1t\u00f3 helyre juttatja,<\/p>\n\n\n\n<p style=\"line-height:1\">* a k\u00f3rh\u00e1zi felv\u00e9telt nem ig\u00e9nyl\u0151 betegeket az oszt\u00e1ly kisz\u0171ri, \u00e9s ell\u00e1t\u00e1suk ut\u00e1n az alapell\u00e1t\u00e1sba visszautalja,<\/p>\n\n\n\n<p style=\"line-height:1\">* az els\u0151dleges diagnosztikus munk\u00e1t \u00e1tv\u00e1llalja, ezzel a fekv\u0151beteg oszt\u00e1lyokat tehermentes\u00edti,<\/p>\n\n\n\n<p style=\"line-height:1\">* tev\u00e9kenys\u00e9g\u00e9vel a betegmozgat\u00e1s l\u00e9nyegesen besz\u0171k\u00edthet\u0151,<\/p>\n\n\n\n<p style=\"line-height:1\">* megval\u00f3s\u00edtja az egyir\u00e1ny\u00fa beteg\u00e1raml\u00e1st,<\/p>\n\n\n\n<p style=\"line-height:1\">* hozz\u00e1j\u00e1rul az \u00e1pol\u00e1si id\u0151 ler\u00f6vid\u00fcl\u00e9s\u00e9hez,<\/p>\n\n\n\n<p style=\"line-height:1\">* tev\u00e9kenys\u00e9g\u00e9vel az \u00fcgyeleti rend \u00e9sszer\u0171s\u00f6dik, sz\u00e1mos szakm\u00e1nak csak k\u00e9szenl\u00e9ti \u00fcgyeletet kell adnia a k\u00f3rh\u00e1zban,<\/p>\n\n\n\n<p style=\"line-height:1\">* sz\u00fcks\u00e9g eset\u00e9n biztons\u00e1gi h\u00e1tteret ny\u00fajt a k\u00f3rh\u00e1zban kialakul\u00f3 akut k\u00f3rk\u00e9pek ell\u00e1t\u00e1s\u00e1hoz.<\/p>\n\n\n\n<p style=\"line-height:1\"><strong><mark style=\"background-color:rgba(0, 0, 0, 0)\" class=\"has-inline-color has-vivid-cyan-blue-color\">Oszt\u00e1lyvezet\u0151  :<\/mark> Dr. Schoffer Attila<\/strong><\/p>\n\n\n\n<p style=\"line-height:1\"><strong><span class=\"has-inline-color has-vivid-cyan-blue-color\">Oszt\u00e1lyvezet\u0151 f\u0151\u00e1pol\u00f3:<\/span> Kiss L\u00e1szl\u00f3<\/strong><\/p>\n\n\n\n<p style=\"line-height:1\"><strong><mark style=\"background-color:rgba(0, 0, 0, 0)\" class=\"has-inline-color has-vivid-cyan-blue-color\">Oszt\u00e1ly helye:<\/mark> K\u00f3rh\u00e1z, f\u00f6ldszint<\/strong><\/p>\n\n\n\n<p class=\"has-vivid-cyan-blue-color has-text-color\" style=\"line-height:1\"><strong>Orvosok:<\/strong><\/p>\n\n\n\n<p style=\"line-height:1\"><strong>Dr. Kmettty Anna<\/strong> adjunktus<\/p>\n\n\n\n<p style=\"line-height:1\"><strong>Dr. Babics Tekla <\/strong>szakorvos<\/p>\n\n\n\n<p style=\"line-height:1\"><strong>Dr. G\u00f3czi\u00e1n L\u00e1szl\u00f3<\/strong> f\u0151orvos<\/p>\n\n\n\n<p style=\"line-height:1\"><strong>Dr. Gy\u00fcrky G\u00e1bor<\/strong> f\u0151orvos<\/p>\n\n\n\n<p style=\"line-height:1\"><strong>Dr. Rig\u00f3 Gabriella <\/strong>f\u0151orvos<\/p>\n\n\n\n<p style=\"line-height:1\"><strong>Dr. V\u00f6r\u00f6s Zs\u00f3fia <\/strong>f\u0151orvos<\/p>\n\n\n\n<p style=\"line-height:1\"><strong>Dr. Tatai Orsolya<\/strong> szakorvos<\/p>\n\n\n\n<p style=\"line-height:1\"><strong>Dr. Moln\u00e1r Levente<\/strong> szakorvos<\/p>\n\n\n\n<p style=\"line-height:1\"><strong>Dr. Hoffmann Henrik<\/strong> orvos<\/p>\n\n\n\n<p style=\"line-height:1\"><strong>Dr. K\u00e9zdy Borb\u00e1la<\/strong> orvos<\/p>\n\n\n\n<p style=\"line-height:1\"><strong>Dr. Kramlik Annam\u00e1ria<\/strong> szakorvos<\/p>\n\n\n\n<p style=\"line-height:1\"><strong>Dr. Liebhardt \u00c1gnes<\/strong> orvos<\/p>\n\n\n\n<p style=\"line-height:1\"><strong>Dr. Guba P\u00e9ter<\/strong> orvos<\/p>\n\n\n\n<p><\/p>\n\n\n\n<hr class=\"wp-block-separator has-css-opacity\"\/>\n\n\n<div class=\"wp-block-image\">\n<figure class=\"aligncenter size-large\"><a href=\"https:\/\/www.javorszky.hu\/wordpress\/wp-content\/uploads\/2025\/08\/10-javitott.jpg\"><img loading=\"lazy\" width=\"724\" height=\"1024\" src=\"https:\/\/www.javorszky.hu\/wordpress\/wp-content\/uploads\/2025\/08\/10-javitott-724x1024.jpg\" alt=\"\" class=\"wp-image-8929\" srcset=\"http:\/\/www.javorszky.hu\/wordpress\/wp-content\/uploads\/2025\/08\/10-javitott-724x1024.jpg 724w, http:\/\/www.javorszky.hu\/wordpress\/wp-content\/uploads\/2025\/08\/10-javitott-212x300.jpg 212w, http:\/\/www.javorszky.hu\/wordpress\/wp-content\/uploads\/2025\/08\/10-javitott-768x1086.jpg 768w, http:\/\/www.javorszky.hu\/wordpress\/wp-content\/uploads\/2025\/08\/10-javitott-1086x1536.jpg 1086w, http:\/\/www.javorszky.hu\/wordpress\/wp-content\/uploads\/2025\/08\/10-javitott.jpg 1414w\" sizes=\"(max-width: 724px) 100vw, 724px\" \/><\/a><\/figure><\/div>","protected":false},"excerpt":{"rendered":"<p>1981 \u00f3ta m\u0171k\u00f6dik akut s\u00fcrg\u0151ss\u00e9gi ell\u00e1t\u00e1s k\u00f3rh\u00e1zunkban. A s\u00fcrg\u0151ss\u00e9gi ell\u00e1t\u00e1s az akut jelleg\u0171 progressz\u00edv ell\u00e1t\u00e1s integrat\u00edv eleme, egy folyamatos k\u00e9szenl\u00e9tben m\u0171k\u00f6d\u0151, az akut eg\u00e9szs\u00e9gk\u00e1rosod\u00e1s ell\u00e1t\u00e1s\u00e1t, differenci\u00e1l diagnosztik\u00e1j\u00e1t garant\u00e1l\u00f3 szakma. A s\u00fcrg\u0151ss\u00e9gi oszt\u00e1ly egy, a k\u00f3rh\u00e1z \u201ekapuj\u00e1hoz\u201c telep\u00edtett interdiszciplin\u00e1ris betegell\u00e1t\u00f3 oszt\u00e1ly. Elhelyez\u00e9s\u00e9vel, felszerel\u00e9s\u00e9vel, m\u0171szerparkj\u00e1val a beteg legink\u00e1bb hat\u00e9kony, azonnali \u00e9s leggazdas\u00e1gosabb ell\u00e1t\u00e1sa itt t\u00f6rt\u00e9nhet. \u00cdgy kisebb [&hellip;]<\/p>\n","protected":false},"author":1,"featured_media":0,"parent":0,"menu_order":0,"comment_status":"closed","ping_status":"closed","template":"","meta":[],"_links":{"self":[{"href":"http:\/\/www.javorszky.hu\/wordpress\/index.php?rest_route=\/wp\/v2\/pages\/188"}],"collection":[{"href":"http:\/\/www.javorszky.hu\/wordpress\/index.php?rest_route=\/wp\/v2\/pages"}],"about":[{"href":"http:\/\/www.javorszky.hu\/wordpress\/index.php?rest_route=\/wp\/v2\/types\/page"}],"author":[{"embeddable":true,"href":"http:\/\/www.javorszky.hu\/wordpress\/index.php?rest_route=\/wp\/v2\/users\/1"}],"replies":[{"embeddable":true,"href":"http:\/\/www.javorszky.hu\/wordpress\/index.php?rest_route=%2Fwp%2Fv2%2Fcomments&post=188"}],"version-history":[{"count":18,"href":"http:\/\/www.javorszky.hu\/wordpress\/index.php?rest_route=\/wp\/v2\/pages\/188\/revisions"}],"predecessor-version":[{"id":9694,"href":"http:\/\/www.javorszky.hu\/wordpress\/index.php?rest_route=\/wp\/v2\/pages\/188\/revisions\/9694"}],"wp:attachment":[{"href":"http:\/\/www.javorszky.hu\/wordpress\/index.php?rest_route=%2Fwp%2Fv2%2Fmedia&parent=188"}],"curies":[{"name":"wp","href":"https:\/\/api.w.org\/{rel}","templated":true}]}}

SBO &#8211; Sürgősségi Betegellátó Osztály

<p>1981 óta működik akut sürgősségi ellátás kórházunkban. A sürgősségi ellátás az akut jellegű progresszív ellátás integratív eleme, egy folyamatos készenlétben működő, az akut egészségkárosodás ellátását, differenciál diagnosztikáját garantáló szakma. A sürgősségi osztály egy, a kórház „kapujához“ telepített interdiszciplináris betegellátó osztály. Elhelyezésével, felszerelésével, műszerparkjával a beteg leginkább hatékony, azonnali és leggazdaságosabb ellátása itt történhet. Így kisebb helyen, azonban jól felszerelt osztályon gyakorlott szakemberek láthatják el a sürgősségi ellátásra szorulókat.</p>



<p>Feladatunk: folyamatos készenlét, elsődleges betegellátás, állapotstabilizálás, differenciál diagnosztika, ambuláns kórképek definitív ellátása, a betegek továbbirányítása a megfelelő fekvőbeteg osztályra, biztonságos transzport garanciája, prehospitális kapcsolat kialakítása, fenntartása, oktatás.</p>



<p style="line-height:1"><strong>A Sürgősségi betegellátás:</strong></p>



<p style="line-height:1">* biztonságosabb, gyorsabb, jobban szervezett, hatékonyabb, mintha a betegek közvetlenül a kórház valamelyik osztályára kerülnének,</p>



<p style="line-height:1">* az azonnali, invazív beavatkozást igénylő betegeket (pl. szívizomelhalás) közvetlenül a definitív ellátó helyre juttatja,</p>



<p style="line-height:1">* a kórházi felvételt nem igénylő betegeket az osztály kiszűri, és ellátásuk után az alapellátásba visszautalja,</p>



<p style="line-height:1">* az elsődleges diagnosztikus munkát átvállalja, ezzel a fekvőbeteg osztályokat tehermentesíti,</p>



<p style="line-height:1">* tevékenységével a betegmozgatás lényegesen beszűkíthető,</p>



<p style="line-height:1">* megvalósítja az egyirányú betegáramlást,</p>



<p style="line-height:1">* hozzájárul az ápolási idő lerövidüléséhez,</p>



<p style="line-height:1">* tevékenységével az ügyeleti rend ésszerűsödik, számos szakmának csak készenléti ügyeletet kell adnia a kórházban,</p>



<p style="line-height:1">* szükség esetén biztonsági hátteret nyújt a kórházban kialakuló akut kórképek ellátásához.</p>



<p style="line-height:1"><strong><mark style="background-color:rgba(0, 0, 0, 0)" class="has-inline-color has-vivid-cyan-blue-color">Osztályvezető  :</mark> Dr. Schoffer Attila</strong></p>



<p style="line-height:1"><strong><span class="has-inline-color has-vivid-cyan-blue-color">Osztályvezető főápoló:</span> Kiss László</strong></p>



<p style="line-height:1"><strong><mark style="background-color:rgba(0, 0, 0, 0)" class="has-inline-color has-vivid-cyan-blue-color">Osztály helye:</mark> Kórház, földszint</strong></p>



<p class="has-vivid-cyan-blue-color has-text-color" style="line-height:1"><strong>Orvosok:</strong></p>



<p style="line-height:1"><strong>Dr. Kmettty Anna</strong> adjunktus</p>



<p style="line-height:1"><strong>Dr. Babics Tekla </strong>szakorvos</p>



<p style="line-height:1"><strong>Dr. Góczián László</strong> főorvos</p>



<p style="line-height:1"><strong>Dr. Gyürky Gábor</strong> főorvos</p>



<p style="line-height:1"><strong>Dr. Rigó Gabriella </strong>főorvos</p>



<p style="line-height:1"><strong>Dr. Vörös Zsófia </strong>főorvos</p>



<p style="line-height:1"><strong>Dr. Tatai Orsolya</strong> szakorvos</p>



<p style="line-height:1"><strong>Dr. Molnár Levente</strong> szakorvos</p>



<p style="line-height:1"><strong>Dr. Hoffmann Henrik</strong> orvos</p>



<p style="line-height:1"><strong>Dr. Kézdy Borbála</strong> orvos</p>



<p style="line-height:1"><strong>Dr. Kramlik Annamária</strong> szakorvos</p>



<p style="line-height:1"><strong>Dr. Liebhardt Ágnes</strong> orvos</p>



<p style="line-height:1"><strong>Dr. Guba Péter</strong> orvos</p>



<p></p>



<hr class="wp-block-separator has-css-opacity"/>


<div class="wp-block-image">
<figure class="aligncenter size-large"><a href="https://www.javorszky.hu/wordpress/wp-content/uploads/2025/08/10-javitott.jpg"><img loading="lazy" width="724" height="1024" src="https://www.javorszky.hu/wordpress/wp-content/uploads/2025/08/10-javitott-724x1024.jpg" alt="" class="wp-image-8929" srcset="http://www.javorszky.hu/wordpress/wp-content/uploads/2025/08/10-javitott-724x1024.jpg 724w, http://www.javorszky.hu/wordpress/wp-content/uploads/2025/08/10-javitott-212x300.jpg 212w, http://www.javorszky.hu/wordpress/wp-content/uploads/2025/08/10-javitott-768x1086.jpg 768w, http://www.javorszky.hu/wordpress/wp-content/uploads/2025/08/10-javitott-1086x1536.jpg 1086w, http://www.javorszky.hu/wordpress/wp-content/uploads/2025/08/10-javitott.jpg 1414w" sizes="(max-width: 724px) 100vw, 724px" /></a></figure></div>

<p>1981 óta működik akut sürgősségi ellátás kórházunkban. A sürgősségi ellátás az akut jellegű progresszív ellátás integratív eleme, egy folyamatos készenlétben működő, az akut egészségkárosodás ellátását, differenciál diagnosztikáját garantáló szakma. A sürgősségi osztály egy, a kórház „kapujához“ telepített interdiszciplináris betegellátó osztály. Elhelyezésével, felszerelésével, műszerparkjával a beteg leginkább hatékony, azonnali és leggazdaságosabb ellátása itt történhet. Így kisebb [&hellip;]</p>
