{"id":189,"date":"2013-05-22T10:14:19","date_gmt":"2013-05-22T08:14:19","guid":{"rendered":"http:\/\/www.javorszky.hu\/wordpress\/?page_id=189"},"modified":"2026-04-21T09:59:49","modified_gmt":"2026-04-21T07:59:49","slug":"bor-es-nemibeteg-gondozo-intezet","status":"publish","type":"page","link":"http:\/\/www.javorszky.hu\/wordpress\/?page_id=189","title":{"rendered":"B\u0151r- \u00e9s nemibeteg gondoz\u00f3"},"content":{"rendered":"\n<p>A nemibetegek gondoz\u00e1sa v\u00e1rosunkban 1943-ban kezd\u0151d\u00f6tt a Huber-kast\u00e9lyban, dr. Akkermann J\u00e1nos kezdem\u00e9nyez\u00e9se nyom\u00e1n, eleinte a T\u00fcd\u0151gondoz\u00f3val k\u00f6z\u00f6sen. A h\u00e1bor\u00fat k\u00f6vet\u0151en a r\u00e9gi k\u00f3rh\u00e1z f\u00f6ldszintj\u00e9re k\u00f6lt\u00f6ztett\u00e9k \u00e1t. 1946-ban az E\u00f6tv\u00f6s \u00faton a gr\u00f3f Ser\u00e9nyi vill\u00e1ba, 1995-ben a k\u00faria \u00e9p\u00fclet\u00e9be, 1962-ben vissza a Ser\u00e9nyi vill\u00e1ba, majd 1970-ben ism\u00e9t a r\u00e9gi k\u00f3rh\u00e1z f\u00f6ldszintj\u00e9re helyezt\u00e9k \u00e1t. 1950-ben dr. Kerek Ferenc lett a gondoz\u00f3 f\u0151orvosa, 1952-t\u0151l m\u00e1r b\u0151rbetegeket is ell\u00e1tt\u00e1k. 1973-t\u00f3l dr. Simon J\u00f3zsefet nevezt\u00e9k ki az int\u00e9zet vezet\u0151 f\u0151orvos\u00e1v\u00e1, 1975 m\u00e1jus\u00e1t\u00f3l ker\u00fclt mell\u00e9 dr. S\u00e1rk\u00f6zi Julianna f\u0151orvos. \u0150k ketten vitt\u00e9k az int\u00e9zetet csaknem h\u00e1rom \u00e9vtizeden kereszt\u00fcl. 1999-t\u0151l dr. Kleszky Mikl\u00f3st nevezt\u00e9k ki vezet\u0151 f\u0151orvoss\u00e1. A r\u00e9szleg feladata a k\u00f3rh\u00e1z felvev\u0151ter\u00fclet\u00e9hez tartoz\u00f3 b\u0151rbetegek, valamint nemibetegek ambul\u00e1ns ell\u00e1t\u00e1sa. Elv\u00e9gz\u00fcnk minden olyan eszk\u00f6z\u00f6s b\u0151rgy\u00f3gy\u00e1szati beavatkoz\u00e1st, ami ambulanter felv\u00e1llalhat\u00f3. A sz\u00f6vettani vizsg\u00e1latok k\u00f3rh\u00e1zunkban t\u00f6rt\u00e9nnek, a sz\u00fcks\u00e9gess\u00e9 v\u00e1l\u00f3 belgy\u00f3gy\u00e1szati kivizsg\u00e1l\u00e1sokat ak\u00e1r j\u00e1r\u00f3-, ak\u00e1r &nbsp;fekv\u0151betegk\u00e9nt k\u00f3rh\u00e1zunkban kezdem\u00e9nyez\u00fcnk. A ter\u00fcletileg illet\u00e9kes megyei fekv\u0151beteg-b\u0151roszt\u00e1lyra olyan b\u0151rbetegek ker\u00fclnek, akik kifejezetten b\u0151rgy\u00f3gy\u00e1szati szak\u00e1pol\u00e1st ig\u00e9nyelnek. Speci\u00e1lis vizsg\u00e1latok, magasabb b\u0151rgy\u00f3gy\u00e1szati konz\u00edliumok tekintet\u00e9ben a budapesti B\u0151rgy\u00f3gy\u00e1szati Klinik\u00e1ra t\u00e1maszkodunk.<\/p>\n\n\n\n<p class=\"has-vivid-cyan-blue-color has-text-color\"><strong>A szakrendel\u00e9s beutal\u00f3 n\u00e9lk\u00fcl is ig\u00e9nybe vehet\u0151<\/strong>, <strong>de k\u00f6zponti el\u0151jegyz\u00e9s sz\u00fcks\u00e9ges<\/strong>!<\/p>\n\n\n\n<h5 class=\"has-black-color has-text-color\"><strong>El\u0151jegyz\u00e9s:<\/strong>  <strong><mark style=\"background-color:rgba(0, 0, 0, 0)\" class=\"has-inline-color has-vivid-cyan-blue-color\">0627\/620-676,0627\/620-677 vagy <\/mark><\/strong> e&#108;&#x6f;&#x6a;e&#103;&#x79;&#x7a;e&#115;&#x40;&#x6a;a&#118;&#x6f;&#x72;s&#122;&#x6b;&#x79;&#46;&#104;&#117;<\/h5>\n\n\n\n<p><strong>Rendel\u00e9s helye<\/strong>:<strong><mark style=\"background-color:rgba(0, 0, 0, 0)\" class=\"has-inline-color has-vivid-cyan-blue-color\"> Szakrendel\u0151 II. emelet R210 rendel\u0151<\/mark><\/strong> (v\u00e1r\u00f3terem)<\/p>\n\n\n\n<p><strong>Telefonos el\u00e9rhet\u0151s\u00e9g:<\/strong> + 36 27 620 620 \/<strong>1482<\/strong><\/p>\n\n\n\n<figure class=\"wp-block-table is-style-stripes has-medium-font-size\"><table class=\"has-black-color has-pale-cyan-blue-background-color has-text-color has-background\"><thead><tr><th class=\"has-text-align-left\" data-align=\"left\"><strong>Orvos<\/strong><\/th><th><strong>H\u00e9tf\u0151<\/strong><\/th><th><strong>Kedd<\/strong><\/th><th><strong>Szerda<\/strong><\/th><th><strong>Cs\u00fct\u00f6rt\u00f6k<\/strong><\/th><th><strong>P\u00e9ntek<\/strong><\/th><\/tr><\/thead><tbody><tr><td class=\"has-text-align-left\" data-align=\"left\"><strong>Dr. Kazella Rita Lilla<\/strong><br><strong><mark style=\"background-color:rgba(0, 0, 0, 0)\" class=\"has-inline-color has-vivid-red-color\">2026.05.04. k\u00f6z\u00f6tt a rendel\u00e9s betegeket nem fogad.<\/mark><\/strong><\/td><td><strong>8:00-14:00<\/strong><\/td><td><strong>8:00-14:00<\/strong><\/td><td><strong>8:00-14:00<\/strong><\/td><td><strong>8:00-14:00<\/strong><\/td><td><strong>8:00-14:00<\/strong><\/td><\/tr><\/tbody><\/table><\/figure>\n\n\n\n<hr class=\"wp-block-separator has-css-opacity\"\/>\n","protected":false},"excerpt":{"rendered":"<p>A nemibetegek gondoz\u00e1sa v\u00e1rosunkban 1943-ban kezd\u0151d\u00f6tt a Huber-kast\u00e9lyban, dr. Akkermann J\u00e1nos kezdem\u00e9nyez\u00e9se nyom\u00e1n, eleinte a T\u00fcd\u0151gondoz\u00f3val k\u00f6z\u00f6sen. A h\u00e1bor\u00fat k\u00f6vet\u0151en a r\u00e9gi k\u00f3rh\u00e1z f\u00f6ldszintj\u00e9re k\u00f6lt\u00f6ztett\u00e9k \u00e1t. 1946-ban az E\u00f6tv\u00f6s \u00faton a gr\u00f3f Ser\u00e9nyi vill\u00e1ba, 1995-ben a k\u00faria \u00e9p\u00fclet\u00e9be, 1962-ben vissza a Ser\u00e9nyi vill\u00e1ba, majd 1970-ben ism\u00e9t a r\u00e9gi k\u00f3rh\u00e1z f\u00f6ldszintj\u00e9re helyezt\u00e9k \u00e1t. 1950-ben dr. Kerek [&hellip;]<\/p>\n","protected":false},"author":1,"featured_media":0,"parent":0,"menu_order":0,"comment_status":"closed","ping_status":"closed","template":"","meta":[],"_links":{"self":[{"href":"http:\/\/www.javorszky.hu\/wordpress\/index.php?rest_route=\/wp\/v2\/pages\/189"}],"collection":[{"href":"http:\/\/www.javorszky.hu\/wordpress\/index.php?rest_route=\/wp\/v2\/pages"}],"about":[{"href":"http:\/\/www.javorszky.hu\/wordpress\/index.php?rest_route=\/wp\/v2\/types\/page"}],"author":[{"embeddable":true,"href":"http:\/\/www.javorszky.hu\/wordpress\/index.php?rest_route=\/wp\/v2\/users\/1"}],"replies":[{"embeddable":true,"href":"http:\/\/www.javorszky.hu\/wordpress\/index.php?rest_route=%2Fwp%2Fv2%2Fcomments&post=189"}],"version-history":[{"count":82,"href":"http:\/\/www.javorszky.hu\/wordpress\/index.php?rest_route=\/wp\/v2\/pages\/189\/revisions"}],"predecessor-version":[{"id":9991,"href":"http:\/\/www.javorszky.hu\/wordpress\/index.php?rest_route=\/wp\/v2\/pages\/189\/revisions\/9991"}],"wp:attachment":[{"href":"http:\/\/www.javorszky.hu\/wordpress\/index.php?rest_route=%2Fwp%2Fv2%2Fmedia&parent=189"}],"curies":[{"name":"wp","href":"https:\/\/api.w.org\/{rel}","templated":true}]}}

Bőr- és nemibeteg gondozó

<p>A nemibetegek gondozása városunkban 1943-ban kezdődött a Huber-kastélyban, dr. Akkermann János kezdeményezése nyomán, eleinte a Tüdőgondozóval közösen. A háborút követően a régi kórház földszintjére költöztették át. 1946-ban az Eötvös úton a gróf Serényi villába, 1995-ben a kúria épületébe, 1962-ben vissza a Serényi villába, majd 1970-ben ismét a régi kórház földszintjére helyezték át. 1950-ben dr. Kerek Ferenc lett a gondozó főorvosa, 1952-től már bőrbetegeket is ellátták. 1973-tól dr. Simon Józsefet nevezték ki az intézet vezető főorvosává, 1975 májusától került mellé dr. Sárközi Julianna főorvos. Ők ketten vitték az intézetet csaknem három évtizeden keresztül. 1999-től dr. Kleszky Miklóst nevezték ki vezető főorvossá. A részleg feladata a kórház felvevőterületéhez tartozó bőrbetegek, valamint nemibetegek ambuláns ellátása. Elvégzünk minden olyan eszközös bőrgyógyászati beavatkozást, ami ambulanter felvállalható. A szövettani vizsgálatok kórházunkban történnek, a szükségessé váló belgyógyászati kivizsgálásokat akár járó-, akár &nbsp;fekvőbetegként kórházunkban kezdeményezünk. A területileg illetékes megyei fekvőbeteg-bőrosztályra olyan bőrbetegek kerülnek, akik kifejezetten bőrgyógyászati szakápolást igényelnek. Speciális vizsgálatok, magasabb bőrgyógyászati konzíliumok tekintetében a budapesti Bőrgyógyászati Klinikára támaszkodunk.</p>



<p class="has-vivid-cyan-blue-color has-text-color"><strong>A szakrendelés beutaló nélkül is igénybe vehető</strong>, <strong>de központi előjegyzés szükséges</strong>!</p>



<h5 class="has-black-color has-text-color"><strong>Előjegyzés:</strong>  <strong><mark style="background-color:rgba(0, 0, 0, 0)" class="has-inline-color has-vivid-cyan-blue-color">0627/620-676,0627/620-677 vagy </mark></strong> e&#108;&#x6f;&#x6a;e&#103;&#x79;&#x7a;e&#115;&#x40;&#x6a;a&#118;&#x6f;&#x72;s&#122;&#x6b;&#x79;&#46;&#104;&#117;</h5>



<p><strong>Rendelés helye</strong>:<strong><mark style="background-color:rgba(0, 0, 0, 0)" class="has-inline-color has-vivid-cyan-blue-color"> Szakrendelő II. emelet R210 rendelő</mark></strong> (váróterem)</p>



<p><strong>Telefonos elérhetőség:</strong> + 36 27 620 620 /<strong>1482</strong></p>



<figure class="wp-block-table is-style-stripes has-medium-font-size"><table class="has-black-color has-pale-cyan-blue-background-color has-text-color has-background"><thead><tr><th class="has-text-align-left" data-align="left"><strong>Orvos</strong></th><th><strong>Hétfő</strong></th><th><strong>Kedd</strong></th><th><strong>Szerda</strong></th><th><strong>Csütörtök</strong></th><th><strong>Péntek</strong></th></tr></thead><tbody><tr><td class="has-text-align-left" data-align="left"><strong>Dr. Kazella Rita Lilla</strong><br><strong><mark style="background-color:rgba(0, 0, 0, 0)" class="has-inline-color has-vivid-red-color">2026.05.04. között a rendelés betegeket nem fogad.</mark></strong></td><td><strong>8:00-14:00</strong></td><td><strong>8:00-14:00</strong></td><td><strong>8:00-14:00</strong></td><td><strong>8:00-14:00</strong></td><td><strong>8:00-14:00</strong></td></tr></tbody></table></figure>



<hr class="wp-block-separator has-css-opacity"/>

<p>A nemibetegek gondozása városunkban 1943-ban kezdődött a Huber-kastélyban, dr. Akkermann János kezdeményezése nyomán, eleinte a Tüdőgondozóval közösen. A háborút követően a régi kórház földszintjére költöztették át. 1946-ban az Eötvös úton a gróf Serényi villába, 1995-ben a kúria épületébe, 1962-ben vissza a Serényi villába, majd 1970-ben ismét a régi kórház földszintjére helyezték át. 1950-ben dr. Kerek [&hellip;]</p>
