{"id":197,"date":"2013-05-22T10:19:24","date_gmt":"2013-05-22T08:19:24","guid":{"rendered":"http:\/\/www.javorszky.hu\/wordpress\/?page_id=197"},"modified":"2026-03-04T10:56:55","modified_gmt":"2026-03-04T09:56:55","slug":"szemeszeti-szakrendeles","status":"publish","type":"page","link":"http:\/\/www.javorszky.hu\/wordpress\/?page_id=197","title":{"rendered":"Szem\u00e9szeti szakrendel\u00e9s"},"content":{"rendered":"\n<p>1980-ban \u00faj, modern, a kor ig\u00e9nyeinek megfelel\u0151en kialak\u00edtott \u00e9p\u00fcletet adt\u00e1k \u00e1t a szakrendel\u0151k \u00e9s szakambulanci\u00e1k sz\u00e1m\u00e1ra. Ide k\u00f6lt\u00f6z\u00f6tt a szem\u00e9szeti szakrendel\u00e9s is a zs\u00fafolt, leromlott, belv\u00e1rosi Curia \u00e9p\u00fclet\u00e9b\u0151l. Az \u00faj \u00e9p\u00fcletben dr. Bajnok Gy\u00f6rgyi vezet\u00e9s\u00e9vel indult meg a munka. 1996-ig 12 szem\u00e9szeti \u00e1gy is m\u0171k\u00f6d\u00f6tt a traumatol\u00f3giai oszt\u00e1lyhoz csatoltan. A rendel\u00e9s felszerelts\u00e9ge a sz\u00fcks\u00e9ges felt\u00e9teleknek megfelel, folyamatos fel\u00faj\u00edt\u00e1sokkal \u00faj, korszer\u0171 eszk\u00f6z\u00f6k beszerz\u00e9s\u00e9vel lehet\u0151s\u00e9g van a diagnosztikus tev\u00e9kenys\u00e9g fejleszt\u00e9s\u00e9re. Az ut\u00f3bbi id\u0151ben computeres refraktometerrel gazdagodtunk. Speci\u00e1lis rendel\u00e9seket alak\u00edtottunk ki. Glaucoma-gondoz\u00f3nkban is sok beteget vizsg\u00e1lunk ki \u00e9s ellen\u0151rz\u00fcnk rendszeresen, ezzel rem\u00e9nyeink szerint cs\u00f6kkenteni tudjuk a napjainkban is a vaks\u00e1ghoz vezet\u0151 betegs\u00e9gek k\u00f6z\u00f6tt vezet\u0151 szerepet j\u00e1tsz\u00f3 k\u00f3rnak a kifejl\u0151d\u00e9s\u00e9t. Feladatunknak tartjuk a k\u00f6vetkezetes glaucoma-sz\u0171r\u00e9st a vesz\u00e9lyeztetett betegek k\u00f6r\u00e9ben.<\/p>\n\n\n\n<p class=\"has-regular-font-size\"><strong>S\u00fcrg\u0151ss\u00e9gi h\u00e1ziorvosi beutal\u00f3val  soron k\u00edv\u00fcl fogadjuk a betegeket.<\/strong><\/p>\n\n\n\n<p>Vannak <strong>s\u00fcrg\u0151s esetek <\/strong>amikor el\u0151jegyz\u00e9s n\u00e9lk\u00fcl minden nap rendel\u00e9si id\u0151ben fogadjuk a betegeket :<\/p>\n\n\n\n<ul><li>s\u00fcrg\u0151s esetek: s\u00e9r\u00fcl\u00e9sek: meg\u00fct\u00f6tte, belekaptak a szem\u00e9be, idegen t\u00e1rgy ker\u00fclt a szem\u00e9be<\/li><li>gyullad\u00e1s<\/li><li>hirtelen l\u00e1t\u00e1sveszt\u00e9s, l\u00e1t\u00e1sroml\u00e1s<\/li><li>&nbsp;hirtelen kialakult \u00fasz\u00f3 hom\u00e1ly<\/li><li> er\u0151s, hirtelen kialakult szemf\u00e1jdalom<\/li><\/ul>\n\n\n\n<p>El\u0151z\u0151 szem\u00e9szeti lelet\u00e9t minden alkalommal hozza mag\u00e1val.<\/p>\n\n\n\n<p class=\"has-vivid-cyan-blue-color has-text-color has-medium-font-size\">Beutal\u00f3 n\u00e9lk\u00fcl is, de el\u0151jegyz\u00e9s sz\u00fcks\u00e9ges: 06\/27\/620-676; 06\/27\/620-677 e&#108;&#x6f;&#x6a;e&#103;&#x79;&#x7a;e&#115;&#64;&#x6a;&#x61;v&#111;&#x72;&#x73;z&#107;&#x79;&#x2e;h&#117;<\/p>\n\n\n\n<p>A nem s\u00fcrg\u0151s eseteket el\u0151jegyz\u00e9sre fogadjuk (Diab.mell, Hypertonia, Glaucoma gondoz\u00e1s, l\u00e1t\u00e1svizsg\u00e1lat,alkalmass\u00e1gi vizsg\u00e1lat, szem\u00fcveg \u00edr\u00e1s)<\/p>\n\n\n\n<p><strong><mark style=\"background-color:rgba(0, 0, 0, 0)\" class=\"has-inline-color has-vivid-red-color\">T\u00e1j\u00e9koztatjuk \u00d6n\u00f6ket, hogy a diabetes miatti szemvizsg\u00e1latokn\u00e1l minden esetben pupillat\u00e1g\u00edt\u00e1s t\u00f6rt\u00e9nik, \u00edgy k\u00e9rj\u00fck \u00d6n\u00f6ket, hogy a vizsg\u00e1latokra aut\u00f3val \u00e9rkez\u0151k ne egyed\u00fcl j\u00f6jjenek ,mert a vizsg\u00e1lat ut\u00e1n nem fognak tudni aut\u00f3t vezetni!<\/mark><\/strong><\/p>\n\n\n\n<p><strong><mark style=\"background-color:rgba(0, 0, 0, 0)\" class=\"has-inline-color has-black-color\">Rendel\u00e9s helye<\/mark><mark style=\"background-color:rgba(0, 0, 0, 0)\" class=\"has-inline-color has-vivid-cyan-blue-color\">: Szakrendel\u0151 II. emelet R25<\/mark><\/strong><\/p>\n\n\n\n<figure class=\"wp-block-table is-style-stripes\"><table class=\"has-pale-cyan-blue-background-color has-background\"><thead><tr><th> <strong>Feln\u0151tt szakrendel\u00e9s<\/strong>&#8211; Orvos<\/th><th class=\"has-text-align-center\" data-align=\"center\"><strong>H\u00e9tf\u0151<\/strong><\/th><th class=\"has-text-align-center\" data-align=\"center\"><strong>Kedd<\/strong><\/th><th class=\"has-text-align-center\" data-align=\"center\"><strong>Szerda<\/strong><\/th><th class=\"has-text-align-center\" data-align=\"center\"><strong>Cs\u00fct\u00f6rt\u00f6k<\/strong><\/th><th class=\"has-text-align-center\" data-align=\"center\"><strong>P\u00e9ntek<\/strong><\/th><\/tr><\/thead><tbody><tr><td><strong>Dr. Kir\u00e1ly Katalin<\/strong><\/td><td class=\"has-text-align-center\" data-align=\"center\"><strong>7:00-13:00<\/strong><\/td><td class=\"has-text-align-center\" data-align=\"center\"><strong>7:00-13:00<\/strong><\/td><td class=\"has-text-align-center\" data-align=\"center\"><strong>7:00-13:00<\/strong><\/td><td class=\"has-text-align-center\" data-align=\"center\"><strong>7:00-13:00<\/strong><\/td><td class=\"has-text-align-center\" data-align=\"center\"><strong>7:00-13:00<\/strong><\/td><\/tr><tr><td><strong>Dr. Szand\u00e1nyi Judit<\/strong><\/td><td class=\"has-text-align-center\" data-align=\"center\"><\/td><td class=\"has-text-align-center\" data-align=\"center\"><\/td><td class=\"has-text-align-center\" data-align=\"center\"><strong>7:00-13:00<br>(p\u00e1ros h\u00e9ten)<\/strong><\/td><td class=\"has-text-align-center\" data-align=\"center\"><strong>7:00-13:00<\/strong><\/td><td class=\"has-text-align-center\" data-align=\"center\"><strong>7:00-13:00<\/strong><\/td><\/tr><tr><td><strong>Dr. R\u00e1cz Zsuzsanna<\/strong><\/td><td class=\"has-text-align-center\" data-align=\"center\"><strong>7:00-13:00<\/strong><\/td><td class=\"has-text-align-center\" data-align=\"center\"><\/td><td class=\"has-text-align-center\" data-align=\"center\"><\/td><td class=\"has-text-align-center\" data-align=\"center\"><\/td><td class=\"has-text-align-center\" data-align=\"center\"><\/td><\/tr><\/tbody><\/table><\/figure>\n\n\n\n<hr class=\"wp-block-separator has-css-opacity\"\/>\n","protected":false},"excerpt":{"rendered":"<p>1980-ban \u00faj, modern, a kor ig\u00e9nyeinek megfelel\u0151en kialak\u00edtott \u00e9p\u00fcletet adt\u00e1k \u00e1t a szakrendel\u0151k \u00e9s szakambulanci\u00e1k sz\u00e1m\u00e1ra. Ide k\u00f6lt\u00f6z\u00f6tt a szem\u00e9szeti szakrendel\u00e9s is a zs\u00fafolt, leromlott, belv\u00e1rosi Curia \u00e9p\u00fclet\u00e9b\u0151l. Az \u00faj \u00e9p\u00fcletben dr. Bajnok Gy\u00f6rgyi vezet\u00e9s\u00e9vel indult meg a munka. 1996-ig 12 szem\u00e9szeti \u00e1gy is m\u0171k\u00f6d\u00f6tt a traumatol\u00f3giai oszt\u00e1lyhoz csatoltan. A rendel\u00e9s felszerelts\u00e9ge a sz\u00fcks\u00e9ges felt\u00e9teleknek [&hellip;]<\/p>\n","protected":false},"author":1,"featured_media":0,"parent":0,"menu_order":0,"comment_status":"closed","ping_status":"closed","template":"","meta":[],"_links":{"self":[{"href":"http:\/\/www.javorszky.hu\/wordpress\/index.php?rest_route=\/wp\/v2\/pages\/197"}],"collection":[{"href":"http:\/\/www.javorszky.hu\/wordpress\/index.php?rest_route=\/wp\/v2\/pages"}],"about":[{"href":"http:\/\/www.javorszky.hu\/wordpress\/index.php?rest_route=\/wp\/v2\/types\/page"}],"author":[{"embeddable":true,"href":"http:\/\/www.javorszky.hu\/wordpress\/index.php?rest_route=\/wp\/v2\/users\/1"}],"replies":[{"embeddable":true,"href":"http:\/\/www.javorszky.hu\/wordpress\/index.php?rest_route=%2Fwp%2Fv2%2Fcomments&post=197"}],"version-history":[{"count":45,"href":"http:\/\/www.javorszky.hu\/wordpress\/index.php?rest_route=\/wp\/v2\/pages\/197\/revisions"}],"predecessor-version":[{"id":9845,"href":"http:\/\/www.javorszky.hu\/wordpress\/index.php?rest_route=\/wp\/v2\/pages\/197\/revisions\/9845"}],"wp:attachment":[{"href":"http:\/\/www.javorszky.hu\/wordpress\/index.php?rest_route=%2Fwp%2Fv2%2Fmedia&parent=197"}],"curies":[{"name":"wp","href":"https:\/\/api.w.org\/{rel}","templated":true}]}}

Szemészeti szakrendelés

<p>1980-ban új, modern, a kor igényeinek megfelelően kialakított épületet adták át a szakrendelők és szakambulanciák számára. Ide költözött a szemészeti szakrendelés is a zsúfolt, leromlott, belvárosi Curia épületéből. Az új épületben dr. Bajnok Györgyi vezetésével indult meg a munka. 1996-ig 12 szemészeti ágy is működött a traumatológiai osztályhoz csatoltan. A rendelés felszereltsége a szükséges feltételeknek megfelel, folyamatos felújításokkal új, korszerű eszközök beszerzésével lehetőség van a diagnosztikus tevékenység fejlesztésére. Az utóbbi időben computeres refraktometerrel gazdagodtunk. Speciális rendeléseket alakítottunk ki. Glaucoma-gondozónkban is sok beteget vizsgálunk ki és ellenőrzünk rendszeresen, ezzel reményeink szerint csökkenteni tudjuk a napjainkban is a vaksághoz vezető betegségek között vezető szerepet játszó kórnak a kifejlődését. Feladatunknak tartjuk a következetes glaucoma-szűrést a veszélyeztetett betegek körében.</p>



<p class="has-regular-font-size"><strong>Sürgősségi háziorvosi beutalóval  soron kívül fogadjuk a betegeket.</strong></p>



<p>Vannak <strong>sürgős esetek </strong>amikor előjegyzés nélkül minden nap rendelési időben fogadjuk a betegeket :</p>



<ul><li>sürgős esetek: sérülések: megütötte, belekaptak a szemébe, idegen tárgy került a szemébe</li><li>gyulladás</li><li>hirtelen látásvesztés, látásromlás</li><li>&nbsp;hirtelen kialakult úszó homály</li><li> erős, hirtelen kialakult szemfájdalom</li></ul>



<p>Előző szemészeti leletét minden alkalommal hozza magával.</p>



<p class="has-vivid-cyan-blue-color has-text-color has-medium-font-size">Beutaló nélkül is, de előjegyzés szükséges: 06/27/620-676; 06/27/620-677 e&#108;&#x6f;&#x6a;e&#103;&#x79;&#x7a;e&#115;&#64;&#x6a;&#x61;v&#111;&#x72;&#x73;z&#107;&#x79;&#x2e;h&#117;</p>



<p>A nem sürgős eseteket előjegyzésre fogadjuk (Diab.mell, Hypertonia, Glaucoma gondozás, látásvizsgálat,alkalmassági vizsgálat, szemüveg írás)</p>



<p><strong><mark style="background-color:rgba(0, 0, 0, 0)" class="has-inline-color has-vivid-red-color">Tájékoztatjuk Önöket, hogy a diabetes miatti szemvizsgálatoknál minden esetben pupillatágítás történik, így kérjük Önöket, hogy a vizsgálatokra autóval érkezők ne egyedül jöjjenek ,mert a vizsgálat után nem fognak tudni autót vezetni!</mark></strong></p>



<p><strong><mark style="background-color:rgba(0, 0, 0, 0)" class="has-inline-color has-black-color">Rendelés helye</mark><mark style="background-color:rgba(0, 0, 0, 0)" class="has-inline-color has-vivid-cyan-blue-color">: Szakrendelő II. emelet R25</mark></strong></p>



<figure class="wp-block-table is-style-stripes"><table class="has-pale-cyan-blue-background-color has-background"><thead><tr><th> <strong>Felnőtt szakrendelés</strong>&#8211; Orvos</th><th class="has-text-align-center" data-align="center"><strong>Hétfő</strong></th><th class="has-text-align-center" data-align="center"><strong>Kedd</strong></th><th class="has-text-align-center" data-align="center"><strong>Szerda</strong></th><th class="has-text-align-center" data-align="center"><strong>Csütörtök</strong></th><th class="has-text-align-center" data-align="center"><strong>Péntek</strong></th></tr></thead><tbody><tr><td><strong>Dr. Király Katalin</strong></td><td class="has-text-align-center" data-align="center"><strong>7:00-13:00</strong></td><td class="has-text-align-center" data-align="center"><strong>7:00-13:00</strong></td><td class="has-text-align-center" data-align="center"><strong>7:00-13:00</strong></td><td class="has-text-align-center" data-align="center"><strong>7:00-13:00</strong></td><td class="has-text-align-center" data-align="center"><strong>7:00-13:00</strong></td></tr><tr><td><strong>Dr. Szandányi Judit</strong></td><td class="has-text-align-center" data-align="center"></td><td class="has-text-align-center" data-align="center"></td><td class="has-text-align-center" data-align="center"><strong>7:00-13:00<br>(páros héten)</strong></td><td class="has-text-align-center" data-align="center"><strong>7:00-13:00</strong></td><td class="has-text-align-center" data-align="center"><strong>7:00-13:00</strong></td></tr><tr><td><strong>Dr. Rácz Zsuzsanna</strong></td><td class="has-text-align-center" data-align="center"><strong>7:00-13:00</strong></td><td class="has-text-align-center" data-align="center"></td><td class="has-text-align-center" data-align="center"></td><td class="has-text-align-center" data-align="center"></td><td class="has-text-align-center" data-align="center"></td></tr></tbody></table></figure>



<hr class="wp-block-separator has-css-opacity"/>

<p>1980-ban új, modern, a kor igényeinek megfelelően kialakított épületet adták át a szakrendelők és szakambulanciák számára. Ide költözött a szemészeti szakrendelés is a zsúfolt, leromlott, belvárosi Curia épületéből. Az új épületben dr. Bajnok Györgyi vezetésével indult meg a munka. 1996-ig 12 szemészeti ágy is működött a traumatológiai osztályhoz csatoltan. A rendelés felszereltsége a szükséges feltételeknek [&hellip;]</p>
