{"id":3728,"date":"2022-06-13T12:52:49","date_gmt":"2022-06-13T10:52:49","guid":{"rendered":"http:\/\/www.javorszky.hu\/wordpress\/?page_id=3728"},"modified":"2022-06-13T13:03:55","modified_gmt":"2022-06-13T11:03:55","slug":"laboreredmeny-korhazi-leletek-lekerdezese-unios-digitalis-covid-igazolvany-letoltese","status":"publish","type":"page","link":"http:\/\/www.javorszky.hu\/wordpress\/?page_id=3728","title":{"rendered":"Laboreredm\u00e9ny, k\u00f3rh\u00e1zi leletek lek\u00e9rdez\u00e9se"},"content":{"rendered":"\n<h2>EESZT bel\u00e9p\u00e9s ,k\u00f3rh\u00e1zi leletek, laboreredm\u00e9ny lek\u00e9rdez\u00e9s, Uni\u00f3s digit\u00e1lis COVID igazolv\u00e1ny let\u00f6lt\u00e9s menete<a rel=\"noreferrer noopener\" href=\"https:\/\/belepes-regisztracio.hu\/wp-content\/uploads\/2021\/07\/eeszt-belepes-bejelentkezes-lakossag-reszere.pdf\" target=\"_blank\"> itt \u00e9rhet\u0151 el<\/a>.<\/h2>\n","protected":false},"excerpt":{"rendered":"<p>EESZT bel\u00e9p\u00e9s ,k\u00f3rh\u00e1zi leletek, laboreredm\u00e9ny lek\u00e9rdez\u00e9s, Uni\u00f3s digit\u00e1lis COVID igazolv\u00e1ny let\u00f6lt\u00e9s menete itt \u00e9rhet\u0151 el.<\/p>\n","protected":false},"author":5,"featured_media":0,"parent":0,"menu_order":0,"comment_status":"closed","ping_status":"closed","template":"","meta":[],"_links":{"self":[{"href":"http:\/\/www.javorszky.hu\/wordpress\/index.php?rest_route=\/wp\/v2\/pages\/3728"}],"collection":[{"href":"http:\/\/www.javorszky.hu\/wordpress\/index.php?rest_route=\/wp\/v2\/pages"}],"about":[{"href":"http:\/\/www.javorszky.hu\/wordpress\/index.php?rest_route=\/wp\/v2\/types\/page"}],"author":[{"embeddable":true,"href":"http:\/\/www.javorszky.hu\/wordpress\/index.php?rest_route=\/wp\/v2\/users\/5"}],"replies":[{"embeddable":true,"href":"http:\/\/www.javorszky.hu\/wordpress\/index.php?rest_route=%2Fwp%2Fv2%2Fcomments&post=3728"}],"version-history":[{"count":5,"href":"http:\/\/www.javorszky.hu\/wordpress\/index.php?rest_route=\/wp\/v2\/pages\/3728\/revisions"}],"predecessor-version":[{"id":3736,"href":"http:\/\/www.javorszky.hu\/wordpress\/index.php?rest_route=\/wp\/v2\/pages\/3728\/revisions\/3736"}],"wp:attachment":[{"href":"http:\/\/www.javorszky.hu\/wordpress\/index.php?rest_route=%2Fwp%2Fv2%2Fmedia&parent=3728"}],"curies":[{"name":"wp","href":"https:\/\/api.w.org\/{rel}","templated":true}]}}