{"id":3860,"date":"2022-06-22T08:35:17","date_gmt":"2022-06-22T06:35:17","guid":{"rendered":"http:\/\/www.javorszky.hu\/wordpress\/?page_id=3860"},"modified":"2025-09-16T09:02:37","modified_gmt":"2025-09-16T07:02:37","slug":"audiologia-hallasvizsgalat","status":"publish","type":"page","link":"http:\/\/www.javorszky.hu\/wordpress\/?page_id=3860","title":{"rendered":"Audiol\u00f3gia- hall\u00e1svizsg\u00e1lat"},"content":{"rendered":"\n<p>Az audiol\u00f3gia a hall\u00e1ssal, illetve a hall\u00f3rendszert \u00e9rint\u0151 betegs\u00e9gek diagnosztik\u00e1j\u00e1val foglalkozik. Szorosan kapcsol\u00f3dik a f\u00fcl-orr-g\u00e9g\u00e9szethez. &nbsp;A vizsg\u00e1latokat audiol\u00f3gus specialista v\u00e9gzi, aki meghat\u00e1rozza a hall\u00e1sk\u00e1rosod\u00e1s t\u00edpus\u00e1t, meg\u00e1llap\u00edtja a hall\u00e1scs\u00f6kken\u00e9s m\u00e9rt\u00e9k\u00e9t.<\/p>\n\n\n\n<p class=\"has-vivid-cyan-blue-color has-text-color\"><strong>I<strong><strong>d\u0151pontfoglal\u00e1s sz\u00fcks\u00e9ges<\/strong><\/strong> <\/strong><\/p>\n\n\n\n<h5 class=\"has-black-color has-text-color\"><strong>El\u0151jegyz\u00e9s<\/strong>:<mark style=\"background-color:rgba(0, 0, 0, 0)\" class=\"has-inline-color has-vivid-cyan-blue-color\">   <strong>06-30-726-3970<\/strong><\/mark><\/h5>\n\n\n\n<p><strong>Rendel\u00e9s helye:<\/strong><mark style=\"background-color:rgba(0, 0, 0, 0)\" class=\"has-inline-color has-vivid-cyan-blue-color\"> <strong>Szakrendel\u0151 II. emelet R234-es rendel\u0151<\/strong><\/mark><\/p>\n\n\n\n<figure class=\"wp-block-table is-style-stripes\"><table class=\"has-black-color has-pale-cyan-blue-background-color has-text-color has-background\"><thead><tr><th class=\"has-text-align-center\" data-align=\"center\"><strong>H\u00e9tf\u0151<\/strong><\/th><th class=\"has-text-align-center\" data-align=\"center\"><strong>Kedd<\/strong><\/th><th class=\"has-text-align-center\" data-align=\"center\"><strong>Szerda<\/strong><\/th><th class=\"has-text-align-center\" data-align=\"center\"><strong>Cs\u00fct\u00f6rt\u00f6k<\/strong><\/th><th class=\"has-text-align-center\" data-align=\"center\"><strong>P\u00e9ntek<\/strong><\/th><\/tr><\/thead><tbody><tr><td class=\"has-text-align-center\" data-align=\"center\"><strong>8:00-16:00<\/strong><br><\/td><td class=\"has-text-align-center\" data-align=\"center\"><strong>8:00-16:00<\/strong><br><\/td><td class=\"has-text-align-center\" data-align=\"center\"><strong>8:00-16:00<\/strong><br><\/td><td class=\"has-text-align-center\" data-align=\"center\"><strong>8:00-16:00<\/strong><br><\/td><td class=\"has-text-align-center\" data-align=\"center\"><strong>&#8211;<\/strong><\/td><\/tr><\/tbody><\/table><\/figure>\n\n\n\n<hr class=\"wp-block-separator has-css-opacity\"\/>\n","protected":false},"excerpt":{"rendered":"<p>Az audiol\u00f3gia a hall\u00e1ssal, illetve a hall\u00f3rendszert \u00e9rint\u0151 betegs\u00e9gek diagnosztik\u00e1j\u00e1val foglalkozik. Szorosan kapcsol\u00f3dik a f\u00fcl-orr-g\u00e9g\u00e9szethez. &nbsp;A vizsg\u00e1latokat audiol\u00f3gus specialista v\u00e9gzi, aki meghat\u00e1rozza a hall\u00e1sk\u00e1rosod\u00e1s t\u00edpus\u00e1t, meg\u00e1llap\u00edtja a hall\u00e1scs\u00f6kken\u00e9s m\u00e9rt\u00e9k\u00e9t. Id\u0151pontfoglal\u00e1s sz\u00fcks\u00e9ges El\u0151jegyz\u00e9s: 06-30-726-3970 Rendel\u00e9s helye: Szakrendel\u0151 II. emelet R234-es rendel\u0151 H\u00e9tf\u0151 Kedd Szerda Cs\u00fct\u00f6rt\u00f6k P\u00e9ntek 8:00-16:00 8:00-16:00 8:00-16:00 8:00-16:00 &#8211;<\/p>\n","protected":false},"author":5,"featured_media":0,"parent":0,"menu_order":0,"comment_status":"closed","ping_status":"closed","template":"","meta":[],"_links":{"self":[{"href":"http:\/\/www.javorszky.hu\/wordpress\/index.php?rest_route=\/wp\/v2\/pages\/3860"}],"collection":[{"href":"http:\/\/www.javorszky.hu\/wordpress\/index.php?rest_route=\/wp\/v2\/pages"}],"about":[{"href":"http:\/\/www.javorszky.hu\/wordpress\/index.php?rest_route=\/wp\/v2\/types\/page"}],"author":[{"embeddable":true,"href":"http:\/\/www.javorszky.hu\/wordpress\/index.php?rest_route=\/wp\/v2\/users\/5"}],"replies":[{"embeddable":true,"href":"http:\/\/www.javorszky.hu\/wordpress\/index.php?rest_route=%2Fwp%2Fv2%2Fcomments&post=3860"}],"version-history":[{"count":16,"href":"http:\/\/www.javorszky.hu\/wordpress\/index.php?rest_route=\/wp\/v2\/pages\/3860\/revisions"}],"predecessor-version":[{"id":9010,"href":"http:\/\/www.javorszky.hu\/wordpress\/index.php?rest_route=\/wp\/v2\/pages\/3860\/revisions\/9010"}],"wp:attachment":[{"href":"http:\/\/www.javorszky.hu\/wordpress\/index.php?rest_route=%2Fwp%2Fv2%2Fmedia&parent=3860"}],"curies":[{"name":"wp","href":"https:\/\/api.w.org\/{rel}","templated":true}]}}

Audiológia- hallásvizsgálat

<p>Az audiológia a hallással, illetve a hallórendszert érintő betegségek diagnosztikájával foglalkozik. Szorosan kapcsolódik a fül-orr-gégészethez. &nbsp;A vizsgálatokat audiológus specialista végzi, aki meghatározza a halláskárosodás típusát, megállapítja a halláscsökkenés mértékét.</p>



<p class="has-vivid-cyan-blue-color has-text-color"><strong>I<strong><strong>dőpontfoglalás szükséges</strong></strong> </strong></p>



<h5 class="has-black-color has-text-color"><strong>Előjegyzés</strong>:<mark style="background-color:rgba(0, 0, 0, 0)" class="has-inline-color has-vivid-cyan-blue-color">   <strong>06-30-726-3970</strong></mark></h5>



<p><strong>Rendelés helye:</strong><mark style="background-color:rgba(0, 0, 0, 0)" class="has-inline-color has-vivid-cyan-blue-color"> <strong>Szakrendelő II. emelet R234-es rendelő</strong></mark></p>



<figure class="wp-block-table is-style-stripes"><table class="has-black-color has-pale-cyan-blue-background-color has-text-color has-background"><thead><tr><th class="has-text-align-center" data-align="center"><strong>Hétfő</strong></th><th class="has-text-align-center" data-align="center"><strong>Kedd</strong></th><th class="has-text-align-center" data-align="center"><strong>Szerda</strong></th><th class="has-text-align-center" data-align="center"><strong>Csütörtök</strong></th><th class="has-text-align-center" data-align="center"><strong>Péntek</strong></th></tr></thead><tbody><tr><td class="has-text-align-center" data-align="center"><strong>8:00-16:00</strong><br></td><td class="has-text-align-center" data-align="center"><strong>8:00-16:00</strong><br></td><td class="has-text-align-center" data-align="center"><strong>8:00-16:00</strong><br></td><td class="has-text-align-center" data-align="center"><strong>8:00-16:00</strong><br></td><td class="has-text-align-center" data-align="center"><strong>&#8211;</strong></td></tr></tbody></table></figure>



<hr class="wp-block-separator has-css-opacity"/>

<p>Az audiológia a hallással, illetve a hallórendszert érintő betegségek diagnosztikájával foglalkozik. Szorosan kapcsolódik a fül-orr-gégészethez. &nbsp;A vizsgálatokat audiológus specialista végzi, aki meghatározza a halláskárosodás típusát, megállapítja a halláscsökkenés mértékét. Időpontfoglalás szükséges Előjegyzés: 06-30-726-3970 Rendelés helye: Szakrendelő II. emelet R234-es rendelő Hétfő Kedd Szerda Csütörtök Péntek 8:00-16:00 8:00-16:00 8:00-16:00 8:00-16:00 &#8211;</p>
