{"id":3875,"date":"2022-06-22T09:30:21","date_gmt":"2022-06-22T07:30:21","guid":{"rendered":"http:\/\/www.javorszky.hu\/wordpress\/?page_id=3875"},"modified":"2025-09-16T11:45:52","modified_gmt":"2025-09-16T09:45:52","slug":"belgyogyaszati-szakrendeles","status":"publish","type":"page","link":"http:\/\/www.javorszky.hu\/wordpress\/?page_id=3875","title":{"rendered":"Belgy\u00f3gy\u00e1szati szakrendel\u00e9s"},"content":{"rendered":"\n<p><\/p>\n\n\n\n<p>A belgy\u00f3gy\u00e1szat az orvostudom\u00e1ny szerte\u00e1gaz\u00f3 ter\u00fclete, amely az emberi szervezet eg\u00e9sz\u00e9t \u00e9rint\u0151 betegs\u00e9gekkel&nbsp; foglalkozik. Az emberi test bels\u0151 szerveinek (sz\u00edv- \u00e9s \u00e9rrendszer, l\u00e9gz\u0151-v\u00e9rk\u00e9pz\u0151-,em\u00e9szt\u0151szervek, m\u00e1j, bels\u0151 elv\u00e1laszt\u00e1s\u00fa mirigyek) gy\u00f3gy\u00edt\u00e1s\u00e1val ,szervek&nbsp; k\u00f3ros elv\u00e1ltoz\u00e1saival, a kialakult betegs\u00e9gek diagnosztiz\u00e1l\u00e1s\u00e1val \u00e9s azok gy\u00f3gy\u00edt\u00e1s\u00e1val foglalkozik.<\/p>\n\n\n\n<p class=\"has-vivid-cyan-blue-color has-text-color\"><strong>\u00daj beteg eset\u00e9n beutal\u00f3val, kontrolln\u00e1l ambul\u00e1ns lappal. I<\/strong><span><strong style=\"font-weight: bold;\">d\u0151pontfoglal\u00e1s sz\u00fcks\u00e9ges<\/strong><b> <\/b><\/span><\/p>\n\n\n\n<h4>El\u0151jegyz\u00e9s:<\/h4>\n\n\n\n<p class=\"has-vivid-cyan-blue-color has-text-color\"><strong>0627\/620-676; 0627\/-620-677 vagy &#101;&#x6c;&#111;&#x6a;&#101;&#x67;&#121;&#x7a;e&#x73;&#64;&#x6a;a&#x76;o&#114;&#x73;&#122;&#x6b;&#121;&#x2e;&#104;&#x75;<\/strong><\/p>\n\n\n\n<p><strong>Rendel\u00e9s helye:<\/strong> <mark style=\"background-color:rgba(0, 0, 0, 0)\" class=\"has-inline-color has-vivid-cyan-blue-color\"><strong>Szakrendel\u0151 II. emelet R226<\/strong><\/mark><\/p>\n\n\n\n<figure class=\"wp-block-table is-style-stripes\"><table class=\"has-pale-cyan-blue-background-color has-background\"><thead><tr><th><strong>Orvos<\/strong><\/th><th>     <strong>H\u00e9tf\u0151<\/strong><\/th><th><strong>Kedd<\/strong><\/th><th>   <strong>Szerda<\/strong><\/th><th><strong>Cs\u00fct\u00f6rt\u00f6k<\/strong><\/th><th><strong>P\u00e9ntek<\/strong><\/th><\/tr><\/thead><tbody><tr><td><strong>Dr. Pancsira Henrietta<\/strong><\/td><td>         &#8211;<\/td><td>    &#8211;<\/td><td><strong>13:00-15:00<\/strong><br>    (v\u00e1ltoz\u00f3)<\/td><td>       &#8211;<\/td><td>     &#8211;<\/td><\/tr><tr><td><strong>Dr. Csizmadia Zolt\u00e1n<\/strong><\/td><td>          &#8211;<\/td><td>    &#8211;<\/td><td><strong>13:00-15:00<\/strong><br>    (v\u00e1ltoz\u00f3)<\/td><td>       &#8211;<\/td><td>     &#8211;<\/td><\/tr><\/tbody><\/table><\/figure>\n\n\n\n<hr class=\"wp-block-separator has-css-opacity\"\/>\n","protected":false},"excerpt":{"rendered":"<p>A belgy\u00f3gy\u00e1szat az orvostudom\u00e1ny szerte\u00e1gaz\u00f3 ter\u00fclete, amely az emberi szervezet eg\u00e9sz\u00e9t \u00e9rint\u0151 betegs\u00e9gekkel&nbsp; foglalkozik. Az emberi test bels\u0151 szerveinek (sz\u00edv- \u00e9s \u00e9rrendszer, l\u00e9gz\u0151-v\u00e9rk\u00e9pz\u0151-,em\u00e9szt\u0151szervek, m\u00e1j, bels\u0151 elv\u00e1laszt\u00e1s\u00fa mirigyek) gy\u00f3gy\u00edt\u00e1s\u00e1val ,szervek&nbsp; k\u00f3ros elv\u00e1ltoz\u00e1saival, a kialakult betegs\u00e9gek diagnosztiz\u00e1l\u00e1s\u00e1val \u00e9s azok gy\u00f3gy\u00edt\u00e1s\u00e1val foglalkozik. \u00daj beteg eset\u00e9n beutal\u00f3val, kontrolln\u00e1l ambul\u00e1ns lappal. Id\u0151pontfoglal\u00e1s sz\u00fcks\u00e9ges El\u0151jegyz\u00e9s: 0627\/620-676; 0627\/-620-677 vagy &#101;&#x6c;o&#x6a;e&#103;&#x79;&#122;&#x65;s&#64;&#x6a;&#97;&#x76;o&#x72;&#x73;&#122;&#x6b;y&#x2e;h&#117; Rendel\u00e9s helye: [&hellip;]<\/p>\n","protected":false},"author":5,"featured_media":0,"parent":0,"menu_order":0,"comment_status":"closed","ping_status":"closed","template":"","meta":[],"_links":{"self":[{"href":"http:\/\/www.javorszky.hu\/wordpress\/index.php?rest_route=\/wp\/v2\/pages\/3875"}],"collection":[{"href":"http:\/\/www.javorszky.hu\/wordpress\/index.php?rest_route=\/wp\/v2\/pages"}],"about":[{"href":"http:\/\/www.javorszky.hu\/wordpress\/index.php?rest_route=\/wp\/v2\/types\/page"}],"author":[{"embeddable":true,"href":"http:\/\/www.javorszky.hu\/wordpress\/index.php?rest_route=\/wp\/v2\/users\/5"}],"replies":[{"embeddable":true,"href":"http:\/\/www.javorszky.hu\/wordpress\/index.php?rest_route=%2Fwp%2Fv2%2Fcomments&post=3875"}],"version-history":[{"count":25,"href":"http:\/\/www.javorszky.hu\/wordpress\/index.php?rest_route=\/wp\/v2\/pages\/3875\/revisions"}],"predecessor-version":[{"id":9014,"href":"http:\/\/www.javorszky.hu\/wordpress\/index.php?rest_route=\/wp\/v2\/pages\/3875\/revisions\/9014"}],"wp:attachment":[{"href":"http:\/\/www.javorszky.hu\/wordpress\/index.php?rest_route=%2Fwp%2Fv2%2Fmedia&parent=3875"}],"curies":[{"name":"wp","href":"https:\/\/api.w.org\/{rel}","templated":true}]}}