{"id":3891,"date":"2022-06-22T10:19:21","date_gmt":"2022-06-22T08:19:21","guid":{"rendered":"http:\/\/www.javorszky.hu\/wordpress\/?page_id=3891"},"modified":"2026-03-13T10:08:29","modified_gmt":"2026-03-13T09:08:29","slug":"gyermekgyogyaszati-szakrendeles","status":"publish","type":"page","link":"http:\/\/www.javorszky.hu\/wordpress\/?page_id=3891","title":{"rendered":"Gyermekgy\u00f3gy\u00e1szati szakrendel\u00e9s"},"content":{"rendered":"\n<p class=\"has-text-align-left has-medium-font-size\" style=\"line-height:1.2\"><strong><mark style=\"background-color:rgba(0, 0, 0, 0)\" class=\"has-inline-color has-vivid-cyan-blue-color\">H\u00e1ziorvosi beutal\u00f3 sz\u00fcks\u00e9ges!<\/mark><\/strong><\/p>\n\n\n\n<p class=\"has-black-color has-text-color has-medium-font-size\" style=\"line-height:1.2\"><strong>Vizsg\u00e1latra val\u00f3 bejelentkez\u00e9s<\/strong> (Szakrendel\u0151 kartonoz\u00f3ban): <mark style=\"background-color:rgba(0, 0, 0, 0)\" class=\"has-inline-color has-vivid-cyan-blue-color\"><strong>8.00-14:00 k\u00f6z\u00f6tt<\/strong><\/mark><\/p>\n\n\n\n<p class=\"has-medium-font-size\" style=\"line-height:1.2\"><strong>Gyermekgy\u00f3gy\u00e1szati szakrendel\u00e9s: <mark style=\"background-color:rgba(0, 0, 0, 0)\" class=\"has-inline-color has-vivid-cyan-blue-color\">0627-620-620\/1466 mell\u00e9k<\/mark><\/strong><\/p>\n\n\n\n<p><strong>Rendel\u00e9s helye<\/strong>: <strong><mark style=\"background-color:rgba(0, 0, 0, 0)\" class=\"has-inline-color has-vivid-cyan-blue-color\">Szakrendel\u0151 II. emelet 243<\/mark><\/strong><\/p>\n\n\n\n<figure class=\"wp-block-table is-style-stripes\"><table class=\"has-pale-cyan-blue-background-color has-background\"><thead><tr><th><strong>Orvos <\/strong><br><strong>(szakrendel\u0151)<\/strong><\/th><th class=\"has-text-align-center\" data-align=\"center\"><strong>H\u00e9tf\u0151<\/strong><\/th><th class=\"has-text-align-center\" data-align=\"center\"><strong>Kedd<\/strong><\/th><th class=\"has-text-align-center\" data-align=\"center\"><strong>Szerda<\/strong><\/th><th class=\"has-text-align-center\" data-align=\"center\"><strong>Cs\u00fct\u00f6rt\u00f6k<\/strong><\/th><th class=\"has-text-align-center\" data-align=\"center\"><strong>P\u00e9ntek<\/strong><\/th><\/tr><\/thead><tbody><tr><td><strong>V\u00e1ltoz\u00f3<\/strong><\/td><td class=\"has-text-align-center\" data-align=\"center\"><strong>8:00-14:00<\/strong><\/td><td class=\"has-text-align-center\" data-align=\"center\"><strong>8:00-14:00<\/strong><\/td><td class=\"has-text-align-center\" data-align=\"center\"><strong>8:00-14:00<\/strong><\/td><td class=\"has-text-align-center\" data-align=\"center\"><strong>8:00-14:00<\/strong><\/td><td class=\"has-text-align-center\" data-align=\"center\"><strong>8:00-14:00<\/strong><\/td><\/tr><\/tbody><\/table><\/figure>\n\n\n<div class=\"wp-block-image\">\n<figure class=\"aligncenter size-large is-resized\"><a href=\"https:\/\/www.javorszky.hu\/wordpress\/wp-content\/uploads\/2026\/03\/gyu.png\"><img loading=\"lazy\" src=\"https:\/\/www.javorszky.hu\/wordpress\/wp-content\/uploads\/2026\/03\/gyu-1024x724.png\" alt=\"\" class=\"wp-image-9861\" width=\"721\" height=\"510\" srcset=\"http:\/\/www.javorszky.hu\/wordpress\/wp-content\/uploads\/2026\/03\/gyu-1024x724.png 1024w, http:\/\/www.javorszky.hu\/wordpress\/wp-content\/uploads\/2026\/03\/gyu-300x212.png 300w, http:\/\/www.javorszky.hu\/wordpress\/wp-content\/uploads\/2026\/03\/gyu-768x543.png 768w, http:\/\/www.javorszky.hu\/wordpress\/wp-content\/uploads\/2026\/03\/gyu-1536x1086.png 1536w, http:\/\/www.javorszky.hu\/wordpress\/wp-content\/uploads\/2026\/03\/gyu.png 2000w\" sizes=\"(max-width: 721px) 100vw, 721px\" \/><\/a><\/figure><\/div>\n\n\n<figure class=\"wp-block-image size-large\"><a href=\"https:\/\/www.javorszky.hu\/wordpress\/wp-content\/uploads\/2025\/08\/2.jpg\"><img loading=\"lazy\" width=\"1024\" height=\"1024\" src=\"https:\/\/www.javorszky.hu\/wordpress\/wp-content\/uploads\/2025\/08\/2-1024x1024.jpg\" alt=\"\" class=\"wp-image-8879\" srcset=\"http:\/\/www.javorszky.hu\/wordpress\/wp-content\/uploads\/2025\/08\/2-1024x1024.jpg 1024w, http:\/\/www.javorszky.hu\/wordpress\/wp-content\/uploads\/2025\/08\/2-300x300.jpg 300w, http:\/\/www.javorszky.hu\/wordpress\/wp-content\/uploads\/2025\/08\/2-150x150.jpg 150w, http:\/\/www.javorszky.hu\/wordpress\/wp-content\/uploads\/2025\/08\/2-768x768.jpg 768w, http:\/\/www.javorszky.hu\/wordpress\/wp-content\/uploads\/2025\/08\/2.jpg 1080w\" sizes=\"(max-width: 1024px) 100vw, 1024px\" \/><\/a><\/figure>\n\n\n\n<p><strong><em>K\u00e9rj\u00fck, hogy panaszaikkal h\u00e1ziorvosukat keress\u00e9k fel rendel\u00e9si idej\u00e9ben ,az \u00fcgyeletre csak akkor j\u00f6jjenek, ha felt\u00e9tlen sz\u00fcks\u00e9ges!<\/em><\/strong><\/p>\n\n\n\n<p><strong><u><mark style=\"background-color:rgba(0, 0, 0, 0)\" class=\"has-inline-color has-vivid-cyan-blue-color\">Indokolatlannak tekinthet\u0151 az \u00fcgyelethez fordul\u00e1s, ha a gyermeknek&nbsp;<\/mark><\/u><\/strong>:<\/p>\n\n\n\n<ul><li>m\u00e1r r\u00e9gen tart\u00f3, nem rosszabbod\u00f3 t\u00fcnetei vannak,<\/li><li>enyhe n\u00e1tha, kev\u00e9s k\u00f6h\u00f6g\u00e9s eset\u00e9n,<\/li><li>csak h\u0151emelked\u00e9se van, vagy l\u00e1za csillap\u00edthat\u00f3,<\/li><li>kev\u00e9s, nem terjed\u0151 ki\u00fct\u00e9se van, \u00e1ltal\u00e1nos \u00e1llapota j\u00f3,<\/li><li>kullancsot kell kivenni,<\/li><li>hasmen\u00e9se, nem ism\u00e9tl\u0151d\u0151 h\u00e1ny\u00e1sa, sz\u00e9kreked\u00e9se van j\u00f3 \u00e1llapot mellett,<\/li><li>recept\u00edr\u00e1s miatt: a szok\u00e1sos t\u00e1pszere, \u00e1lland\u00f3 gy\u00f3gyszere elfogyott,<\/li><li>igazol\u00e1s k\u00f6z\u00f6ss\u00e9gbe, t\u00e1boroz\u00e1shoz, sportol\u00e1shoz<\/li><li>b\u00e9lf\u00e9rgess\u00e9g kezel\u00e9se<\/li><\/ul>\n\n\n\n<p><u><strong><mark style=\"background-color:rgba(0, 0, 0, 0)\" class=\"has-inline-color has-vivid-cyan-blue-color\">Az Orsz\u00e1gos Gyermekeg\u00e9szs\u00e9g\u00fcgyi Int\u00e9zet \u00e9s a H\u00e1zi Gyermekorvosok Egyes\u00fclet\u00e9nek aj\u00e1nl\u00e1sa.<\/mark><\/strong><\/u><\/p>\n\n\n\n<p><strong>Mikor forduljunk s\u00fcrg\u0151ss\u00e9ggel gyermekgy\u00f3gy\u00e1szati ell\u00e1t\u00e1shoz, \u00fcgyelethez?<\/strong><\/p>\n\n\n\n<p><strong>Milyen esetekben forduljanak ment\u0151h\u00f6z, illetve orvosi \u00fcgyelethez?<\/strong><\/p>\n\n\n\n<p>A csecsem\u0151k \u00e9s kisgyermekek \u00e1llapota r\u00f6vid id\u0151 alatt v\u00e1ltozhat, s\u00falyosbodhat, ez\u00e9rt, ha gyermek\u00e9n\u00e9l az al\u00e1bbi aggaszt\u00f3 t\u00fcneteket tapasztalja, k\u00e9rjen miel\u0151bb seg\u00edts\u00e9get!<\/p>\n\n\n\n<p><strong><span class=\"has-inline-color has-vivid-red-color\">A ment\u0151ket riassza, \u00e9s  sz\u00fcks\u00e9g eset\u00e9n kezdje meg az els\u0151seg\u00e9lyny\u00fajt\u00e1st! Ment\u0151k: 112 (104)<\/span><\/strong> <\/p>\n\n\n\n<ul><li><p>&nbsp;Ha a gyermek nem vesz leveg\u0151t, eszm\u00e9letlen, pulzusa nem tapinthat\u00f3<\/p><\/li><li><p>Egyes l\u00e9gz\u00e9szavarok eset\u00e9n: neh\u00e9zl\u00e9gz\u00e9s, fullad\u00e1s, lesz\u00fcrk\u00fcl\u00e9s, elk\u00e9k\u00fcl\u00e9s, ugat\u00f3 k\u00f6h\u00f6g\u00e9si rohammal k\u00eds\u00e9rt neh\u00e9z, h\u00faz\u00f3 bel\u00e9gz\u00e9s, hirtelen bek\u00f6vetkez\u0151 rekedts\u00e9g k\u00ednz\u00f3 l\u00e9gszomjjal, hirtelen kialakul\u00f3 heves mellkasi f\u00e1jdalom. <\/p><\/li><li><p>S\u00e9r\u00fcl\u00e9sek, balesetek eset\u00e9n: l\u00e1that\u00f3an s\u00falyos s\u00e9r\u00fcl\u00e9s, \u00e9szlelhet\u0151 csontt\u00f6r\u00e9s, magasb\u00f3l lees\u00e9s, nagy v\u00e9rz\u00e9s, v\u00e9rveszt\u00e9s, eszm\u00e9letveszt\u00e9ses fejs\u00e9r\u00fcl\u00e9s, \u00e9g\u00e9s, forr\u00e1z\u00e1s, fagy\u00e1s, kih\u0171l\u00e9s, v\u00edzbef\u00fal\u00e1s, m\u00e9rgez\u00e9s, idegentest f\u00e9lrenyel\u00e9se, \u00e1ram\u00fct\u00e9s, \u00e1llat s\u00falyos harap\u00e1sa, k\u00edgy\u00f3 mar\u00e1sa vagy ezek gyan\u00faja.<\/p><\/li><li><p>Idegrendszeri t\u00fcnetek eset\u00e9n: eszm\u00e9letlens\u00e9g, eszm\u00e9letzavar, eszm\u00e9letzavarral j\u00e1r\u00f3 izomr\u00e1ngat\u00f3z\u00e1sok, felt\u0171n\u0151 alusz\u00e9konys\u00e1g, szokatlan heves nyugtalans\u00e1g, merev tark\u00f3, csillap\u00edthatatlan fejf\u00e1j\u00e1s, er\u0151s k\u00ednz\u00f3 sz\u00e9d\u00fcl\u00e9s, hirtelen l\u00e1t\u00e1szavar, kett\u0151s l\u00e1t\u00e1s, \u00f6ngyilkoss\u00e1gi k\u00eds\u00e9rlet. <\/p><\/li><\/ul>\n\n\n\n<p><strong><span class=\"has-inline-color has-vivid-red-color\">\u00dcgyelethez forduljon els\u0151sorban!<\/span><\/strong><\/p>\n\n\n\n<ul><li>Egyes l\u00e1zas \u00e1llapotok eset\u00e9n: l\u00e1z 3 h\u00f3naposn\u00e1l fiatalabb csecsem\u0151n\u00e9l, nagyobb gyermekn\u00e9l 3 napon t\u00fali, illetve szab\u00e1lyos l\u00e1zcsillap\u00edt\u00e1s ellen\u00e9re sem enyh\u00fcl\u0151 magas l\u00e1z, \u00e9s s\u00falyos, elesett \u00e1llapottal j\u00e1r\u00f3 l\u00e1z.<\/li><li>Egyes l\u00e9g\u00fati t\u00fcnetek eset\u00e9n: k\u00ednz\u00f3, nem csillapod\u00f3 k\u00f6h\u00f6g\u00e9s, nehez\u00edtett ugat\u00f3 k\u00f6h\u00f6g\u00e9s, s\u00edpol\u00f3 neh\u00e9zl\u00e9gz\u00e9s, l\u00e9g\u00fati betegs\u00e9gben hirtelen rosszabbod\u00e1s, f\u00e1jdalomcsillap\u00edt\u00e1s ellen\u00e9re is fenn\u00e1ll\u00f3 k\u00ednz\u00f3 f\u00fclf\u00e1j\u00e1s.<\/li><li>Hasi t\u00fcnetek eset\u00e9n: csillap\u00edthatatlan g\u00f6rcs\u00f6s hasf\u00e1j\u00e1s, k\u00ednz\u00f3 haspuffad\u00e1s, szelek elakad\u00e1sa, s\u00falyos, ism\u00e9tl\u0151d\u0151 h\u00e1ny\u00e1s, hasmen\u00e9s (kisz\u00e1rad\u00e1sra utal, ha t\u00f6bb \u00f3r\u00e1ja sz\u00e1raz a pelenka), csecsem\u0151n\u00e9l v\u00e9res sz\u00e9klet, er\u0151s alhasi f\u00e1jdalom, er\u0151s n\u0151gy\u00f3gy\u00e1szati v\u00e9rz\u00e9s, a here f\u00e1jdalmas duzzanata eset\u00e9n.<\/li><li>Vizelet\u00fcr\u00edt\u00e9si zavarok eset\u00e9n: vizelet\u00fcr\u00edt\u00e9s t\u00f6bb,&nbsp;mint 12 \u00f3r\u00e1s hi\u00e1nya, gyakori f\u00e1jdalmas vizel\u00e9s l\u00e1zzal, v\u00e9res vizelet nagy hasi f\u00e1jdalommal.<\/li><li>Vesz\u00e9lyes allergi\u00e1s \u00e1llapot eset\u00e9n: hirtelen bek\u00f6vetkez\u0151, rekedts\u00e9ggel j\u00e1r\u00f3 nehez\u00edtett bel\u00e9gz\u00e9s, rovarcs\u00edp\u00e9s kifejezett fej\/nyak \u00e9s szemh\u00e9j duzzanattal, nagy testfel\u00fcletre kiterjed\u0151 csal\u00e1nki\u00fct\u00e9s.<\/li><li>Egyes b\u0151rt\u00fcnetek eset\u00e9n: terjed\u0151 b\u0151rv\u00e9rz\u00e9sek, s\u00e1rgas\u00e1g, kiterjedt b\u0151rki\u00fct\u00e9sek l\u00e1zzal.<\/li><li>Szoci\u00e1lis s\u00fcrg\u0151ss\u00e9g eset\u00e9n: ha a gyermeket fel\u00fcgyelet n\u00e9lk\u00fcl hagyj\u00e1k, elhanyagol\u00e1s, b\u00e1ntalmaz\u00e1s jelei vannak.<\/li><\/ul>\n\n\n<div class=\"wp-block-image\">\n<figure class=\"aligncenter size-large\"><a href=\"https:\/\/www.javorszky.hu\/wordpress\/wp-content\/uploads\/2025\/08\/10-javitott-1.jpg\"><img loading=\"lazy\" width=\"724\" height=\"1024\" src=\"https:\/\/www.javorszky.hu\/wordpress\/wp-content\/uploads\/2025\/08\/10-javitott-1-724x1024.jpg\" alt=\"\" class=\"wp-image-8931\" srcset=\"http:\/\/www.javorszky.hu\/wordpress\/wp-content\/uploads\/2025\/08\/10-javitott-1-724x1024.jpg 724w, http:\/\/www.javorszky.hu\/wordpress\/wp-content\/uploads\/2025\/08\/10-javitott-1-212x300.jpg 212w, http:\/\/www.javorszky.hu\/wordpress\/wp-content\/uploads\/2025\/08\/10-javitott-1-768x1086.jpg 768w, http:\/\/www.javorszky.hu\/wordpress\/wp-content\/uploads\/2025\/08\/10-javitott-1-1086x1536.jpg 1086w, http:\/\/www.javorszky.hu\/wordpress\/wp-content\/uploads\/2025\/08\/10-javitott-1.jpg 1414w\" sizes=\"(max-width: 724px) 100vw, 724px\" \/><\/a><\/figure><\/div>","protected":false},"excerpt":{"rendered":"<p>H\u00e1ziorvosi beutal\u00f3 sz\u00fcks\u00e9ges! Vizsg\u00e1latra val\u00f3 bejelentkez\u00e9s (Szakrendel\u0151 kartonoz\u00f3ban): 8.00-14:00 k\u00f6z\u00f6tt Gyermekgy\u00f3gy\u00e1szati szakrendel\u00e9s: 0627-620-620\/1466 mell\u00e9k Rendel\u00e9s helye: Szakrendel\u0151 II. emelet 243 Orvos (szakrendel\u0151) H\u00e9tf\u0151 Kedd Szerda Cs\u00fct\u00f6rt\u00f6k P\u00e9ntek V\u00e1ltoz\u00f3 8:00-14:00 8:00-14:00 8:00-14:00 8:00-14:00 8:00-14:00 K\u00e9rj\u00fck, hogy panaszaikkal h\u00e1ziorvosukat keress\u00e9k fel rendel\u00e9si idej\u00e9ben ,az \u00fcgyeletre csak akkor j\u00f6jjenek, ha felt\u00e9tlen sz\u00fcks\u00e9ges! Indokolatlannak tekinthet\u0151 az \u00fcgyelethez fordul\u00e1s, ha [&hellip;]<\/p>\n","protected":false},"author":5,"featured_media":0,"parent":0,"menu_order":0,"comment_status":"closed","ping_status":"closed","template":"","meta":[],"_links":{"self":[{"href":"http:\/\/www.javorszky.hu\/wordpress\/index.php?rest_route=\/wp\/v2\/pages\/3891"}],"collection":[{"href":"http:\/\/www.javorszky.hu\/wordpress\/index.php?rest_route=\/wp\/v2\/pages"}],"about":[{"href":"http:\/\/www.javorszky.hu\/wordpress\/index.php?rest_route=\/wp\/v2\/types\/page"}],"author":[{"embeddable":true,"href":"http:\/\/www.javorszky.hu\/wordpress\/index.php?rest_route=\/wp\/v2\/users\/5"}],"replies":[{"embeddable":true,"href":"http:\/\/www.javorszky.hu\/wordpress\/index.php?rest_route=%2Fwp%2Fv2%2Fcomments&post=3891"}],"version-history":[{"count":35,"href":"http:\/\/www.javorszky.hu\/wordpress\/index.php?rest_route=\/wp\/v2\/pages\/3891\/revisions"}],"predecessor-version":[{"id":9862,"href":"http:\/\/www.javorszky.hu\/wordpress\/index.php?rest_route=\/wp\/v2\/pages\/3891\/revisions\/9862"}],"wp:attachment":[{"href":"http:\/\/www.javorszky.hu\/wordpress\/index.php?rest_route=%2Fwp%2Fv2%2Fmedia&parent=3891"}],"curies":[{"name":"wp","href":"https:\/\/api.w.org\/{rel}","templated":true}]}}