{"id":3900,"date":"2022-06-22T10:52:38","date_gmt":"2022-06-22T08:52:38","guid":{"rendered":"http:\/\/www.javorszky.hu\/wordpress\/?page_id=3900"},"modified":"2026-01-05T13:17:22","modified_gmt":"2026-01-05T12:17:22","slug":"diabetologiai-szakrendeles","status":"publish","type":"page","link":"http:\/\/www.javorszky.hu\/wordpress\/?page_id=3900","title":{"rendered":"Diabetol\u00f3giai szakrendel\u00e9s"},"content":{"rendered":"\n<p>A diabetol\u00f3gia a cukorh\u00e1ztart\u00e1s zavaraival, illetve a&nbsp;<a rel=\"noreferrer noopener\" href=\"https:\/\/medicover.hu\/gyakori-betegsegek\/cukorbetegseg\/\" target=\"_blank\">c<\/a>ukorbetegs\u00e9g&nbsp;megel\u0151z\u00e9s\u00e9vel, kezel\u00e9s\u00e9vel, valamint sz\u00f6v\u0151dm\u00e9nyeivel foglalkozik. A cukorbetegs\u00e9g eset\u00e9ben megk\u00fcl\u00f6nb\u00f6ztet\u00fcnk egym\u00e1st\u00f3l prediab\u00e9teszt (cukorbetegs\u00e9get megel\u0151z\u0151 \u00e1llapot, ahol a v\u00e9rcukorszint magasabb a norm\u00e1l \u00e9rt\u00e9kn\u00e9l), terhess\u00e9gi diab\u00e9teszt, valamint<a rel=\"noreferrer noopener\" href=\"https:\/\/medicoverkorhaz.hu\/egeszseg-a-z\/1-es-tipusu-cukorbetegseg\" target=\"_blank\">&nbsp;<\/a>1-es t\u00edpus\u00fa diab\u00e9teszt, \u00e9s&nbsp;2-es t\u00edpus\u00fa cukorbetegs\u00e9get.&nbsp;<\/p>\n\n\n\n<p>A szakrendel\u00e9sen 1-es \u00e9s 2-es t\u00edpus\u00fa cukorbetegek, prediab\u00e9teszes, valamint a  terhess\u00e9gi diab\u00e9teszben szenved\u0151 p\u00e1ciensek kivizsg\u00e1l\u00e1sa, ell\u00e1t\u00e1sa \u00e9s gondoz\u00e1sa t\u00f6rt\u00e9nik.<\/p>\n\n\n\n<p>Gy\u00f3gyszeres kezel\u00e9s be\u00e1ll\u00edt\u00e1sa mellett Dietetikus seg\u00edts\u00e9g\u00e9vel \u00e9trendi, \u00e9letm\u00f3dbeli tan\u00e1csokat adunk, hogy betegeink min\u00e9l optim\u00e1lisabb szinten tarts\u00e1k v\u00e9rcukor \u00e9rt\u00e9k\u00fcket, ezzel megel\u0151zhess\u00e9k a sz\u00f6v\u0151dm\u00e9nyek kialakul\u00e1s\u00e1t.<\/p>\n\n\n\n<p>Inzulinkezel\u00e9sre \u00e1ll\u00edtott betegek d\u00f3zis be\u00e1ll\u00edt\u00e1sa, gyakorlati oktat\u00e1sa \u00e9s pszich\u00e9s t\u00e1mogat\u00e1sa is a feladatunk k\u00f6z\u00e9 tartozik.<\/p>\n\n\n\n<p>Oktat\u00e1s keret\u00e9ben megismertetj\u00fck betegeinkkel az inzulinbead\u00e1s, a v\u00e9rcukorm\u00e9r\u00e9s technik\u00e1j\u00e1t, \u00e9s ezeket az ismereteket folyamatosan igyeksz\u00fcnk szinten tartani, friss\u00edteni.<\/p>\n\n\n\n<h5 class=\"has-vivid-cyan-blue-color has-text-color\"><strong>\u00daj beteg eset\u00e9n beutal\u00f3val, kontrolln\u00e1l ambul\u00e1ns lappal.<strong><strong> Id\u0151pontfoglal\u00e1s sz\u00fcks\u00e9ges<\/strong><\/strong> <\/strong><\/h5>\n\n\n\n<h4 class=\"has-black-color has-text-color\">El\u0151jegyz\u00e9s: <strong><mark style=\"background-color:rgba(0, 0, 0, 0)\" class=\"has-inline-color has-vivid-cyan-blue-color\">0627\/620-676; 0627\/-620-677 vagy <\/mark><\/strong>eloj&#101;&#103;&#121;&#122;&#101;&#x73;&#x40;&#x6a;&#x61;&#x76;&#x6f;&#x72;szky&#46;&#104;&#117;<\/h4>\n\n\n\n<p><strong>Rendel\u00e9s helye:<\/strong> <strong><mark style=\"background-color:rgba(0, 0, 0, 0)\" class=\"has-inline-color has-vivid-cyan-blue-color\">Szakrendel\u0151 II. emelet R226 <\/mark><\/strong><\/p>\n\n\n\n<figure class=\"wp-block-table is-style-stripes\"><table class=\"has-black-color has-pale-cyan-blue-background-color has-text-color has-background\"><thead><tr><th><strong>Orvos<\/strong><\/th><th><strong>H\u00e9tf\u0151<\/strong><\/th><th><strong>Kedd<\/strong><\/th><th><strong>Szerda<\/strong><\/th><th><strong>Cs\u00fct\u00f6rt\u00f6k<\/strong><\/th><th><strong>P\u00e9ntek<\/strong><\/th><\/tr><\/thead><tbody><tr><td><strong>Dr. Drenyovszki Zita<\/strong><\/td><td><strong>9:00-13:00<\/strong><\/td><td><strong>9:00-13:00<\/strong><\/td><td><strong>9:00-13:00<\/strong><\/td><td><strong>9:00-13:00<\/strong><\/td><td><strong>9:00-12:00<\/strong><\/td><\/tr><\/tbody><\/table><\/figure>\n\n\n\n<hr class=\"wp-block-separator has-css-opacity\"\/>\n","protected":false},"excerpt":{"rendered":"<p>A diabetol\u00f3gia a cukorh\u00e1ztart\u00e1s zavaraival, illetve a&nbsp;cukorbetegs\u00e9g&nbsp;megel\u0151z\u00e9s\u00e9vel, kezel\u00e9s\u00e9vel, valamint sz\u00f6v\u0151dm\u00e9nyeivel foglalkozik. A cukorbetegs\u00e9g eset\u00e9ben megk\u00fcl\u00f6nb\u00f6ztet\u00fcnk egym\u00e1st\u00f3l prediab\u00e9teszt (cukorbetegs\u00e9get megel\u0151z\u0151 \u00e1llapot, ahol a v\u00e9rcukorszint magasabb a norm\u00e1l \u00e9rt\u00e9kn\u00e9l), terhess\u00e9gi diab\u00e9teszt, valamint&nbsp;1-es t\u00edpus\u00fa diab\u00e9teszt, \u00e9s&nbsp;2-es t\u00edpus\u00fa cukorbetegs\u00e9get.&nbsp; A szakrendel\u00e9sen 1-es \u00e9s 2-es t\u00edpus\u00fa cukorbetegek, prediab\u00e9teszes, valamint a terhess\u00e9gi diab\u00e9teszben szenved\u0151 p\u00e1ciensek kivizsg\u00e1l\u00e1sa, ell\u00e1t\u00e1sa \u00e9s gondoz\u00e1sa t\u00f6rt\u00e9nik. Gy\u00f3gyszeres [&hellip;]<\/p>\n","protected":false},"author":5,"featured_media":0,"parent":0,"menu_order":0,"comment_status":"closed","ping_status":"closed","template":"","meta":[],"_links":{"self":[{"href":"http:\/\/www.javorszky.hu\/wordpress\/index.php?rest_route=\/wp\/v2\/pages\/3900"}],"collection":[{"href":"http:\/\/www.javorszky.hu\/wordpress\/index.php?rest_route=\/wp\/v2\/pages"}],"about":[{"href":"http:\/\/www.javorszky.hu\/wordpress\/index.php?rest_route=\/wp\/v2\/types\/page"}],"author":[{"embeddable":true,"href":"http:\/\/www.javorszky.hu\/wordpress\/index.php?rest_route=\/wp\/v2\/users\/5"}],"replies":[{"embeddable":true,"href":"http:\/\/www.javorszky.hu\/wordpress\/index.php?rest_route=%2Fwp%2Fv2%2Fcomments&post=3900"}],"version-history":[{"count":37,"href":"http:\/\/www.javorszky.hu\/wordpress\/index.php?rest_route=\/wp\/v2\/pages\/3900\/revisions"}],"predecessor-version":[{"id":9487,"href":"http:\/\/www.javorszky.hu\/wordpress\/index.php?rest_route=\/wp\/v2\/pages\/3900\/revisions\/9487"}],"wp:attachment":[{"href":"http:\/\/www.javorszky.hu\/wordpress\/index.php?rest_route=%2Fwp%2Fv2%2Fmedia&parent=3900"}],"curies":[{"name":"wp","href":"https:\/\/api.w.org\/{rel}","templated":true}]}}

Diabetológiai szakrendelés

<p>A diabetológia a cukorháztartás zavaraival, illetve a&nbsp;<a rel="noreferrer noopener" href="https://medicover.hu/gyakori-betegsegek/cukorbetegseg/" target="_blank">c</a>ukorbetegség&nbsp;megelőzésével, kezelésével, valamint szövődményeivel foglalkozik. A cukorbetegség esetében megkülönböztetünk egymástól prediabéteszt (cukorbetegséget megelőző állapot, ahol a vércukorszint magasabb a normál értéknél), terhességi diabéteszt, valamint<a rel="noreferrer noopener" href="https://medicoverkorhaz.hu/egeszseg-a-z/1-es-tipusu-cukorbetegseg" target="_blank">&nbsp;</a>1-es típusú diabéteszt, és&nbsp;2-es típusú cukorbetegséget.&nbsp;</p>



<p>A szakrendelésen 1-es és 2-es típusú cukorbetegek, prediabéteszes, valamint a  terhességi diabéteszben szenvedő páciensek kivizsgálása, ellátása és gondozása történik.</p>



<p>Gyógyszeres kezelés beállítása mellett Dietetikus segítségével étrendi, életmódbeli tanácsokat adunk, hogy betegeink minél optimálisabb szinten tartsák vércukor értéküket, ezzel megelőzhessék a szövődmények kialakulását.</p>



<p>Inzulinkezelésre állított betegek dózis beállítása, gyakorlati oktatása és pszichés támogatása is a feladatunk közé tartozik.</p>



<p>Oktatás keretében megismertetjük betegeinkkel az inzulinbeadás, a vércukormérés technikáját, és ezeket az ismereteket folyamatosan igyekszünk szinten tartani, frissíteni.</p>



<h5 class="has-vivid-cyan-blue-color has-text-color"><strong>Új beteg esetén beutalóval, kontrollnál ambuláns lappal.<strong><strong> Időpontfoglalás szükséges</strong></strong> </strong></h5>



<h4 class="has-black-color has-text-color">Előjegyzés: <strong><mark style="background-color:rgba(0, 0, 0, 0)" class="has-inline-color has-vivid-cyan-blue-color">0627/620-676; 0627/-620-677 vagy </mark></strong>eloj&#101;&#103;&#121;&#122;&#101;&#x73;&#x40;&#x6a;&#x61;&#x76;&#x6f;&#x72;szky&#46;&#104;&#117;</h4>



<p><strong>Rendelés helye:</strong> <strong><mark style="background-color:rgba(0, 0, 0, 0)" class="has-inline-color has-vivid-cyan-blue-color">Szakrendelő II. emelet R226 </mark></strong></p>



<figure class="wp-block-table is-style-stripes"><table class="has-black-color has-pale-cyan-blue-background-color has-text-color has-background"><thead><tr><th><strong>Orvos</strong></th><th><strong>Hétfő</strong></th><th><strong>Kedd</strong></th><th><strong>Szerda</strong></th><th><strong>Csütörtök</strong></th><th><strong>Péntek</strong></th></tr></thead><tbody><tr><td><strong>Dr. Drenyovszki Zita</strong></td><td><strong>9:00-13:00</strong></td><td><strong>9:00-13:00</strong></td><td><strong>9:00-13:00</strong></td><td><strong>9:00-13:00</strong></td><td><strong>9:00-12:00</strong></td></tr></tbody></table></figure>



<hr class="wp-block-separator has-css-opacity"/>

<p>A diabetológia a cukorháztartás zavaraival, illetve a&nbsp;cukorbetegség&nbsp;megelőzésével, kezelésével, valamint szövődményeivel foglalkozik. A cukorbetegség esetében megkülönböztetünk egymástól prediabéteszt (cukorbetegséget megelőző állapot, ahol a vércukorszint magasabb a normál értéknél), terhességi diabéteszt, valamint&nbsp;1-es típusú diabéteszt, és&nbsp;2-es típusú cukorbetegséget.&nbsp; A szakrendelésen 1-es és 2-es típusú cukorbetegek, prediabéteszes, valamint a terhességi diabéteszben szenvedő páciensek kivizsgálása, ellátása és gondozása történik. Gyógyszeres [&hellip;]</p>
