{"id":4008,"date":"2022-06-23T09:10:58","date_gmt":"2022-06-23T07:10:58","guid":{"rendered":"http:\/\/www.javorszky.hu\/wordpress\/?page_id=4008"},"modified":"2022-09-26T08:38:36","modified_gmt":"2022-09-26T06:38:36","slug":"elektrofiziologiai-vizsgalatok-eeg-emg-eng","status":"publish","type":"page","link":"http:\/\/www.javorszky.hu\/wordpress\/?page_id=4008","title":{"rendered":"Elektrofiziol\u00f3giai vizsg\u00e1latok- EEG, EMG, ENG"},"content":{"rendered":"\n<p><strong><span class=\"has-inline-color has-vivid-cyan-blue-color\">Elektroencefalogr\u00e1fia (EEG)<\/span><\/strong><\/p>\n\n\n\n<p>Az&nbsp;<strong>EEG olyan elektrofiziol\u00f3giai m\u00e9r\u0151eszk\u00f6z<\/strong>, amellyel az idegsejtek elektromos aktivit\u00e1s\u00e1t val\u00f3s id\u0151ben lehet regisztr\u00e1lni. Els\u0151sorban ismeretlen eredet\u0171 eszm\u00e9letveszt\u00e9sek vagy&nbsp;epilepszia&nbsp;gyan\u00faja eset\u00e9n van sz\u00fcks\u00e9g erre a vizsg\u00e1latra, hogy meger\u0151s\u00edts\u00e9k vagy kiz\u00e1rj\u00e1k egyes betegs\u00e9gek jelenl\u00e9t\u00e9t.<\/p>\n\n\n\n<p><strong><span class=\"has-inline-color has-vivid-cyan-blue-color\">Elektroneurogr\u00e1fia\/elektromiogr\u00e1fia (EMG)<\/span><\/strong><\/p>\n\n\n\n<p>A vizsg\u00e1lattal az izmok m\u0171k\u00f6d\u00e9s\u00e9r\u0151l kapunk inform\u00e1ci\u00f3t, itt elektromos ingerl\u00e9s nem t\u00f6rt\u00e9nik. A vizsg\u00e1lat l\u00e9nyege, hogy az izomba v\u00e9kony t\u0171elektr\u00f3d\u00e1t sz\u00farunk \u00e9s nyugalomban, valamint az izmok akaratlagos m\u0171k\u00f6dtet\u00e9se sor\u00e1n nyert v\u00e1laszt vezetj\u00fck el \u00e9s ezt elemezz\u00fck.&nbsp;<\/p>\n\n\n\n<p><strong><span class=\"has-inline-color has-vivid-cyan-blue-color\">Elektroneurogr\u00e1fia(ENG)<\/span><\/strong><\/p>\n\n\n\n<p>A k\u00f6rny\u00e9ki idegek \u00e1llapot\u00e1t, m\u0171k\u00f6d\u00e9s\u00e9t vizsg\u00e1lja sz\u00e1mos param\u00e9ter seg\u00edts\u00e9g\u00e9vel. Az idegek vezet\u00e9si sebess\u00e9g\u00e9r\u0151l, illetve a kialakult \u00e9s az idegek ment\u00e9n tovafut\u00f3 inger\u00fclet nagys\u00e1g\u00e1r\u00f3l ad felvil\u00e1gos\u00edt\u00e1st, amelynek elt\u00e9r\u00e9sei az idegrendszer k\u00fcl\u00f6nb\u00f6z\u0151 k\u00f3r\u00e1llapotaira utalnak. A m\u00f3dszerrel mozgat\u00f3- \u00e9s \u00e9rz\u0151idegek is vizsg\u00e1lhat\u00f3k.<\/p>\n\n\n\n<p><\/p>\n\n\n\n<h4 class=\"has-vivid-cyan-blue-color has-text-color\"><strong>A <strong><strong>Beutal\u00f3 k\u00f6teles, id\u0151pontfoglal\u00e1s sz\u00fcks\u00e9ges<\/strong><\/strong> <\/strong><\/h4>\n\n\n\n<h4>Rendel\u00e9s helye: <\/h4>\n\n\n\n<p class=\"has-vivid-cyan-blue-color has-text-color\"><strong>K\u00f3rh\u00e1z III. emelet A315<\/strong><\/p>\n\n\n\n<h4 class=\"has-black-color has-text-color\">El\u0151jegyz\u00e9s:<\/h4>\n\n\n\n<p class=\"has-vivid-cyan-blue-color has-text-color\"><strong>0627\/620-620\/1382 mell\u00e9k<\/strong><\/p>\n\n\n\n<figure class=\"wp-block-table is-style-stripes\"><table class=\"has-black-color has-text-color\"><thead><tr><th><strong>H\u00e9tf\u0151<\/strong><\/th><th><strong>Kedd<\/strong><\/th><th><strong>Szerda<\/strong><\/th><th><strong>Cs\u00fct\u00f6rt\u00f6k<\/strong><\/th><th><strong>P\u00e9ntek<\/strong><\/th><\/tr><\/thead><tbody><tr><td><strong>8:00-14:30<\/strong><\/td><td><strong>8:00-14:30<\/strong><\/td><td><strong>8:00-14:30<\/strong><\/td><td><strong>8:00-14:30<\/strong><\/td><td><strong>8:00-14:30<\/strong><\/td><\/tr><\/tbody><\/table><\/figure>\n\n\n\n<hr class=\"wp-block-separator has-css-opacity\"\/>\n","protected":false},"excerpt":{"rendered":"<p>Elektroencefalogr\u00e1fia (EEG) Az&nbsp;EEG olyan elektrofiziol\u00f3giai m\u00e9r\u0151eszk\u00f6z, amellyel az idegsejtek elektromos aktivit\u00e1s\u00e1t val\u00f3s id\u0151ben lehet regisztr\u00e1lni. Els\u0151sorban ismeretlen eredet\u0171 eszm\u00e9letveszt\u00e9sek vagy&nbsp;epilepszia&nbsp;gyan\u00faja eset\u00e9n van sz\u00fcks\u00e9g erre a vizsg\u00e1latra, hogy meger\u0151s\u00edts\u00e9k vagy kiz\u00e1rj\u00e1k egyes betegs\u00e9gek jelenl\u00e9t\u00e9t. Elektroneurogr\u00e1fia\/elektromiogr\u00e1fia (EMG) A vizsg\u00e1lattal az izmok m\u0171k\u00f6d\u00e9s\u00e9r\u0151l kapunk inform\u00e1ci\u00f3t, itt elektromos ingerl\u00e9s nem t\u00f6rt\u00e9nik. A vizsg\u00e1lat l\u00e9nyege, hogy az izomba v\u00e9kony t\u0171elektr\u00f3d\u00e1t [&hellip;]<\/p>\n","protected":false},"author":5,"featured_media":0,"parent":0,"menu_order":0,"comment_status":"closed","ping_status":"closed","template":"","meta":[],"_links":{"self":[{"href":"http:\/\/www.javorszky.hu\/wordpress\/index.php?rest_route=\/wp\/v2\/pages\/4008"}],"collection":[{"href":"http:\/\/www.javorszky.hu\/wordpress\/index.php?rest_route=\/wp\/v2\/pages"}],"about":[{"href":"http:\/\/www.javorszky.hu\/wordpress\/index.php?rest_route=\/wp\/v2\/types\/page"}],"author":[{"embeddable":true,"href":"http:\/\/www.javorszky.hu\/wordpress\/index.php?rest_route=\/wp\/v2\/users\/5"}],"replies":[{"embeddable":true,"href":"http:\/\/www.javorszky.hu\/wordpress\/index.php?rest_route=%2Fwp%2Fv2%2Fcomments&post=4008"}],"version-history":[{"count":8,"href":"http:\/\/www.javorszky.hu\/wordpress\/index.php?rest_route=\/wp\/v2\/pages\/4008\/revisions"}],"predecessor-version":[{"id":4925,"href":"http:\/\/www.javorszky.hu\/wordpress\/index.php?rest_route=\/wp\/v2\/pages\/4008\/revisions\/4925"}],"wp:attachment":[{"href":"http:\/\/www.javorszky.hu\/wordpress\/index.php?rest_route=%2Fwp%2Fv2%2Fmedia&parent=4008"}],"curies":[{"name":"wp","href":"https:\/\/api.w.org\/{rel}","templated":true}]}}

Elektrofiziológiai vizsgálatok- EEG, EMG, ENG

<p><strong><span class="has-inline-color has-vivid-cyan-blue-color">Elektroencefalográfia (EEG)</span></strong></p>



<p>Az&nbsp;<strong>EEG olyan elektrofiziológiai mérőeszköz</strong>, amellyel az idegsejtek elektromos aktivitását valós időben lehet regisztrálni. Elsősorban ismeretlen eredetű eszméletvesztések vagy&nbsp;epilepszia&nbsp;gyanúja esetén van szükség erre a vizsgálatra, hogy megerősítsék vagy kizárják egyes betegségek jelenlétét.</p>



<p><strong><span class="has-inline-color has-vivid-cyan-blue-color">Elektroneurográfia/elektromiográfia (EMG)</span></strong></p>



<p>A vizsgálattal az izmok működéséről kapunk információt, itt elektromos ingerlés nem történik. A vizsgálat lényege, hogy az izomba vékony tűelektródát szúrunk és nyugalomban, valamint az izmok akaratlagos működtetése során nyert választ vezetjük el és ezt elemezzük.&nbsp;</p>



<p><strong><span class="has-inline-color has-vivid-cyan-blue-color">Elektroneurográfia(ENG)</span></strong></p>



<p>A környéki idegek állapotát, működését vizsgálja számos paraméter segítségével. Az idegek vezetési sebességéről, illetve a kialakult és az idegek mentén tovafutó ingerület nagyságáról ad felvilágosítást, amelynek eltérései az idegrendszer különböző kórállapotaira utalnak. A módszerrel mozgató- és érzőidegek is vizsgálhatók.</p>



<p></p>



<h4 class="has-vivid-cyan-blue-color has-text-color"><strong>A <strong><strong>Beutaló köteles, időpontfoglalás szükséges</strong></strong> </strong></h4>



<h4>Rendelés helye: </h4>



<p class="has-vivid-cyan-blue-color has-text-color"><strong>Kórház III. emelet A315</strong></p>



<h4 class="has-black-color has-text-color">Előjegyzés:</h4>



<p class="has-vivid-cyan-blue-color has-text-color"><strong>0627/620-620/1382 mellék</strong></p>



<figure class="wp-block-table is-style-stripes"><table class="has-black-color has-text-color"><thead><tr><th><strong>Hétfő</strong></th><th><strong>Kedd</strong></th><th><strong>Szerda</strong></th><th><strong>Csütörtök</strong></th><th><strong>Péntek</strong></th></tr></thead><tbody><tr><td><strong>8:00-14:30</strong></td><td><strong>8:00-14:30</strong></td><td><strong>8:00-14:30</strong></td><td><strong>8:00-14:30</strong></td><td><strong>8:00-14:30</strong></td></tr></tbody></table></figure>



<hr class="wp-block-separator has-css-opacity"/>

<p>Elektroencefalográfia (EEG) Az&nbsp;EEG olyan elektrofiziológiai mérőeszköz, amellyel az idegsejtek elektromos aktivitását valós időben lehet regisztrálni. Elsősorban ismeretlen eredetű eszméletvesztések vagy&nbsp;epilepszia&nbsp;gyanúja esetén van szükség erre a vizsgálatra, hogy megerősítsék vagy kizárják egyes betegségek jelenlétét. Elektroneurográfia/elektromiográfia (EMG) A vizsgálattal az izmok működéséről kapunk információt, itt elektromos ingerlés nem történik. A vizsgálat lényege, hogy az izomba vékony tűelektródát [&hellip;]</p>
