{"id":4012,"date":"2022-06-23T09:21:49","date_gmt":"2022-06-23T07:21:49","guid":{"rendered":"http:\/\/www.javorszky.hu\/wordpress\/?page_id=4012"},"modified":"2025-09-16T08:58:45","modified_gmt":"2025-09-16T06:58:45","slug":"ful-orr-gegeszeti-szakrendeles","status":"publish","type":"page","link":"http:\/\/www.javorszky.hu\/wordpress\/?page_id=4012","title":{"rendered":"F\u00fcl-orr-g\u00e9g\u00e9szeti szakrendel\u00e9s"},"content":{"rendered":"\n<p>A f\u00fcl-orr-g\u00e9g\u00e9szet szakter\u00fclet\u00e9hez a sz\u00e1j\u00fcreg \u00e9s a ny\u00e1lmirigyek, a garat, a g\u00e9ge megbeteged\u00e9sei, a hangk\u00e9pz\u00e9si zavarok, az allergi\u00e1s panaszok, a f\u00fcl, az orr \u00e9s mell\u00e9k\u00fcregei valamint a szagl\u00e1s \u00e9s \u00edz\u00e9rz\u00e9s vizsg\u00e1latai tartoznak.<\/p>\n\n\n\n<p><strong><em>Milyen panaszokkal forduljunk f\u00fcl-orr-g\u00e9g\u00e9szhez?<\/em><\/strong><\/p>\n\n\n\n<ul><li>t\u00fcneti kezel\u00e9sre nem javul\u00f3 n\u00e1tha,<\/li><li>allergi\u00e1s t\u00fcnetek (orrdugul\u00e1s, orrfoly\u00e1s, t\u00fcssz\u00f6g\u00e9s stb.),<\/li><li>arcf\u00e1jdalom,<\/li><li>fejf\u00e1j\u00e1s,<\/li><li>f\u00fclf\u00e1j\u00e1s, f\u00fcldugul\u00e1s,<\/li><li>f\u00fclz\u00fag\u00e1s, sz\u00e9d\u00fcl\u00e9s,<\/li><li>hall\u00e1sroml\u00e1s,<\/li><li>rekedts\u00e9g<\/li><li>szagl\u00e1s cs\u00f6kken\u00e9se,<\/li><li>orrv\u00e9rz\u00e9s,<\/li><li>horkol\u00e1s,<\/li><li>nyaki duzzanatok, csom\u00f3k<\/li><\/ul>\n\n\n\n<p class=\"has-text-align-center has-vivid-cyan-blue-color has-text-color\"><strong><mark style=\"background-color:rgba(0, 0, 0, 0)\" class=\"has-inline-color has-vivid-red-color\">A rendel\u00e9s beutal\u00f3 n\u00e9lk\u00fcl felkereshet\u0151, de id\u0151pontfoglal\u00e1s sz\u00fcks\u00e9ges!<\/mark><\/strong><\/p>\n\n\n\n<p>I<strong>d\u0151pontot tudnak foglalni az <mark style=\"background-color:rgba(0, 0, 0, 0)\" class=\"has-inline-color has-vivid-cyan-blue-color\">Eg\u00e9szs\u00e9gablakba<\/mark>n vagy a <mark style=\"background-color:rgba(0, 0, 0, 0)\" class=\"has-inline-color has-vivid-cyan-blue-color\">1812-<\/mark>es korm\u00e1nyzati sz\u00e1mon!<\/strong><\/p>\n\n\n\n<p><strong>Ter\u00fcleti ell\u00e1t\u00e1si k\u00f6telezetts\u00e9g&nbsp;<\/strong>a<a href=\"http:\/\/www.javorszky.hu\/wordpress\/wp-content\/uploads\/2025\/03\/25-2025-kormanyrendelet.pdf\">&nbsp;29\/2025. sz\u00e1m\u00fa Korm\u00e1nyrendelet<\/a>&nbsp;alapj\u00e1n az EESZT&nbsp;<strong>digit\u00e1lis id\u0151pontfoglal\u00e1si rendszerben nincs,<\/strong>&nbsp;\u00edgy&nbsp;<strong><mark>b\u00e1rmely m\u00e1s int\u00e9zm\u00e9ny is tudja fogadni \u00d6n\u00f6ket!<\/mark><\/strong><\/p>\n\n\n\n<p class=\"has-vivid-cyan-blue-color has-text-color\">El\u0151jegyz\u00e9s:  <strong>0627-620-676;06-27-620-677 vagy elo&#106;&#101;&#103;&#121;&#x7a;&#x65;&#x73;&#x40;&#x6a;&#x61;&#x76;ors&#122;&#107;&#121;&#46;&#104;&#x75;<\/strong><\/p>\n\n\n\n<p><strong>Rendel\u00e9s helye<\/strong>: <mark style=\"background-color:rgba(0, 0, 0, 0)\" class=\"has-inline-color has-vivid-cyan-blue-color\"><strong>Szakrendel\u0151 II. emelet R233 rendel\u0151<\/strong><\/mark><\/p>\n\n\n\n<figure class=\"wp-block-table is-style-stripes\"><table class=\"has-pale-cyan-blue-background-color has-background\"><thead><tr><th><strong>Orvos<\/strong><\/th><th><strong>H\u00e9tf\u0151<\/strong><\/th><th><strong>Kedd<\/strong><\/th><th><strong>Szerda<\/strong><\/th><th><strong>Cs\u00fct\u00f6rt\u00f6k<\/strong><\/th><th><strong>P\u00e9ntek<\/strong><\/th><\/tr><\/thead><tbody><tr><td><strong>Dr. Trencs\u00e9nyi Gy\u00f6rgy<\/strong> <\/td><td>     &#8211;<\/td><td>   &#8211;<\/td><td><strong>9:00-13:00<\/strong><\/td><td>         &#8211;<\/td><td>       &#8211;<\/td><\/tr><tr><td><strong>Dr. Horv\u00e1th N\u00f3ra<\/strong><\/td><td><strong>9:00-13:00<\/strong><\/td><td>   &#8211; <\/td><td>      &#8211; <\/td><td><strong>9:00-13:00<\/strong><\/td><td>       &#8211;<\/td><\/tr><tr><td><strong>Dr. Juh\u00e1sz M\u00e1ria Anna<\/strong><\/td><td>       &#8211;<\/td><td><strong>9:00-13:00<\/strong><\/td><td>       &#8211;<\/td><td>         &#8211; <\/td><td><strong>9:00-13:00<\/strong><\/td><\/tr><\/tbody><\/table><\/figure>\n","protected":false},"excerpt":{"rendered":"<p>A f\u00fcl-orr-g\u00e9g\u00e9szet szakter\u00fclet\u00e9hez a sz\u00e1j\u00fcreg \u00e9s a ny\u00e1lmirigyek, a garat, a g\u00e9ge megbeteged\u00e9sei, a hangk\u00e9pz\u00e9si zavarok, az allergi\u00e1s panaszok, a f\u00fcl, az orr \u00e9s mell\u00e9k\u00fcregei valamint a szagl\u00e1s \u00e9s \u00edz\u00e9rz\u00e9s vizsg\u00e1latai tartoznak. Milyen panaszokkal forduljunk f\u00fcl-orr-g\u00e9g\u00e9szhez? t\u00fcneti kezel\u00e9sre nem javul\u00f3 n\u00e1tha, allergi\u00e1s t\u00fcnetek (orrdugul\u00e1s, orrfoly\u00e1s, t\u00fcssz\u00f6g\u00e9s stb.), arcf\u00e1jdalom, fejf\u00e1j\u00e1s, f\u00fclf\u00e1j\u00e1s, f\u00fcldugul\u00e1s, f\u00fclz\u00fag\u00e1s, sz\u00e9d\u00fcl\u00e9s, hall\u00e1sroml\u00e1s, rekedts\u00e9g [&hellip;]<\/p>\n","protected":false},"author":5,"featured_media":0,"parent":0,"menu_order":0,"comment_status":"closed","ping_status":"closed","template":"","meta":[],"_links":{"self":[{"href":"http:\/\/www.javorszky.hu\/wordpress\/index.php?rest_route=\/wp\/v2\/pages\/4012"}],"collection":[{"href":"http:\/\/www.javorszky.hu\/wordpress\/index.php?rest_route=\/wp\/v2\/pages"}],"about":[{"href":"http:\/\/www.javorszky.hu\/wordpress\/index.php?rest_route=\/wp\/v2\/types\/page"}],"author":[{"embeddable":true,"href":"http:\/\/www.javorszky.hu\/wordpress\/index.php?rest_route=\/wp\/v2\/users\/5"}],"replies":[{"embeddable":true,"href":"http:\/\/www.javorszky.hu\/wordpress\/index.php?rest_route=%2Fwp%2Fv2%2Fcomments&post=4012"}],"version-history":[{"count":19,"href":"http:\/\/www.javorszky.hu\/wordpress\/index.php?rest_route=\/wp\/v2\/pages\/4012\/revisions"}],"predecessor-version":[{"id":9009,"href":"http:\/\/www.javorszky.hu\/wordpress\/index.php?rest_route=\/wp\/v2\/pages\/4012\/revisions\/9009"}],"wp:attachment":[{"href":"http:\/\/www.javorszky.hu\/wordpress\/index.php?rest_route=%2Fwp%2Fv2%2Fmedia&parent=4012"}],"curies":[{"name":"wp","href":"https:\/\/api.w.org\/{rel}","templated":true}]}}

Fül-orr-gégészeti szakrendelés

<p>A fül-orr-gégészet szakterületéhez a szájüreg és a nyálmirigyek, a garat, a gége megbetegedései, a hangképzési zavarok, az allergiás panaszok, a fül, az orr és melléküregei valamint a szaglás és ízérzés vizsgálatai tartoznak.</p>



<p><strong><em>Milyen panaszokkal forduljunk fül-orr-gégészhez?</em></strong></p>



<ul><li>tüneti kezelésre nem javuló nátha,</li><li>allergiás tünetek (orrdugulás, orrfolyás, tüsszögés stb.),</li><li>arcfájdalom,</li><li>fejfájás,</li><li>fülfájás, füldugulás,</li><li>fülzúgás, szédülés,</li><li>hallásromlás,</li><li>rekedtség</li><li>szaglás csökkenése,</li><li>orrvérzés,</li><li>horkolás,</li><li>nyaki duzzanatok, csomók</li></ul>



<p class="has-text-align-center has-vivid-cyan-blue-color has-text-color"><strong><mark style="background-color:rgba(0, 0, 0, 0)" class="has-inline-color has-vivid-red-color">A rendelés beutaló nélkül felkereshető, de időpontfoglalás szükséges!</mark></strong></p>



<p>I<strong>dőpontot tudnak foglalni az <mark style="background-color:rgba(0, 0, 0, 0)" class="has-inline-color has-vivid-cyan-blue-color">Egészségablakba</mark>n vagy a <mark style="background-color:rgba(0, 0, 0, 0)" class="has-inline-color has-vivid-cyan-blue-color">1812-</mark>es kormányzati számon!</strong></p>



<p><strong>Területi ellátási kötelezettség&nbsp;</strong>a<a href="http://www.javorszky.hu/wordpress/wp-content/uploads/2025/03/25-2025-kormanyrendelet.pdf">&nbsp;29/2025. számú Kormányrendelet</a>&nbsp;alapján az EESZT&nbsp;<strong>digitális időpontfoglalási rendszerben nincs,</strong>&nbsp;így&nbsp;<strong><mark>bármely más intézmény is tudja fogadni Önöket!</mark></strong></p>



<p class="has-vivid-cyan-blue-color has-text-color">Előjegyzés:  <strong>0627-620-676;06-27-620-677 vagy elo&#106;&#101;&#103;&#121;&#x7a;&#x65;&#x73;&#x40;&#x6a;&#x61;&#x76;ors&#122;&#107;&#121;&#46;&#104;&#x75;</strong></p>



<p><strong>Rendelés helye</strong>: <mark style="background-color:rgba(0, 0, 0, 0)" class="has-inline-color has-vivid-cyan-blue-color"><strong>Szakrendelő II. emelet R233 rendelő</strong></mark></p>



<figure class="wp-block-table is-style-stripes"><table class="has-pale-cyan-blue-background-color has-background"><thead><tr><th><strong>Orvos</strong></th><th><strong>Hétfő</strong></th><th><strong>Kedd</strong></th><th><strong>Szerda</strong></th><th><strong>Csütörtök</strong></th><th><strong>Péntek</strong></th></tr></thead><tbody><tr><td><strong>Dr. Trencsényi György</strong> </td><td>     &#8211;</td><td>   &#8211;</td><td><strong>9:00-13:00</strong></td><td>         &#8211;</td><td>       &#8211;</td></tr><tr><td><strong>Dr. Horváth Nóra</strong></td><td><strong>9:00-13:00</strong></td><td>   &#8211; </td><td>      &#8211; </td><td><strong>9:00-13:00</strong></td><td>       &#8211;</td></tr><tr><td><strong>Dr. Juhász Mária Anna</strong></td><td>       &#8211;</td><td><strong>9:00-13:00</strong></td><td>       &#8211;</td><td>         &#8211; </td><td><strong>9:00-13:00</strong></td></tr></tbody></table></figure>

<p>A fül-orr-gégészet szakterületéhez a szájüreg és a nyálmirigyek, a garat, a gége megbetegedései, a hangképzési zavarok, az allergiás panaszok, a fül, az orr és melléküregei valamint a szaglás és ízérzés vizsgálatai tartoznak. Milyen panaszokkal forduljunk fül-orr-gégészhez? tüneti kezelésre nem javuló nátha, allergiás tünetek (orrdugulás, orrfolyás, tüsszögés stb.), arcfájdalom, fejfájás, fülfájás, füldugulás, fülzúgás, szédülés, hallásromlás, rekedtség [&hellip;]</p>
