{"id":4023,"date":"2022-06-23T09:54:33","date_gmt":"2022-06-23T07:54:33","guid":{"rendered":"http:\/\/www.javorszky.hu\/wordpress\/?page_id=4023"},"modified":"2025-08-29T11:50:33","modified_gmt":"2025-08-29T09:50:33","slug":"gyermek-kardiologia","status":"publish","type":"page","link":"http:\/\/www.javorszky.hu\/wordpress\/?page_id=4023","title":{"rendered":"Gyermek kardiol\u00f3gia"},"content":{"rendered":"\n<p>A gyermek kardiol\u00f3gia szakrendel\u00e9sen a velesz\u00fcletett sz\u00edvfejl\u0151d\u00e9si rendelleness\u00e9gek  \u00e9s a szerzett&nbsp;sz\u00edv- \u00e9s \u00e9rrendszeri betegs\u00e9gek&nbsp;diagnosztiz\u00e1l\u00e1sa \u00e9s kezel\u00e9se t\u00f6rt\u00e9nik.&nbsp;A velesz\u00fcletett sz\u00edvfejl\u0151d\u00e9si rendelleness\u00e9gek eset\u00e9ben fontos a korai, pontos diagn\u00f3zis, mert az elt\u00e9r\u00e9sek lehetnek olyanok, amelyeket csak ut\u00e1nk\u00f6vetni sz\u00fcks\u00e9ges valamint azonnali beavatkoz\u00e1st ig\u00e9nyl\u0151k is.<\/p>\n\n\n\n<p>Gyermekkorban  szerzett sz\u00edvbetegs\u00e9gek : gyullad\u00e1sos betegs\u00e9gek (sz\u00edvburok, sz\u00edvbelh\u00e1rtya, sz\u00edvizom) sz\u00edvizom betegs\u00e9gek valamint sz\u00edvritmuszavarok. Emellett egyre t\u00f6bb gyermek szenved. az elh\u00edz\u00e1s \u00e9s a t\u00fals\u00faly miatti magas v\u00e9rnyom\u00e1s betegs\u00e9gt\u0151l is.<\/p>\n\n\n\n<p class=\"has-vivid-cyan-blue-color has-text-color\"><strong><strong>Beutal\u00f3 k\u00f6teles, id\u0151pontfoglal\u00e1s sz\u00fcks\u00e9ges<\/strong><\/strong><\/p>\n\n\n\n<p class=\"has-vivid-cyan-blue-color has-text-color\"><strong><mark style=\"background-color:rgba(0, 0, 0, 0)\" class=\"has-inline-color has-black-color\">Rendel\u00e9s  helye<\/mark><\/strong>: <strong>Szakrendel\u0151 II. emelet R243<\/strong><\/p>\n\n\n\n<h4 class=\"has-vivid-cyan-blue-color has-text-color\"><mark style=\"background-color:rgba(0, 0, 0, 0)\" class=\"has-inline-color has-black-color\">El\u0151jegyz\u00e9s:<\/mark>  +36 <strong>27\/620-676; 0627\/-620-677 vagy &#101;&#x6c;o&#106;&#x65;g&#121;&#x7a;e&#115;&#x40;j&#97;&#x76;&#111;&#x72;&#x73;&#122;&#x6b;&#x79;&#46;&#x68;u<\/strong><\/h4>\n\n\n\n<figure class=\"wp-block-table is-style-stripes\"><table class=\"has-pale-cyan-blue-background-color has-background\"><thead><tr><th><strong>Orvos<\/strong><\/th><th><strong>Szerda<\/strong><\/th><\/tr><\/thead><tbody><tr><td><strong>Dr. Simon G\u00e1bor<\/strong><\/td><td><strong>15:00-19:00<\/strong><\/td><\/tr><\/tbody><\/table><\/figure>\n\n\n\n<hr class=\"wp-block-separator has-css-opacity\"\/>\n","protected":false},"excerpt":{"rendered":"<p>A gyermek kardiol\u00f3gia szakrendel\u00e9sen a velesz\u00fcletett sz\u00edvfejl\u0151d\u00e9si rendelleness\u00e9gek \u00e9s a szerzett&nbsp;sz\u00edv- \u00e9s \u00e9rrendszeri betegs\u00e9gek&nbsp;diagnosztiz\u00e1l\u00e1sa \u00e9s kezel\u00e9se t\u00f6rt\u00e9nik.&nbsp;A velesz\u00fcletett sz\u00edvfejl\u0151d\u00e9si rendelleness\u00e9gek eset\u00e9ben fontos a korai, pontos diagn\u00f3zis, mert az elt\u00e9r\u00e9sek lehetnek olyanok, amelyeket csak ut\u00e1nk\u00f6vetni sz\u00fcks\u00e9ges valamint azonnali beavatkoz\u00e1st ig\u00e9nyl\u0151k is. Gyermekkorban szerzett sz\u00edvbetegs\u00e9gek : gyullad\u00e1sos betegs\u00e9gek (sz\u00edvburok, sz\u00edvbelh\u00e1rtya, sz\u00edvizom) sz\u00edvizom betegs\u00e9gek valamint sz\u00edvritmuszavarok. Emellett egyre [&hellip;]<\/p>\n","protected":false},"author":5,"featured_media":0,"parent":0,"menu_order":0,"comment_status":"closed","ping_status":"closed","template":"","meta":[],"_links":{"self":[{"href":"http:\/\/www.javorszky.hu\/wordpress\/index.php?rest_route=\/wp\/v2\/pages\/4023"}],"collection":[{"href":"http:\/\/www.javorszky.hu\/wordpress\/index.php?rest_route=\/wp\/v2\/pages"}],"about":[{"href":"http:\/\/www.javorszky.hu\/wordpress\/index.php?rest_route=\/wp\/v2\/types\/page"}],"author":[{"embeddable":true,"href":"http:\/\/www.javorszky.hu\/wordpress\/index.php?rest_route=\/wp\/v2\/users\/5"}],"replies":[{"embeddable":true,"href":"http:\/\/www.javorszky.hu\/wordpress\/index.php?rest_route=%2Fwp%2Fv2%2Fcomments&post=4023"}],"version-history":[{"count":14,"href":"http:\/\/www.javorszky.hu\/wordpress\/index.php?rest_route=\/wp\/v2\/pages\/4023\/revisions"}],"predecessor-version":[{"id":8842,"href":"http:\/\/www.javorszky.hu\/wordpress\/index.php?rest_route=\/wp\/v2\/pages\/4023\/revisions\/8842"}],"wp:attachment":[{"href":"http:\/\/www.javorszky.hu\/wordpress\/index.php?rest_route=%2Fwp%2Fv2%2Fmedia&parent=4023"}],"curies":[{"name":"wp","href":"https:\/\/api.w.org\/{rel}","templated":true}]}}

Gyermek kardiológia

<p>A gyermek kardiológia szakrendelésen a veleszületett szívfejlődési rendellenességek  és a szerzett&nbsp;szív- és érrendszeri betegségek&nbsp;diagnosztizálása és kezelése történik.&nbsp;A veleszületett szívfejlődési rendellenességek esetében fontos a korai, pontos diagnózis, mert az eltérések lehetnek olyanok, amelyeket csak utánkövetni szükséges valamint azonnali beavatkozást igénylők is.</p>



<p>Gyermekkorban  szerzett szívbetegségek : gyulladásos betegségek (szívburok, szívbelhártya, szívizom) szívizom betegségek valamint szívritmuszavarok. Emellett egyre több gyermek szenved. az elhízás és a túlsúly miatti magas vérnyomás betegségtől is.</p>



<p class="has-vivid-cyan-blue-color has-text-color"><strong><strong>Beutaló köteles, időpontfoglalás szükséges</strong></strong></p>



<p class="has-vivid-cyan-blue-color has-text-color"><strong><mark style="background-color:rgba(0, 0, 0, 0)" class="has-inline-color has-black-color">Rendelés  helye</mark></strong>: <strong>Szakrendelő II. emelet R243</strong></p>



<h4 class="has-vivid-cyan-blue-color has-text-color"><mark style="background-color:rgba(0, 0, 0, 0)" class="has-inline-color has-black-color">Előjegyzés:</mark>  +36 <strong>27/620-676; 0627/-620-677 vagy &#101;&#x6c;o&#106;&#x65;g&#121;&#x7a;e&#115;&#x40;j&#97;&#x76;&#111;&#x72;&#x73;&#122;&#x6b;&#x79;&#46;&#x68;u</strong></h4>



<figure class="wp-block-table is-style-stripes"><table class="has-pale-cyan-blue-background-color has-background"><thead><tr><th><strong>Orvos</strong></th><th><strong>Szerda</strong></th></tr></thead><tbody><tr><td><strong>Dr. Simon Gábor</strong></td><td><strong>15:00-19:00</strong></td></tr></tbody></table></figure>



<hr class="wp-block-separator has-css-opacity"/>

<p>A gyermek kardiológia szakrendelésen a veleszületett szívfejlődési rendellenességek és a szerzett&nbsp;szív- és érrendszeri betegségek&nbsp;diagnosztizálása és kezelése történik.&nbsp;A veleszületett szívfejlődési rendellenességek esetében fontos a korai, pontos diagnózis, mert az eltérések lehetnek olyanok, amelyeket csak utánkövetni szükséges valamint azonnali beavatkozást igénylők is. Gyermekkorban szerzett szívbetegségek : gyulladásos betegségek (szívburok, szívbelhártya, szívizom) szívizom betegségek valamint szívritmuszavarok. Emellett egyre [&hellip;]</p>
