{"id":4034,"date":"2022-06-23T10:25:34","date_gmt":"2022-06-23T08:25:34","guid":{"rendered":"http:\/\/www.javorszky.hu\/wordpress\/?page_id=4034"},"modified":"2025-09-12T08:39:22","modified_gmt":"2025-09-12T06:39:22","slug":"gyermek-ortopedia","status":"publish","type":"page","link":"http:\/\/www.javorszky.hu\/wordpress\/?page_id=4034","title":{"rendered":"Gyermek ortop\u00e9dia"},"content":{"rendered":"\n<p>Az ortop\u00e9dia a tart\u00f3- \u00e9s mozgat\u00f3 szervrendszer (csont- \u00e9s izomrendszer) szerzett \u00e9s velesz\u00fcletett rendelleness\u00e9geire \u00e9s azok kezel\u00e9s\u00e9re specializ\u00e1l\u00f3dott szakter\u00fclet. A gyermekortop\u00e9dia feladata a gyermekkori ortop\u00e9diai betegs\u00e9gek sz\u0171r\u00e9se.<\/p>\n\n\n\n<p>Csecsem\u0151kort\u00f3l feln\u0151ttkorig nagy hangs\u00faly van a mozg\u00e1s szervrendszer\u00e9nek megfelel\u0151 fejl\u0151d\u00e9s\u00e9n, ugyanis ez az az \u00e9letszakasz, amikor a legt\u00f6bb velesz\u00fcletett, vagy szerzett mozg\u00e1sszervi rendelleness\u00e9g marad\u00e9ktalanul \u00e9s hat\u00e9konyan korrig\u00e1lhat\u00f3.<\/p>\n\n\n\n<p>A gyermek sz\u00fclet\u00e9se ut\u00e1n, az els\u0151 vizsg\u00e1lat n\u00e9gy \u00e9s hat hetes kor k\u00f6z\u00f6tti cs\u00edp\u0151sz\u0171r\u00e9s.  A csecsem\u0151k ortop\u00e9diai sz\u0171r\u00e9s\u00e9vel kisz\u0171rhet\u0151k a csecsem\u0151kori cs\u00edp\u0151 betegs\u00e9gek \u00e9s fejl\u0151d\u00e9si rendelleness\u00e9gek.<\/p>\n\n\n\n<p>A m\u00e1sodik sz\u0171r\u0151vizsg\u00e1lat sor\u00e1n a bok\u00e1k helyzet\u00e9t vizsg\u00e1ljuk. A vizsg\u00e1latot az \u00f6n\u00e1ll\u00f3 j\u00e1r\u00e1s kialakul\u00e1sakor javasoljuk.<\/p>\n\n\n\n<p>A gyermekek h\u00e1rom \u00e9ves kor\u00e1ban aj\u00e1nljuk a k\u00f6vetkez\u0151 vizsg\u00e1latot, amely sor\u00e1n a hossz illetve a har\u00e1ntboltozat s\u00fcllyed\u00e9st vizsg\u00e1ljuk, sz\u00fcks\u00e9g eset\u00e9n gy\u00f3gytorna \u00e9s gy\u00f3gybet\u00e9t haszn\u00e1lat\u00e1t javasoljuk.<\/p>\n\n\n\n<p>Az iskola megkezd\u00e9se el\u0151tt, majd 7, 10 \u00e9s 14 korban javasoltak a gyermek ortop\u00e9diai vizsg\u00e1latok.A vizsg\u00e1latok c\u00e9lja, hogy nyomon k\u00f6vethess\u00fck a gyermekek mozg\u00e1sszervi v\u00e1ltoz\u00e1sait, fejl\u0151d\u00e9s\u00fcket, n\u00f6veked\u00e9s\u00fcket. <\/p>\n\n\n\n<p>Az iskol\u00e1skori vizsg\u00e1latokon fontos szerepe van a gerinc vizsg\u00e1lat\u00e1nak. Az ortop\u00e9d orvos a diagnosztiz\u00e1lt gerincferd\u00fcl\u00e9s eset\u00e9n \u00e9venk\u00e9nti kontroll vizsg\u00e1latot javasolhat.<\/p>\n\n\n\n<p class=\"has-vivid-cyan-blue-color has-text-color\"><strong><strong>Beutal\u00f3 k\u00f6teles, id\u0151pontfoglal\u00e1s sz\u00fcks\u00e9ges<\/strong><\/strong> <\/p>\n\n\n\n<h4 class=\"has-vivid-cyan-blue-color has-text-color\">El\u0151jegyz\u00e9s: <mark style=\"background-color:rgba(0, 0, 0, 0)\" class=\"has-inline-color has-black-color\">+36 27\/620-676; +36 27\/-620-677 vagy &#x65;&#x6c;&#x6f;&#x6a;&#x65;&#x67;&#121;&#122;&#101;&#115;&#64;jav&#x6f;&#x72;&#x73;&#x7a;&#x6b;&#x79;&#46;&#104;&#117;<\/mark><\/h4>\n\n\n\n<p><strong><mark style=\"background-color:rgba(0, 0, 0, 0)\" class=\"has-inline-color has-vivid-cyan-blue-color\">Rendel\u00e9s helye<\/mark><\/strong>: <strong>Szakrendel\u0151 II. Emelet R243<\/strong><\/p>\n\n\n\n<figure class=\"wp-block-table is-style-stripes\"><table class=\"has-pale-cyan-blue-background-color has-background\"><thead><tr><th><strong>Orvos<\/strong><\/th><th><strong>Minden h\u00f3nap els\u0151 keddj\u00e9n<\/strong><\/th><\/tr><\/thead><tbody><tr><td><strong>Dr. Dreissinger Imre<\/strong><\/td><td><strong>14:00-15:30<\/strong><\/td><\/tr><\/tbody><\/table><\/figure>\n\n\n\n<hr class=\"wp-block-separator has-css-opacity\"\/>\n","protected":false},"excerpt":{"rendered":"<p>Az ortop\u00e9dia a tart\u00f3- \u00e9s mozgat\u00f3 szervrendszer (csont- \u00e9s izomrendszer) szerzett \u00e9s velesz\u00fcletett rendelleness\u00e9geire \u00e9s azok kezel\u00e9s\u00e9re specializ\u00e1l\u00f3dott szakter\u00fclet. A gyermekortop\u00e9dia feladata a gyermekkori ortop\u00e9diai betegs\u00e9gek sz\u0171r\u00e9se. Csecsem\u0151kort\u00f3l feln\u0151ttkorig nagy hangs\u00faly van a mozg\u00e1s szervrendszer\u00e9nek megfelel\u0151 fejl\u0151d\u00e9s\u00e9n, ugyanis ez az az \u00e9letszakasz, amikor a legt\u00f6bb velesz\u00fcletett, vagy szerzett mozg\u00e1sszervi rendelleness\u00e9g marad\u00e9ktalanul \u00e9s hat\u00e9konyan korrig\u00e1lhat\u00f3. A [&hellip;]<\/p>\n","protected":false},"author":5,"featured_media":0,"parent":0,"menu_order":0,"comment_status":"closed","ping_status":"closed","template":"","meta":[],"_links":{"self":[{"href":"http:\/\/www.javorszky.hu\/wordpress\/index.php?rest_route=\/wp\/v2\/pages\/4034"}],"collection":[{"href":"http:\/\/www.javorszky.hu\/wordpress\/index.php?rest_route=\/wp\/v2\/pages"}],"about":[{"href":"http:\/\/www.javorszky.hu\/wordpress\/index.php?rest_route=\/wp\/v2\/types\/page"}],"author":[{"embeddable":true,"href":"http:\/\/www.javorszky.hu\/wordpress\/index.php?rest_route=\/wp\/v2\/users\/5"}],"replies":[{"embeddable":true,"href":"http:\/\/www.javorszky.hu\/wordpress\/index.php?rest_route=%2Fwp%2Fv2%2Fcomments&post=4034"}],"version-history":[{"count":13,"href":"http:\/\/www.javorszky.hu\/wordpress\/index.php?rest_route=\/wp\/v2\/pages\/4034\/revisions"}],"predecessor-version":[{"id":8998,"href":"http:\/\/www.javorszky.hu\/wordpress\/index.php?rest_route=\/wp\/v2\/pages\/4034\/revisions\/8998"}],"wp:attachment":[{"href":"http:\/\/www.javorszky.hu\/wordpress\/index.php?rest_route=%2Fwp%2Fv2%2Fmedia&parent=4034"}],"curies":[{"name":"wp","href":"https:\/\/api.w.org\/{rel}","templated":true}]}}

Gyermek ortopédia

<p>Az ortopédia a tartó- és mozgató szervrendszer (csont- és izomrendszer) szerzett és veleszületett rendellenességeire és azok kezelésére specializálódott szakterület. A gyermekortopédia feladata a gyermekkori ortopédiai betegségek szűrése.</p>



<p>Csecsemőkortól felnőttkorig nagy hangsúly van a mozgás szervrendszerének megfelelő fejlődésén, ugyanis ez az az életszakasz, amikor a legtöbb veleszületett, vagy szerzett mozgásszervi rendellenesség maradéktalanul és hatékonyan korrigálható.</p>



<p>A gyermek születése után, az első vizsgálat négy és hat hetes kor közötti csípőszűrés.  A csecsemők ortopédiai szűrésével kiszűrhetők a csecsemőkori csípő betegségek és fejlődési rendellenességek.</p>



<p>A második szűrővizsgálat során a bokák helyzetét vizsgáljuk. A vizsgálatot az önálló járás kialakulásakor javasoljuk.</p>



<p>A gyermekek három éves korában ajánljuk a következő vizsgálatot, amely során a hossz illetve a harántboltozat süllyedést vizsgáljuk, szükség esetén gyógytorna és gyógybetét használatát javasoljuk.</p>



<p>Az iskola megkezdése előtt, majd 7, 10 és 14 korban javasoltak a gyermek ortopédiai vizsgálatok.A vizsgálatok célja, hogy nyomon követhessük a gyermekek mozgásszervi változásait, fejlődésüket, növekedésüket. </p>



<p>Az iskoláskori vizsgálatokon fontos szerepe van a gerinc vizsgálatának. Az ortopéd orvos a diagnosztizált gerincferdülés esetén évenkénti kontroll vizsgálatot javasolhat.</p>



<p class="has-vivid-cyan-blue-color has-text-color"><strong><strong>Beutaló köteles, időpontfoglalás szükséges</strong></strong> </p>



<h4 class="has-vivid-cyan-blue-color has-text-color">Előjegyzés: <mark style="background-color:rgba(0, 0, 0, 0)" class="has-inline-color has-black-color">+36 27/620-676; +36 27/-620-677 vagy &#x65;&#x6c;&#x6f;&#x6a;&#x65;&#x67;&#121;&#122;&#101;&#115;&#64;jav&#x6f;&#x72;&#x73;&#x7a;&#x6b;&#x79;&#46;&#104;&#117;</mark></h4>



<p><strong><mark style="background-color:rgba(0, 0, 0, 0)" class="has-inline-color has-vivid-cyan-blue-color">Rendelés helye</mark></strong>: <strong>Szakrendelő II. Emelet R243</strong></p>



<figure class="wp-block-table is-style-stripes"><table class="has-pale-cyan-blue-background-color has-background"><thead><tr><th><strong>Orvos</strong></th><th><strong>Minden hónap első keddjén</strong></th></tr></thead><tbody><tr><td><strong>Dr. Dreissinger Imre</strong></td><td><strong>14:00-15:30</strong></td></tr></tbody></table></figure>



<hr class="wp-block-separator has-css-opacity"/>

<p>Az ortopédia a tartó- és mozgató szervrendszer (csont- és izomrendszer) szerzett és veleszületett rendellenességeire és azok kezelésére specializálódott szakterület. A gyermekortopédia feladata a gyermekkori ortopédiai betegségek szűrése. Csecsemőkortól felnőttkorig nagy hangsúly van a mozgás szervrendszerének megfelelő fejlődésén, ugyanis ez az az életszakasz, amikor a legtöbb veleszületett, vagy szerzett mozgásszervi rendellenesség maradéktalanul és hatékonyan korrigálható. A [&hellip;]</p>
