{"id":4062,"date":"2022-06-23T11:03:19","date_gmt":"2022-06-23T09:03:19","guid":{"rendered":"http:\/\/www.javorszky.hu\/wordpress\/?page_id=4062"},"modified":"2024-05-14T10:37:51","modified_gmt":"2024-05-14T08:37:51","slug":"kezsebeszeti-szakrendeles","status":"publish","type":"page","link":"http:\/\/www.javorszky.hu\/wordpress\/?page_id=4062","title":{"rendered":"K\u00e9zseb\u00e9szeti szakrendel\u00e9s"},"content":{"rendered":"\n<p>Szakrendel\u00e9s\u00fcnk\u00f6n a k\u00e9zseb\u00e9szeti betegs\u00e9gek, s\u00e9r\u00fcl\u00e9sek vizsg\u00e1lata, diagnosztik\u00e1ja, kezel\u00e9se, sz\u00fcks\u00e9g eset\u00e9n tov\u00e1bbi vizsg\u00e1latokra beutal\u00e1sa zajlik. K\u00e9zseb\u00e9szeti m\u0171t\u00e9ten \u00e1tesett vagy k\u00f3rh\u00e1zi kezel\u00e9seket k\u00f6vet\u0151en a betegek ut\u00f3gondoz\u00e1s\u00e1val foglalkozunk.<\/p>\n\n\n\n<h4>Mikor forduljunk k\u00e9zseb\u00e9sz specialist\u00e1hoz?<\/h4>\n\n\n\n<ul><li>K\u00f6nny\u0171 s\u00e9r\u00fcl\u00e9sek (v\u00e1g\u00e1s, harap\u00e1s, b\u0151rk\u00e1rosod\u00e1s)<\/li><li>\u00c1lland\u00f3sult k\u00e9zf\u00e1jdalom<\/li><li>K\u00e9z idegeiben, ereiben, \u00e9s a csontozat\u00e1ban bek\u00f6vetkez\u0151 elv\u00e1ltoz\u00e1sok<\/li><li>T\u00f6r\u00e9s, z\u00faz\u00f3d\u00e1s ut\u00e1n fennmaradt deformit\u00e1s, mozg\u00e1skorl\u00e1tozotts\u00e1g, f\u00e1jdalom<\/li><li>\u00cdns\u00e9r\u00fcl\u00e9sek, erek s\u00e9r\u00fcl\u00e9se<\/li><li>Nehezen behajl\u00edthat\u00f3, f\u00e1jdalmas ujj<\/li><li>\u00c9g\u00e9s, fagy\u00e1s<\/li><li>Csukl\u00f3n, k\u00e9zen el\u0151fordul\u00f3 g\u00f6mbszer\u0171 duzzanat eset\u00e9n<\/li><li>Alag\u00fat szindr\u00f3m\u00e1ban szenved\u0151knek<\/li><li>K\u00e9zen l\u00e9v\u0151 fejl\u0151d\u00e9si rendelleness\u00e9gek eset\u00e9n<\/li><li>A pattan\u00f3 ujj jelens\u00e9g eset\u00e9n<\/li><\/ul>\n\n\n\n<p><\/p>\n\n\n\n<p class=\"has-vivid-cyan-blue-color has-text-color\"><strong>Beutal\u00f3 k\u00f6teles, id\u0151pontfoglal\u00e1s sz\u00fcks\u00e9ges<\/strong><\/p>\n\n\n\n<h4 class=\"has-vivid-cyan-blue-color has-text-color\">El\u0151jegyz\u00e9s:<\/h4>\n\n\n\n<p><strong>06-27-620-676\/ 06-27-620-677; e&#108;&#x6f;&#x6a;e&#103;&#121;&#x7a;&#x65;s&#64;&#x6a;&#x61;v&#111;&#114;&#x73;&#x7a;k&#121;&#x2e;&#x68;u<\/strong><\/p>\n\n\n\n<h4 class=\"has-vivid-cyan-blue-color has-text-color\">Rendel\u00e9s helye: <\/h4>\n\n\n\n<p><strong>Szakrendel\u0151 Fszt.R058<\/strong><\/p>\n\n\n\n<figure class=\"wp-block-table is-style-stripes\"><table class=\"has-pale-cyan-blue-background-color has-background has-fixed-layout\"><thead><tr><th><strong>Orvos<\/strong><\/th><th class=\"has-text-align-left\" data-align=\"left\"><strong>Szerda<\/strong><\/th><\/tr><\/thead><tbody><tr><td><strong>Dr. Osgy\u00e1n Henrik<\/strong><\/td><td class=\"has-text-align-left\" data-align=\"left\"><strong>9:00-12:00<\/strong><\/td><\/tr><\/tbody><\/table><\/figure>\n\n\n\n<hr class=\"wp-block-separator has-css-opacity\"\/>\n","protected":false},"excerpt":{"rendered":"<p>Szakrendel\u00e9s\u00fcnk\u00f6n a k\u00e9zseb\u00e9szeti betegs\u00e9gek, s\u00e9r\u00fcl\u00e9sek vizsg\u00e1lata, diagnosztik\u00e1ja, kezel\u00e9se, sz\u00fcks\u00e9g eset\u00e9n tov\u00e1bbi vizsg\u00e1latokra beutal\u00e1sa zajlik. K\u00e9zseb\u00e9szeti m\u0171t\u00e9ten \u00e1tesett vagy k\u00f3rh\u00e1zi kezel\u00e9seket k\u00f6vet\u0151en a betegek ut\u00f3gondoz\u00e1s\u00e1val foglalkozunk. Mikor forduljunk k\u00e9zseb\u00e9sz specialist\u00e1hoz? K\u00f6nny\u0171 s\u00e9r\u00fcl\u00e9sek (v\u00e1g\u00e1s, harap\u00e1s, b\u0151rk\u00e1rosod\u00e1s) \u00c1lland\u00f3sult k\u00e9zf\u00e1jdalom K\u00e9z idegeiben, ereiben, \u00e9s a csontozat\u00e1ban bek\u00f6vetkez\u0151 elv\u00e1ltoz\u00e1sok T\u00f6r\u00e9s, z\u00faz\u00f3d\u00e1s ut\u00e1n fennmaradt deformit\u00e1s, mozg\u00e1skorl\u00e1tozotts\u00e1g, f\u00e1jdalom \u00cdns\u00e9r\u00fcl\u00e9sek, erek s\u00e9r\u00fcl\u00e9se Nehezen [&hellip;]<\/p>\n","protected":false},"author":5,"featured_media":0,"parent":0,"menu_order":0,"comment_status":"closed","ping_status":"closed","template":"","meta":[],"_links":{"self":[{"href":"http:\/\/www.javorszky.hu\/wordpress\/index.php?rest_route=\/wp\/v2\/pages\/4062"}],"collection":[{"href":"http:\/\/www.javorszky.hu\/wordpress\/index.php?rest_route=\/wp\/v2\/pages"}],"about":[{"href":"http:\/\/www.javorszky.hu\/wordpress\/index.php?rest_route=\/wp\/v2\/types\/page"}],"author":[{"embeddable":true,"href":"http:\/\/www.javorszky.hu\/wordpress\/index.php?rest_route=\/wp\/v2\/users\/5"}],"replies":[{"embeddable":true,"href":"http:\/\/www.javorszky.hu\/wordpress\/index.php?rest_route=%2Fwp%2Fv2%2Fcomments&post=4062"}],"version-history":[{"count":6,"href":"http:\/\/www.javorszky.hu\/wordpress\/index.php?rest_route=\/wp\/v2\/pages\/4062\/revisions"}],"predecessor-version":[{"id":7122,"href":"http:\/\/www.javorszky.hu\/wordpress\/index.php?rest_route=\/wp\/v2\/pages\/4062\/revisions\/7122"}],"wp:attachment":[{"href":"http:\/\/www.javorszky.hu\/wordpress\/index.php?rest_route=%2Fwp%2Fv2%2Fmedia&parent=4062"}],"curies":[{"name":"wp","href":"https:\/\/api.w.org\/{rel}","templated":true}]}}

Kézsebészeti szakrendelés

<p>Szakrendelésünkön a kézsebészeti betegségek, sérülések vizsgálata, diagnosztikája, kezelése, szükség esetén további vizsgálatokra beutalása zajlik. Kézsebészeti műtéten átesett vagy kórházi kezeléseket követően a betegek utógondozásával foglalkozunk.</p>



<h4>Mikor forduljunk kézsebész specialistához?</h4>



<ul><li>Könnyű sérülések (vágás, harapás, bőrkárosodás)</li><li>Állandósult kézfájdalom</li><li>Kéz idegeiben, ereiben, és a csontozatában bekövetkező elváltozások</li><li>Törés, zúzódás után fennmaradt deformitás, mozgáskorlátozottság, fájdalom</li><li>Ínsérülések, erek sérülése</li><li>Nehezen behajlítható, fájdalmas ujj</li><li>Égés, fagyás</li><li>Csuklón, kézen előforduló gömbszerű duzzanat esetén</li><li>Alagút szindrómában szenvedőknek</li><li>Kézen lévő fejlődési rendellenességek esetén</li><li>A pattanó ujj jelenség esetén</li></ul>



<p></p>



<p class="has-vivid-cyan-blue-color has-text-color"><strong>Beutaló köteles, időpontfoglalás szükséges</strong></p>



<h4 class="has-vivid-cyan-blue-color has-text-color">Előjegyzés:</h4>



<p><strong>06-27-620-676/ 06-27-620-677; e&#108;&#x6f;&#x6a;e&#103;&#121;&#x7a;&#x65;s&#64;&#x6a;&#x61;v&#111;&#114;&#x73;&#x7a;k&#121;&#x2e;&#x68;u</strong></p>



<h4 class="has-vivid-cyan-blue-color has-text-color">Rendelés helye: </h4>



<p><strong>Szakrendelő Fszt.R058</strong></p>



<figure class="wp-block-table is-style-stripes"><table class="has-pale-cyan-blue-background-color has-background has-fixed-layout"><thead><tr><th><strong>Orvos</strong></th><th class="has-text-align-left" data-align="left"><strong>Szerda</strong></th></tr></thead><tbody><tr><td><strong>Dr. Osgyán Henrik</strong></td><td class="has-text-align-left" data-align="left"><strong>9:00-12:00</strong></td></tr></tbody></table></figure>



<hr class="wp-block-separator has-css-opacity"/>

<p>Szakrendelésünkön a kézsebészeti betegségek, sérülések vizsgálata, diagnosztikája, kezelése, szükség esetén további vizsgálatokra beutalása zajlik. Kézsebészeti műtéten átesett vagy kórházi kezeléseket követően a betegek utógondozásával foglalkozunk. Mikor forduljunk kézsebész specialistához? Könnyű sérülések (vágás, harapás, bőrkárosodás) Állandósult kézfájdalom Kéz idegeiben, ereiben, és a csontozatában bekövetkező elváltozások Törés, zúzódás után fennmaradt deformitás, mozgáskorlátozottság, fájdalom Ínsérülések, erek sérülése Nehezen [&hellip;]</p>
