{"id":4073,"date":"2022-06-23T11:40:47","date_gmt":"2022-06-23T09:40:47","guid":{"rendered":"http:\/\/www.javorszky.hu\/wordpress\/?page_id=4073"},"modified":"2026-03-04T10:56:02","modified_gmt":"2026-03-04T09:56:02","slug":"neurologiai-szakrendeles","status":"publish","type":"page","link":"http:\/\/www.javorszky.hu\/wordpress\/?page_id=4073","title":{"rendered":"Neurol\u00f3giai szakrendel\u00e9s"},"content":{"rendered":"\n<p>A neurol\u00f3gia vagy ideggy\u00f3gy\u00e1szat az idegrendszer betegs\u00e9geivel foglalkoz\u00f3 orvosi tudom\u00e1ny\u00e1g.&nbsp;<\/p>\n\n\n\n<p>Az al\u00e1bbi t\u00fcnetek, panaszok jelentkez\u00e9sekor javasolt ideggy\u00f3gy\u00e1szt felkeresni: fejf\u00e1j\u00e1s, sz\u00e9d\u00fcl\u00e9s, v\u00e9gtag zsibbad\u00e1sok, v\u00e9gtaggyenges\u00e9g, mem\u00f3riazavar, eszm\u00e9letveszt\u00e9s, besz\u00e9dzavar, j\u00e1r\u00e1szavar, kett\u0151sl\u00e1t\u00e1s.<\/p>\n\n\n\n<p>A vizsg\u00e1lat els\u0151 r\u00e9sz\u00e9ben  a szakorvos el\u0151sz\u00f6r kik\u00e9rdezi a p\u00e1cienst jelenlegi t\u00fcneteir\u0151l, kor\u00e1bbi betegs\u00e9geir\u0151l, a csal\u00e1dban el\u0151fordult megbeteged\u00e9sekr\u0151l, majd \u00e1ttekinti a kor\u00e1bbi leleteket, ami alapj\u00e1n fel\u00e1ll\u00edtja a k\u00f3rel\u0151zm\u00e9nyt.&nbsp;Ezt k\u00f6vet\u0151en r\u00e9szletes ideggy\u00f3gy\u00e1szati fizik\u00e1lis vizsg\u00e1latra ker\u00fcl sor. A vizsg\u00e1latot k\u00f6vet\u0151en amennyiben sz\u00fcks\u00e9ges tov\u00e1bbi m\u0171szeres, illetve laborat\u00f3riumi vizsg\u00e1latokra t\u00f6rt\u00e9n\u0151 utal\u00e1s, illetve egy\u00e9b vizsg\u00e1latokra el\u0151jegyeztet\u00e9s t\u00f6rt\u00e9nik.<\/p>\n\n\n\n<p class=\"has-vivid-cyan-blue-color has-text-color has-medium-font-size\"><strong>Beutal\u00f3 sz\u00fcks\u00e9ges!<\/strong><\/p>\n\n\n\n<p><strong>Rendel\u00e9s helye:<\/strong> <strong><mark style=\"background-color:rgba(0, 0, 0, 0)\" class=\"has-inline-color has-vivid-cyan-blue-color\">Szakrendel\u0151 II. emelet R249<\/mark><\/strong><\/p>\n\n\n\n<p>I<strong>d\u0151pont k\u00e9r\u00e9s<\/strong>: <strong><mark style=\"background-color:rgba(0, 0, 0, 0)\" class=\"has-inline-color has-vivid-cyan-blue-color\">06\/27-620-676; 06\/27-620-677 vagy &#101;&#x6c;&#111;&#x6a;&#101;&#x67;&#121;&#x7a;&#101;&#x73;&#64;&#x6a;a&#x76;o&#x72;s&#x7a;k&#x79;&#46;&#x68;u<\/mark><\/strong><\/p>\n\n\n\n<figure class=\"wp-block-table is-style-stripes\"><table class=\"has-pale-cyan-blue-background-color has-background\"><thead><tr><th><strong>Orvos<\/strong><\/th><th class=\"has-text-align-center\" data-align=\"center\"><strong>H\u00e9tf\u0151<\/strong><\/th><th class=\"has-text-align-center\" data-align=\"center\"><strong>Kedd<\/strong><\/th><th class=\"has-text-align-center\" data-align=\"center\"><strong>Szerda<\/strong><\/th><th class=\"has-text-align-center\" data-align=\"center\"><strong>Cs\u00fct\u00f6rt\u00f6k<\/strong><\/th><th class=\"has-text-align-center\" data-align=\"center\"><strong>P\u00e9ntek<\/strong><\/th><\/tr><\/thead><tbody><tr><td><strong>Dr. Gal\u00e1ntai Gy\u00f6ngyi<\/strong><\/td><td class=\"has-text-align-center\" data-align=\"center\"><strong>10:00-18:00<\/strong><\/td><td class=\"has-text-align-center\" data-align=\"center\">&#8211;<\/td><td class=\"has-text-align-center\" data-align=\"center\">&#8211;<\/td><td class=\"has-text-align-center\" data-align=\"center\">&#8211;<\/td><td class=\"has-text-align-center\" data-align=\"center\">&#8211;<\/td><\/tr><tr><td><strong>Dr. Avar \u00c9va<\/strong><\/td><td class=\"has-text-align-center\" data-align=\"center\">&#8211;<\/td><td class=\"has-text-align-center\" data-align=\"center\">&#8211;<\/td><td class=\"has-text-align-center\" data-align=\"center\"><strong>12:00-15:00<\/strong><\/td><td class=\"has-text-align-center\" data-align=\"center\">&#8211;<\/td><td class=\"has-text-align-center\" data-align=\"center\">&#8211;<\/td><\/tr><tr><td><strong>Dr. Barcza D\u00f3ra<\/strong><\/td><td class=\"has-text-align-center\" data-align=\"center\">&#8211;<\/td><td class=\"has-text-align-center\" data-align=\"center\">&#8211;<\/td><td class=\"has-text-align-center\" data-align=\"center\"><strong>9:40-11:30<\/strong><\/td><td class=\"has-text-align-center\" data-align=\"center\"><strong>9:40-12:00<\/strong><\/td><td class=\"has-text-align-center\" data-align=\"center\"><\/td><\/tr><tr><td><strong>Dr. Kir\u00e1lyhegyi P\u00e9ter<\/strong><\/td><td class=\"has-text-align-center\" data-align=\"center\">&#8211;<\/td><td class=\"has-text-align-center\" data-align=\"center\"><strong>9:40-15:00<\/strong><\/td><td class=\"has-text-align-center\" data-align=\"center\">&#8211;<\/td><td class=\"has-text-align-center\" data-align=\"center\">&#8211;<\/td><td class=\"has-text-align-center\" data-align=\"center\">&#8211;<\/td><\/tr><tr><td><strong>Dr. T\u00f3ta Anett<\/strong><\/td><td class=\"has-text-align-center\" data-align=\"center\">&#8211;<\/td><td class=\"has-text-align-center\" data-align=\"center\">&#8211;<\/td><td class=\"has-text-align-center\" data-align=\"center\">&#8211;<\/td><td class=\"has-text-align-center\" data-align=\"center\"><strong>13:00-16:00<\/strong><\/td><td class=\"has-text-align-center\" data-align=\"center\">&#8211;<\/td><\/tr><tr><td><strong>Dr<\/strong>. <strong>Stef\u00e1n Zsolt<\/strong><\/td><td class=\"has-text-align-center\" data-align=\"center\">&#8211;<\/td><td class=\"has-text-align-center\" data-align=\"center\">&#8211;<\/td><td class=\"has-text-align-center\" data-align=\"center\">&#8211;<\/td><td class=\"has-text-align-center\" data-align=\"center\">&#8211;<\/td><td class=\"has-text-align-center\" data-align=\"center\"><strong>9:00-13:00<\/strong><\/td><\/tr><\/tbody><\/table><\/figure>\n\n\n\n<div style=\"height:18px\" aria-hidden=\"true\" class=\"wp-block-spacer\"><\/div>\n","protected":false},"excerpt":{"rendered":"<p>A neurol\u00f3gia vagy ideggy\u00f3gy\u00e1szat az idegrendszer betegs\u00e9geivel foglalkoz\u00f3 orvosi tudom\u00e1ny\u00e1g.&nbsp; Az al\u00e1bbi t\u00fcnetek, panaszok jelentkez\u00e9sekor javasolt ideggy\u00f3gy\u00e1szt felkeresni: fejf\u00e1j\u00e1s, sz\u00e9d\u00fcl\u00e9s, v\u00e9gtag zsibbad\u00e1sok, v\u00e9gtaggyenges\u00e9g, mem\u00f3riazavar, eszm\u00e9letveszt\u00e9s, besz\u00e9dzavar, j\u00e1r\u00e1szavar, kett\u0151sl\u00e1t\u00e1s. A vizsg\u00e1lat els\u0151 r\u00e9sz\u00e9ben a szakorvos el\u0151sz\u00f6r kik\u00e9rdezi a p\u00e1cienst jelenlegi t\u00fcneteir\u0151l, kor\u00e1bbi betegs\u00e9geir\u0151l, a csal\u00e1dban el\u0151fordult megbeteged\u00e9sekr\u0151l, majd \u00e1ttekinti a kor\u00e1bbi leleteket, ami alapj\u00e1n fel\u00e1ll\u00edtja a [&hellip;]<\/p>\n","protected":false},"author":5,"featured_media":0,"parent":0,"menu_order":0,"comment_status":"closed","ping_status":"closed","template":"","meta":[],"_links":{"self":[{"href":"http:\/\/www.javorszky.hu\/wordpress\/index.php?rest_route=\/wp\/v2\/pages\/4073"}],"collection":[{"href":"http:\/\/www.javorszky.hu\/wordpress\/index.php?rest_route=\/wp\/v2\/pages"}],"about":[{"href":"http:\/\/www.javorszky.hu\/wordpress\/index.php?rest_route=\/wp\/v2\/types\/page"}],"author":[{"embeddable":true,"href":"http:\/\/www.javorszky.hu\/wordpress\/index.php?rest_route=\/wp\/v2\/users\/5"}],"replies":[{"embeddable":true,"href":"http:\/\/www.javorszky.hu\/wordpress\/index.php?rest_route=%2Fwp%2Fv2%2Fcomments&post=4073"}],"version-history":[{"count":36,"href":"http:\/\/www.javorszky.hu\/wordpress\/index.php?rest_route=\/wp\/v2\/pages\/4073\/revisions"}],"predecessor-version":[{"id":9844,"href":"http:\/\/www.javorszky.hu\/wordpress\/index.php?rest_route=\/wp\/v2\/pages\/4073\/revisions\/9844"}],"wp:attachment":[{"href":"http:\/\/www.javorszky.hu\/wordpress\/index.php?rest_route=%2Fwp%2Fv2%2Fmedia&parent=4073"}],"curies":[{"name":"wp","href":"https:\/\/api.w.org\/{rel}","templated":true}]}}

Neurológiai szakrendelés

<p>A neurológia vagy ideggyógyászat az idegrendszer betegségeivel foglalkozó orvosi tudományág.&nbsp;</p>



<p>Az alábbi tünetek, panaszok jelentkezésekor javasolt ideggyógyászt felkeresni: fejfájás, szédülés, végtag zsibbadások, végtaggyengeség, memóriazavar, eszméletvesztés, beszédzavar, járászavar, kettőslátás.</p>



<p>A vizsgálat első részében  a szakorvos először kikérdezi a pácienst jelenlegi tüneteiről, korábbi betegségeiről, a családban előfordult megbetegedésekről, majd áttekinti a korábbi leleteket, ami alapján felállítja a kórelőzményt.&nbsp;Ezt követően részletes ideggyógyászati fizikális vizsgálatra kerül sor. A vizsgálatot követően amennyiben szükséges további műszeres, illetve laboratóriumi vizsgálatokra történő utalás, illetve egyéb vizsgálatokra előjegyeztetés történik.</p>



<p class="has-vivid-cyan-blue-color has-text-color has-medium-font-size"><strong>Beutaló szükséges!</strong></p>



<p><strong>Rendelés helye:</strong> <strong><mark style="background-color:rgba(0, 0, 0, 0)" class="has-inline-color has-vivid-cyan-blue-color">Szakrendelő II. emelet R249</mark></strong></p>



<p>I<strong>dőpont kérés</strong>: <strong><mark style="background-color:rgba(0, 0, 0, 0)" class="has-inline-color has-vivid-cyan-blue-color">06/27-620-676; 06/27-620-677 vagy &#101;&#x6c;&#111;&#x6a;&#101;&#x67;&#121;&#x7a;&#101;&#x73;&#64;&#x6a;a&#x76;o&#x72;s&#x7a;k&#x79;&#46;&#x68;u</mark></strong></p>



<figure class="wp-block-table is-style-stripes"><table class="has-pale-cyan-blue-background-color has-background"><thead><tr><th><strong>Orvos</strong></th><th class="has-text-align-center" data-align="center"><strong>Hétfő</strong></th><th class="has-text-align-center" data-align="center"><strong>Kedd</strong></th><th class="has-text-align-center" data-align="center"><strong>Szerda</strong></th><th class="has-text-align-center" data-align="center"><strong>Csütörtök</strong></th><th class="has-text-align-center" data-align="center"><strong>Péntek</strong></th></tr></thead><tbody><tr><td><strong>Dr. Galántai Gyöngyi</strong></td><td class="has-text-align-center" data-align="center"><strong>10:00-18:00</strong></td><td class="has-text-align-center" data-align="center">&#8211;</td><td class="has-text-align-center" data-align="center">&#8211;</td><td class="has-text-align-center" data-align="center">&#8211;</td><td class="has-text-align-center" data-align="center">&#8211;</td></tr><tr><td><strong>Dr. Avar Éva</strong></td><td class="has-text-align-center" data-align="center">&#8211;</td><td class="has-text-align-center" data-align="center">&#8211;</td><td class="has-text-align-center" data-align="center"><strong>12:00-15:00</strong></td><td class="has-text-align-center" data-align="center">&#8211;</td><td class="has-text-align-center" data-align="center">&#8211;</td></tr><tr><td><strong>Dr. Barcza Dóra</strong></td><td class="has-text-align-center" data-align="center">&#8211;</td><td class="has-text-align-center" data-align="center">&#8211;</td><td class="has-text-align-center" data-align="center"><strong>9:40-11:30</strong></td><td class="has-text-align-center" data-align="center"><strong>9:40-12:00</strong></td><td class="has-text-align-center" data-align="center"></td></tr><tr><td><strong>Dr. Királyhegyi Péter</strong></td><td class="has-text-align-center" data-align="center">&#8211;</td><td class="has-text-align-center" data-align="center"><strong>9:40-15:00</strong></td><td class="has-text-align-center" data-align="center">&#8211;</td><td class="has-text-align-center" data-align="center">&#8211;</td><td class="has-text-align-center" data-align="center">&#8211;</td></tr><tr><td><strong>Dr. Tóta Anett</strong></td><td class="has-text-align-center" data-align="center">&#8211;</td><td class="has-text-align-center" data-align="center">&#8211;</td><td class="has-text-align-center" data-align="center">&#8211;</td><td class="has-text-align-center" data-align="center"><strong>13:00-16:00</strong></td><td class="has-text-align-center" data-align="center">&#8211;</td></tr><tr><td><strong>Dr</strong>. <strong>Stefán Zsolt</strong></td><td class="has-text-align-center" data-align="center">&#8211;</td><td class="has-text-align-center" data-align="center">&#8211;</td><td class="has-text-align-center" data-align="center">&#8211;</td><td class="has-text-align-center" data-align="center">&#8211;</td><td class="has-text-align-center" data-align="center"><strong>9:00-13:00</strong></td></tr></tbody></table></figure>



<div style="height:18px" aria-hidden="true" class="wp-block-spacer"></div>

<p>A neurológia vagy ideggyógyászat az idegrendszer betegségeivel foglalkozó orvosi tudományág.&nbsp; Az alábbi tünetek, panaszok jelentkezésekor javasolt ideggyógyászt felkeresni: fejfájás, szédülés, végtag zsibbadások, végtaggyengeség, memóriazavar, eszméletvesztés, beszédzavar, járászavar, kettőslátás. A vizsgálat első részében a szakorvos először kikérdezi a pácienst jelenlegi tüneteiről, korábbi betegségeiről, a családban előfordult megbetegedésekről, majd áttekinti a korábbi leleteket, ami alapján felállítja a [&hellip;]</p>
