{"id":4086,"date":"2022-06-23T12:39:16","date_gmt":"2022-06-23T10:39:16","guid":{"rendered":"http:\/\/www.javorszky.hu\/wordpress\/?page_id=4086"},"modified":"2026-03-06T09:16:04","modified_gmt":"2026-03-06T08:16:04","slug":"onkologia-onkologiai-gondozo","status":"publish","type":"page","link":"http:\/\/www.javorszky.hu\/wordpress\/?page_id=4086","title":{"rendered":"Onkol\u00f3gia, onkol\u00f3giai gondoz\u00f3"},"content":{"rendered":"\n<p>Az onkol\u00f3giai szakrendel\u00e9s foglalkozik a radiol\u00f3giailag, vagy\/\u00e9s sz\u00f6vettannal igazolt daganatos betegek ell\u00e1t\u00e1s\u00e1val. <\/p>\n\n\n\n<p>Az Onkol\u00f3giai Gondoz\u00f3ban t\u00f6rt\u00e9nik a m\u00e1r ter\u00e1pi\u00e1n \u00e1tesett daganatos betegek ut\u00e1nk\u00f6vet\u00e9se, a rendszeres, id\u0151k\u00f6zi, ellen\u0151rz\u0151 vizsg\u00e1lata,  t\u00fcneti kezel\u00e9s\u00fck, recepttel val\u00f3 ell\u00e1t\u00e1suk. <\/p>\n\n\n\n<p class=\"has-vivid-cyan-blue-color has-text-color has-medium-font-size\"><strong>Beutal\u00f3 n\u00e9lk\u00fcl is ig\u00e9nybe vehet\u0151.<\/strong><\/p>\n\n\n\n<p><strong>Helye: <mark style=\"background-color:rgba(0, 0, 0, 0)\" class=\"has-inline-color has-vivid-cyan-blue-color\">H pavilon, 120-as szoba<\/mark><\/strong><\/p>\n\n\n\n<p>Id\u0151pont foglal\u00e1s \u00e9s t\u00e1j\u00e9koztat\u00e1s: <strong><mark style=\"background-color:rgba(0, 0, 0, 0)\" class=\"has-inline-color has-vivid-cyan-blue-color\">+36 30 66 32 400<\/mark>(cs\u00fct\u00f6rt\u00f6ki rendel\u00e9si napokon 7:00-15:00 k\u00f6z\u00f6tt h\u00edvhat\u00f3)<\/strong><\/p>\n\n\n\n<figure class=\"wp-block-table is-style-stripes\"><table class=\"has-pale-cyan-blue-background-color has-background\"><thead><tr><th><strong>Orvos<\/strong><\/th><th class=\"has-text-align-center\" data-align=\"center\"><\/th><th class=\"has-text-align-center\" data-align=\"center\"><strong>Cs\u00fct\u00f6rt\u00f6k<\/strong><\/th><\/tr><\/thead><tbody><tr><td><strong>Dr. Hitre Erika<\/strong><br><strong><mark style=\"background-color:rgba(0, 0, 0, 0)\" class=\"has-inline-color has-vivid-red-color\">2026.04.02.. Orvosi ell\u00e1t\u00e1s nem lesz. <br>Asszisztensi ell\u00e1t\u00e1s \u00e9s telefonos el\u00e9rhet\u0151s\u00e9g el\u00e9rhet\u0151.<\/mark><\/strong><br>\u00a0<\/td><td class=\"has-text-align-center\" data-align=\"center\"><\/td><td class=\"has-text-align-center\" data-align=\"center\"><strong>7:30-<mark style=\"background-color:rgba(0, 0, 0, 0)\" class=\"has-inline-color has-black-color\">14:00<\/mark><\/strong><\/td><\/tr><\/tbody><\/table><\/figure>\n\n\n\n<hr class=\"wp-block-separator has-css-opacity\"\/>\n\n\n\n<p class=\"has-text-align-center\"><\/p>\n","protected":false},"excerpt":{"rendered":"<p>Az onkol\u00f3giai szakrendel\u00e9s foglalkozik a radiol\u00f3giailag, vagy\/\u00e9s sz\u00f6vettannal igazolt daganatos betegek ell\u00e1t\u00e1s\u00e1val. Az Onkol\u00f3giai Gondoz\u00f3ban t\u00f6rt\u00e9nik a m\u00e1r ter\u00e1pi\u00e1n \u00e1tesett daganatos betegek ut\u00e1nk\u00f6vet\u00e9se, a rendszeres, id\u0151k\u00f6zi, ellen\u0151rz\u0151 vizsg\u00e1lata, t\u00fcneti kezel\u00e9s\u00fck, recepttel val\u00f3 ell\u00e1t\u00e1suk. Beutal\u00f3 n\u00e9lk\u00fcl is ig\u00e9nybe vehet\u0151. Helye: H pavilon, 120-as szoba Id\u0151pont foglal\u00e1s \u00e9s t\u00e1j\u00e9koztat\u00e1s: +36 30 66 32 400(cs\u00fct\u00f6rt\u00f6ki rendel\u00e9si napokon 7:00-15:00 [&hellip;]<\/p>\n","protected":false},"author":5,"featured_media":0,"parent":0,"menu_order":0,"comment_status":"closed","ping_status":"closed","template":"","meta":[],"_links":{"self":[{"href":"http:\/\/www.javorszky.hu\/wordpress\/index.php?rest_route=\/wp\/v2\/pages\/4086"}],"collection":[{"href":"http:\/\/www.javorszky.hu\/wordpress\/index.php?rest_route=\/wp\/v2\/pages"}],"about":[{"href":"http:\/\/www.javorszky.hu\/wordpress\/index.php?rest_route=\/wp\/v2\/types\/page"}],"author":[{"embeddable":true,"href":"http:\/\/www.javorszky.hu\/wordpress\/index.php?rest_route=\/wp\/v2\/users\/5"}],"replies":[{"embeddable":true,"href":"http:\/\/www.javorszky.hu\/wordpress\/index.php?rest_route=%2Fwp%2Fv2%2Fcomments&post=4086"}],"version-history":[{"count":26,"href":"http:\/\/www.javorszky.hu\/wordpress\/index.php?rest_route=\/wp\/v2\/pages\/4086\/revisions"}],"predecessor-version":[{"id":9856,"href":"http:\/\/www.javorszky.hu\/wordpress\/index.php?rest_route=\/wp\/v2\/pages\/4086\/revisions\/9856"}],"wp:attachment":[{"href":"http:\/\/www.javorszky.hu\/wordpress\/index.php?rest_route=%2Fwp%2Fv2%2Fmedia&parent=4086"}],"curies":[{"name":"wp","href":"https:\/\/api.w.org\/{rel}","templated":true}]}}

Onkológia, onkológiai gondozó

<p>Az onkológiai szakrendelés foglalkozik a radiológiailag, vagy/és szövettannal igazolt daganatos betegek ellátásával. </p>



<p>Az Onkológiai Gondozóban történik a már terápián átesett daganatos betegek utánkövetése, a rendszeres, időközi, ellenőrző vizsgálata,  tüneti kezelésük, recepttel való ellátásuk. </p>



<p class="has-vivid-cyan-blue-color has-text-color has-medium-font-size"><strong>Beutaló nélkül is igénybe vehető.</strong></p>



<p><strong>Helye: <mark style="background-color:rgba(0, 0, 0, 0)" class="has-inline-color has-vivid-cyan-blue-color">H pavilon, 120-as szoba</mark></strong></p>



<p>Időpont foglalás és tájékoztatás: <strong><mark style="background-color:rgba(0, 0, 0, 0)" class="has-inline-color has-vivid-cyan-blue-color">+36 30 66 32 400</mark>(csütörtöki rendelési napokon 7:00-15:00 között hívható)</strong></p>



<figure class="wp-block-table is-style-stripes"><table class="has-pale-cyan-blue-background-color has-background"><thead><tr><th><strong>Orvos</strong></th><th class="has-text-align-center" data-align="center"></th><th class="has-text-align-center" data-align="center"><strong>Csütörtök</strong></th></tr></thead><tbody><tr><td><strong>Dr. Hitre Erika</strong><br><strong><mark style="background-color:rgba(0, 0, 0, 0)" class="has-inline-color has-vivid-red-color">2026.04.02.. Orvosi ellátás nem lesz. <br>Asszisztensi ellátás és telefonos elérhetőség elérhető.</mark></strong><br> </td><td class="has-text-align-center" data-align="center"></td><td class="has-text-align-center" data-align="center"><strong>7:30-<mark style="background-color:rgba(0, 0, 0, 0)" class="has-inline-color has-black-color">14:00</mark></strong></td></tr></tbody></table></figure>



<hr class="wp-block-separator has-css-opacity"/>



<p class="has-text-align-center"></p>

<p>Az onkológiai szakrendelés foglalkozik a radiológiailag, vagy/és szövettannal igazolt daganatos betegek ellátásával. Az Onkológiai Gondozóban történik a már terápián átesett daganatos betegek utánkövetése, a rendszeres, időközi, ellenőrző vizsgálata, tüneti kezelésük, recepttel való ellátásuk. Beutaló nélkül is igénybe vehető. Helye: H pavilon, 120-as szoba Időpont foglalás és tájékoztatás: +36 30 66 32 400(csütörtöki rendelési napokon 7:00-15:00 [&hellip;]</p>
