{"id":4952,"date":"2022-09-26T10:18:44","date_gmt":"2022-09-26T08:18:44","guid":{"rendered":"http:\/\/www.javorszky.hu\/wordpress\/?page_id=4952"},"modified":"2025-09-16T09:19:03","modified_gmt":"2025-09-16T07:19:03","slug":"pajzsmirigy-szakrendeles","status":"publish","type":"page","link":"http:\/\/www.javorszky.hu\/wordpress\/?page_id=4952","title":{"rendered":"Pajzsmirigy szakrendel\u00e9s"},"content":{"rendered":"\n<p class=\"has-black-color has-text-color\"><strong>El\u0151jegyz\u00e9s:<\/strong><\/p>\n\n\n\n<p class=\"has-vivid-cyan-blue-color has-text-color\"><strong> 0627-620-676; 0627-620-677 vagy e&#108;&#x6f;&#x6a;e&#103;&#121;&#x7a;&#x65;s&#64;&#106;&#x61;&#x76;o&#114;&#x73;&#x7a;&#x6b;y&#46;&#x68;&#x75;<\/strong><\/p>\n\n\n\n<p><strong>\u00daj beteg eset\u00e9n beutal\u00f3, kontrolln\u00e1l ambul\u00e1ns lap sz\u00fcks\u00e9ges<\/strong>!<\/p>\n\n\n\n<p><strong>Rendel\u00e9s helye<\/strong>:<strong><mark style=\"background-color:rgba(0, 0, 0, 0)\" class=\"has-inline-color has-vivid-cyan-blue-color\"> E pavilon- Izot\u00f3p Diagnosztika ter\u00fclet\u00e9n<\/mark><\/strong><\/p>\n\n\n\n<p><strong><mark style=\"background-color:rgba(0, 0, 0, 0)\" class=\"has-inline-color has-vivid-red-color\">Bejelentkez\u00e9s a szakrendel\u0151 Betegfelv\u00e9teli Irod\u00e1j\u00e1ban (kartonoz\u00f3)<\/mark><\/strong>! <\/p>\n\n\n\n<figure class=\"wp-block-table is-style-stripes\"><table class=\"has-pale-cyan-blue-background-color has-background\"><thead><tr><th><strong>Orvos<\/strong><\/th><th class=\"has-text-align-center\" data-align=\"center\"><strong>H\u00e9tf\u0151<\/strong><\/th><th class=\"has-text-align-center\" data-align=\"center\"><strong>Kedd<\/strong><\/th><th class=\"has-text-align-center\" data-align=\"center\"><strong>Szerda<\/strong><\/th><th class=\"has-text-align-center\" data-align=\"center\"><strong>Cs\u00fct\u00f6rt\u00f6k<\/strong><\/th><th class=\"has-text-align-center\" data-align=\"center\"><strong>P\u00e9ntek<\/strong><\/th><\/tr><\/thead><tbody><tr><td><strong>Dr. B\u00e9nik Tam\u00e1s<\/strong><\/td><td class=\"has-text-align-center\" data-align=\"center\"><strong>7:30-9:30<\/strong><\/td><td class=\"has-text-align-center\" data-align=\"center\"><strong>7:30-9:30<\/strong><\/td><td class=\"has-text-align-center\" data-align=\"center\"><strong>7:30-9:30<\/strong><\/td><td class=\"has-text-align-center\" data-align=\"center\"><strong>7:30-9:30<\/strong><\/td><td class=\"has-text-align-center\" data-align=\"center\"><strong>7:30-9:30<\/strong><\/td><\/tr><\/tbody><\/table><\/figure>\n","protected":false},"excerpt":{"rendered":"<p>El\u0151jegyz\u00e9s: 0627-620-676; 0627-620-677 vagy &#x65;&#x6c;&#x6f;&#x6a;&#101;&#103;&#121;&#122;es&#64;&#x6a;&#x61;&#x76;&#x6f;&#x72;&#115;&#122;&#107;y&#46;h&#x75; \u00daj beteg eset\u00e9n beutal\u00f3, kontrolln\u00e1l ambul\u00e1ns lap sz\u00fcks\u00e9ges! Rendel\u00e9s helye: E pavilon- Izot\u00f3p Diagnosztika ter\u00fclet\u00e9n Bejelentkez\u00e9s a szakrendel\u0151 Betegfelv\u00e9teli Irod\u00e1j\u00e1ban (kartonoz\u00f3)! Orvos H\u00e9tf\u0151 Kedd Szerda Cs\u00fct\u00f6rt\u00f6k P\u00e9ntek Dr. B\u00e9nik Tam\u00e1s 7:30-9:30 7:30-9:30 7:30-9:30 7:30-9:30 7:30-9:30<\/p>\n","protected":false},"author":5,"featured_media":0,"parent":0,"menu_order":0,"comment_status":"closed","ping_status":"closed","template":"","meta":[],"_links":{"self":[{"href":"http:\/\/www.javorszky.hu\/wordpress\/index.php?rest_route=\/wp\/v2\/pages\/4952"}],"collection":[{"href":"http:\/\/www.javorszky.hu\/wordpress\/index.php?rest_route=\/wp\/v2\/pages"}],"about":[{"href":"http:\/\/www.javorszky.hu\/wordpress\/index.php?rest_route=\/wp\/v2\/types\/page"}],"author":[{"embeddable":true,"href":"http:\/\/www.javorszky.hu\/wordpress\/index.php?rest_route=\/wp\/v2\/users\/5"}],"replies":[{"embeddable":true,"href":"http:\/\/www.javorszky.hu\/wordpress\/index.php?rest_route=%2Fwp%2Fv2%2Fcomments&post=4952"}],"version-history":[{"count":13,"href":"http:\/\/www.javorszky.hu\/wordpress\/index.php?rest_route=\/wp\/v2\/pages\/4952\/revisions"}],"predecessor-version":[{"id":9020,"href":"http:\/\/www.javorszky.hu\/wordpress\/index.php?rest_route=\/wp\/v2\/pages\/4952\/revisions\/9020"}],"wp:attachment":[{"href":"http:\/\/www.javorszky.hu\/wordpress\/index.php?rest_route=%2Fwp%2Fv2%2Fmedia&parent=4952"}],"curies":[{"name":"wp","href":"https:\/\/api.w.org\/{rel}","templated":true}]}}

Pajzsmirigy szakrendelés

<p class="has-black-color has-text-color"><strong>Előjegyzés:</strong></p>



<p class="has-vivid-cyan-blue-color has-text-color"><strong> 0627-620-676; 0627-620-677 vagy e&#108;&#x6f;&#x6a;e&#103;&#121;&#x7a;&#x65;s&#64;&#106;&#x61;&#x76;o&#114;&#x73;&#x7a;&#x6b;y&#46;&#x68;&#x75;</strong></p>



<p><strong>Új beteg esetén beutaló, kontrollnál ambuláns lap szükséges</strong>!</p>



<p><strong>Rendelés helye</strong>:<strong><mark style="background-color:rgba(0, 0, 0, 0)" class="has-inline-color has-vivid-cyan-blue-color"> E pavilon- Izotóp Diagnosztika területén</mark></strong></p>



<p><strong><mark style="background-color:rgba(0, 0, 0, 0)" class="has-inline-color has-vivid-red-color">Bejelentkezés a szakrendelő Betegfelvételi Irodájában (kartonozó)</mark></strong>! </p>



<figure class="wp-block-table is-style-stripes"><table class="has-pale-cyan-blue-background-color has-background"><thead><tr><th><strong>Orvos</strong></th><th class="has-text-align-center" data-align="center"><strong>Hétfő</strong></th><th class="has-text-align-center" data-align="center"><strong>Kedd</strong></th><th class="has-text-align-center" data-align="center"><strong>Szerda</strong></th><th class="has-text-align-center" data-align="center"><strong>Csütörtök</strong></th><th class="has-text-align-center" data-align="center"><strong>Péntek</strong></th></tr></thead><tbody><tr><td><strong>Dr. Bénik Tamás</strong></td><td class="has-text-align-center" data-align="center"><strong>7:30-9:30</strong></td><td class="has-text-align-center" data-align="center"><strong>7:30-9:30</strong></td><td class="has-text-align-center" data-align="center"><strong>7:30-9:30</strong></td><td class="has-text-align-center" data-align="center"><strong>7:30-9:30</strong></td><td class="has-text-align-center" data-align="center"><strong>7:30-9:30</strong></td></tr></tbody></table></figure>

<p>Előjegyzés: 0627-620-676; 0627-620-677 vagy &#x65;&#x6c;&#x6f;&#x6a;&#101;&#103;&#121;&#122;es&#64;&#x6a;&#x61;&#x76;&#x6f;&#x72;&#115;&#122;&#107;y&#46;h&#x75; Új beteg esetén beutaló, kontrollnál ambuláns lap szükséges! Rendelés helye: E pavilon- Izotóp Diagnosztika területén Bejelentkezés a szakrendelő Betegfelvételi Irodájában (kartonozó)! Orvos Hétfő Kedd Szerda Csütörtök Péntek Dr. Bénik Tamás 7:30-9:30 7:30-9:30 7:30-9:30 7:30-9:30 7:30-9:30</p>
