{"id":5049,"date":"2022-10-04T11:20:27","date_gmt":"2022-10-04T09:20:27","guid":{"rendered":"http:\/\/www.javorszky.hu\/wordpress\/?page_id=5049"},"modified":"2026-01-05T10:01:22","modified_gmt":"2026-01-05T09:01:22","slug":"rehabilitacio-protetika-ortetika","status":"publish","type":"page","link":"http:\/\/www.javorszky.hu\/wordpress\/?page_id=5049","title":{"rendered":"Rehabilit\u00e1ci\u00f3 ,Protetika, Ortetika"},"content":{"rendered":"\n<p class=\"has-text-align-center has-medium-font-size\"><strong>Rehabilit\u00e1ci\u00f3<\/strong><\/p>\n\n\n\n<p class=\"has-vivid-cyan-blue-color has-text-color has-medium-font-size\"><strong>Beutal\u00f3 sz\u00fcks\u00e9ges<\/strong><\/p>\n\n\n\n<p>Telefonsz\u00e1m: 06\/27\/620-620 1338 mell\u00e9k<\/p>\n\n\n\n<p><strong>Rendel\u00e9s helye: <\/strong><\/p>\n\n\n\n<p class=\"has-vivid-cyan-blue-color has-text-color\"><strong>K\u00f3rh\u00e1z H pavilon H37<\/strong><\/p>\n\n\n\n<figure class=\"wp-block-table is-style-stripes\"><table class=\"has-pale-cyan-blue-background-color has-background\"><thead><tr><th><strong>Orvosok<\/strong><\/th><th class=\"has-text-align-center\" data-align=\"center\"><strong>H\u00e9tf\u0151<\/strong><\/th><th class=\"has-text-align-center\" data-align=\"center\"><strong>Kedd<\/strong><\/th><th class=\"has-text-align-center\" data-align=\"center\"><strong>Szerda<\/strong><\/th><th class=\"has-text-align-center\" data-align=\"center\"><strong>Cs\u00fct\u00f6rt\u00f6k<\/strong><\/th><th class=\"has-text-align-center\" data-align=\"center\"><strong>P\u00e9ntek<\/strong><\/th><\/tr><\/thead><tbody><tr><td><strong>Dr. Stef\u00e1n Zsolt<\/strong><\/td><td class=\"has-text-align-center\" data-align=\"center\"><strong>10:00-12:00<\/strong><\/td><td class=\"has-text-align-center\" data-align=\"center\"><strong>10:00-12:00<\/strong><\/td><td class=\"has-text-align-center\" data-align=\"center\">&#8211;<\/td><td class=\"has-text-align-center\" data-align=\"center\">&#8211;<\/td><td class=\"has-text-align-center\" data-align=\"center\">&#8211;<\/td><\/tr><tr><td><strong>Dr. Szalai Katalin<\/strong><\/td><td class=\"has-text-align-center\" data-align=\"center\">&#8211;<\/td><td class=\"has-text-align-center\" data-align=\"center\">&#8211;<\/td><td class=\"has-text-align-center\" data-align=\"center\">&#8211;<\/td><td class=\"has-text-align-center\" data-align=\"center\"><strong>10:00-12:00<\/strong><\/td><td class=\"has-text-align-center\" data-align=\"center\"><strong>10:00-12:00<\/strong><\/td><\/tr><\/tbody><\/table><\/figure>\n\n\n\n<p class=\"has-text-align-center has-medium-font-size\"><strong>Protetika,ortetika<\/strong><\/p>\n\n\n\n<p class=\"has-vivid-cyan-blue-color has-text-color has-medium-font-size\"><strong>Beutal\u00f3 sz\u00fcks\u00e9ges<\/strong><\/p>\n\n\n\n<p>Telefonsz\u00e1m: 06\/27\/620-620 1338 mell\u00e9k<\/p>\n\n\n\n<p><strong>Rendel\u00e9s helye: <\/strong><\/p>\n\n\n\n<p class=\"has-vivid-cyan-blue-color has-text-color\"><strong>K\u00f3rh\u00e1z H pavilon H37<\/strong><\/p>\n\n\n\n<figure class=\"wp-block-table is-style-stripes\"><table class=\"has-pale-cyan-blue-background-color has-background\"><thead><tr><th><strong>Orvos<\/strong><\/th><th class=\"has-text-align-center\" data-align=\"center\"><strong>H\u00e9tf\u0151 <\/strong><\/th><th class=\"has-text-align-center\" data-align=\"center\"><strong>Kedd<\/strong><\/th><th class=\"has-text-align-center\" data-align=\"center\"><strong>Szerda<\/strong><\/th><th class=\"has-text-align-center\" data-align=\"center\"><strong>Cs\u00fct\u00f6rt\u00f6k<\/strong><\/th><th class=\"has-text-align-center\" data-align=\"center\"><strong>P\u00e9ntek<\/strong><\/th><\/tr><\/thead><tbody><tr><td><strong>Dr. Stef\u00e1n Zsolt<\/strong> <br>A rendel\u00e9s beteget nem fogad: <br><\/td><td class=\"has-text-align-center\" data-align=\"center\">&#8211;<\/td><td class=\"has-text-align-center\" data-align=\"center\">&#8211;<\/td><td class=\"has-text-align-center\" data-align=\"center\"><strong>10:00-12:00<\/strong><\/td><td class=\"has-text-align-center\" data-align=\"center\">&#8211;<\/td><td class=\"has-text-align-center\" data-align=\"center\">&#8211;<\/td><\/tr><\/tbody><\/table><\/figure>\n","protected":false},"excerpt":{"rendered":"<p>Rehabilit\u00e1ci\u00f3 Beutal\u00f3 sz\u00fcks\u00e9ges Telefonsz\u00e1m: 06\/27\/620-620 1338 mell\u00e9k Rendel\u00e9s helye: K\u00f3rh\u00e1z H pavilon H37 Orvosok H\u00e9tf\u0151 Kedd Szerda Cs\u00fct\u00f6rt\u00f6k P\u00e9ntek Dr. Stef\u00e1n Zsolt 10:00-12:00 10:00-12:00 &#8211; &#8211; &#8211; Dr. Szalai Katalin &#8211; &#8211; &#8211; 10:00-12:00 10:00-12:00 Protetika,ortetika Beutal\u00f3 sz\u00fcks\u00e9ges Telefonsz\u00e1m: 06\/27\/620-620 1338 mell\u00e9k Rendel\u00e9s helye: K\u00f3rh\u00e1z H pavilon H37 Orvos H\u00e9tf\u0151 Kedd Szerda Cs\u00fct\u00f6rt\u00f6k P\u00e9ntek Dr. [&hellip;]<\/p>\n","protected":false},"author":5,"featured_media":0,"parent":0,"menu_order":0,"comment_status":"closed","ping_status":"closed","template":"","meta":[],"_links":{"self":[{"href":"http:\/\/www.javorszky.hu\/wordpress\/index.php?rest_route=\/wp\/v2\/pages\/5049"}],"collection":[{"href":"http:\/\/www.javorszky.hu\/wordpress\/index.php?rest_route=\/wp\/v2\/pages"}],"about":[{"href":"http:\/\/www.javorszky.hu\/wordpress\/index.php?rest_route=\/wp\/v2\/types\/page"}],"author":[{"embeddable":true,"href":"http:\/\/www.javorszky.hu\/wordpress\/index.php?rest_route=\/wp\/v2\/users\/5"}],"replies":[{"embeddable":true,"href":"http:\/\/www.javorszky.hu\/wordpress\/index.php?rest_route=%2Fwp%2Fv2%2Fcomments&post=5049"}],"version-history":[{"count":8,"href":"http:\/\/www.javorszky.hu\/wordpress\/index.php?rest_route=\/wp\/v2\/pages\/5049\/revisions"}],"predecessor-version":[{"id":9431,"href":"http:\/\/www.javorszky.hu\/wordpress\/index.php?rest_route=\/wp\/v2\/pages\/5049\/revisions\/9431"}],"wp:attachment":[{"href":"http:\/\/www.javorszky.hu\/wordpress\/index.php?rest_route=%2Fwp%2Fv2%2Fmedia&parent=5049"}],"curies":[{"name":"wp","href":"https:\/\/api.w.org\/{rel}","templated":true}]}}

Rehabilitáció ,Protetika, Ortetika

<p class="has-text-align-center has-medium-font-size"><strong>Rehabilitáció</strong></p>



<p class="has-vivid-cyan-blue-color has-text-color has-medium-font-size"><strong>Beutaló szükséges</strong></p>



<p>Telefonszám: 06/27/620-620 1338 mellék</p>



<p><strong>Rendelés helye: </strong></p>



<p class="has-vivid-cyan-blue-color has-text-color"><strong>Kórház H pavilon H37</strong></p>



<figure class="wp-block-table is-style-stripes"><table class="has-pale-cyan-blue-background-color has-background"><thead><tr><th><strong>Orvosok</strong></th><th class="has-text-align-center" data-align="center"><strong>Hétfő</strong></th><th class="has-text-align-center" data-align="center"><strong>Kedd</strong></th><th class="has-text-align-center" data-align="center"><strong>Szerda</strong></th><th class="has-text-align-center" data-align="center"><strong>Csütörtök</strong></th><th class="has-text-align-center" data-align="center"><strong>Péntek</strong></th></tr></thead><tbody><tr><td><strong>Dr. Stefán Zsolt</strong></td><td class="has-text-align-center" data-align="center"><strong>10:00-12:00</strong></td><td class="has-text-align-center" data-align="center"><strong>10:00-12:00</strong></td><td class="has-text-align-center" data-align="center">&#8211;</td><td class="has-text-align-center" data-align="center">&#8211;</td><td class="has-text-align-center" data-align="center">&#8211;</td></tr><tr><td><strong>Dr. Szalai Katalin</strong></td><td class="has-text-align-center" data-align="center">&#8211;</td><td class="has-text-align-center" data-align="center">&#8211;</td><td class="has-text-align-center" data-align="center">&#8211;</td><td class="has-text-align-center" data-align="center"><strong>10:00-12:00</strong></td><td class="has-text-align-center" data-align="center"><strong>10:00-12:00</strong></td></tr></tbody></table></figure>



<p class="has-text-align-center has-medium-font-size"><strong>Protetika,ortetika</strong></p>



<p class="has-vivid-cyan-blue-color has-text-color has-medium-font-size"><strong>Beutaló szükséges</strong></p>



<p>Telefonszám: 06/27/620-620 1338 mellék</p>



<p><strong>Rendelés helye: </strong></p>



<p class="has-vivid-cyan-blue-color has-text-color"><strong>Kórház H pavilon H37</strong></p>



<figure class="wp-block-table is-style-stripes"><table class="has-pale-cyan-blue-background-color has-background"><thead><tr><th><strong>Orvos</strong></th><th class="has-text-align-center" data-align="center"><strong>Hétfő </strong></th><th class="has-text-align-center" data-align="center"><strong>Kedd</strong></th><th class="has-text-align-center" data-align="center"><strong>Szerda</strong></th><th class="has-text-align-center" data-align="center"><strong>Csütörtök</strong></th><th class="has-text-align-center" data-align="center"><strong>Péntek</strong></th></tr></thead><tbody><tr><td><strong>Dr. Stefán Zsolt</strong> <br>A rendelés beteget nem fogad: <br></td><td class="has-text-align-center" data-align="center">&#8211;</td><td class="has-text-align-center" data-align="center">&#8211;</td><td class="has-text-align-center" data-align="center"><strong>10:00-12:00</strong></td><td class="has-text-align-center" data-align="center">&#8211;</td><td class="has-text-align-center" data-align="center">&#8211;</td></tr></tbody></table></figure>

<p>Rehabilitáció Beutaló szükséges Telefonszám: 06/27/620-620 1338 mellék Rendelés helye: Kórház H pavilon H37 Orvosok Hétfő Kedd Szerda Csütörtök Péntek Dr. Stefán Zsolt 10:00-12:00 10:00-12:00 &#8211; &#8211; &#8211; Dr. Szalai Katalin &#8211; &#8211; &#8211; 10:00-12:00 10:00-12:00 Protetika,ortetika Beutaló szükséges Telefonszám: 06/27/620-620 1338 mellék Rendelés helye: Kórház H pavilon H37 Orvos Hétfő Kedd Szerda Csütörtök Péntek Dr. [&hellip;]</p>
