{"id":6105,"date":"2023-07-17T09:46:46","date_gmt":"2023-07-17T07:46:46","guid":{"rendered":"http:\/\/www.javorszky.hu\/wordpress\/?page_id=6105"},"modified":"2026-04-01T07:54:44","modified_gmt":"2026-04-01T05:54:44","slug":"palyazat-apolo","status":"publish","type":"page","link":"http:\/\/www.javorszky.hu\/wordpress\/?page_id=6105","title":{"rendered":"P\u00e1ly\u00e1zat : \u00c1pol\u00f3"},"content":{"rendered":"\n<p class=\"has-text-align-center\" style=\"line-height:1\"><em><strong>V\u00e1ci J\u00e1vorszky \u00d6d\u00f6n K\u00f3rh\u00e1z<\/strong><\/em><\/p>\n\n\n\n<p class=\"has-text-align-center\" style=\"line-height:1\">a 2020. \u00e9vi C. t\u00f6rv\u00e9ny \u00e9s az 528\/2020. (XI. 28.) Korm. rendelet alapj\u00e1n<\/p>\n\n\n\n<p class=\"has-text-align-center\" style=\"line-height:1\">p\u00e1ly\u00e1zatot hirdet <strong><br><mark style=\"background-color:rgba(0, 0, 0, 0)\" class=\"has-inline-color has-vivid-cyan-blue-color\">\u00e1pol\u00f3<\/mark><\/strong><\/p>\n\n\n\n<p class=\"has-text-align-center\" style=\"line-height:1\">munkak\u00f6r bet\u00f6lt\u00e9s\u00e9re.<\/p>\n\n\n\n<p><strong>Az eg\u00e9szs\u00e9g\u00fcgyi szolg\u00e1lati jogviszony id\u0151tartama:<\/strong><\/p>\n\n\n\n<p>Hat\u00e1rozatlan idej\u0171 eg\u00e9szs\u00e9g\u00fcgyi szolg\u00e1lati jogviszony.<\/p>\n\n\n\n<p><strong>Foglalkoztat\u00e1s jellege:<\/strong> &nbsp;Teljes munkaid\u0151<\/p>\n\n\n\n<p><strong>A munkav\u00e9gz\u00e9s helye:<\/strong> Pest v\u00e1rmegye, 2600 V\u00e1c, Argenti D\u00f6me t\u00e9r 1-3.<\/p>\n\n\n\n<p><strong>A munkak\u00f6rbe tartoz\u00f3, illetve a vezet\u0151i megb\u00edz\u00e1ssal j\u00e1r\u00f3 l\u00e9nyeges feladatok:<\/strong><\/p>\n\n\n\n<p>A betegek ell\u00e1t\u00e1s\u00e1val kapcsolatos \u00e1pol\u00f3i feladatok elv\u00e9gz\u00e9se.<strong><\/strong><\/p>\n\n\n\n<p><strong>Illetm\u00e9ny \u00e9s juttat\u00e1sok:<\/strong><\/p>\n\n\n\n<p>Az eg\u00e9szs\u00e9g\u00fcgyi szolg\u00e1lati jogviszonyr\u00f3l sz\u00f3l\u00f3 2020. \u00e9vi C. t\u00f6rv\u00e9ny (a tov\u00e1bbiakban: Eszjtv.) Eszjtv. 1\/A. mell\u00e9klet\u00e9ben foglaltak alapj\u00e1n.<\/p>\n\n\n\n<p><strong>P\u00e1ly\u00e1zati felt\u00e9telek:<\/strong><\/p>\n\n\n\n<ul><li>Fels\u0151fok\u00fa k\u00e9pes\u00edt\u00e9s, \u00e1pol\u00f3 (54) \/ \u00e1pol\u00f3 (55), \u00e1pol\u00f3 (5) k\u00e9pes\u00edt\u00e9s<\/li><li>Felhaszn\u00e1l\u00f3i szint\u0171 Informatikai rendszerismeret<\/li><li>Magyar \u00e1llampolg\u00e1rs\u00e1g, b\u00fcntetlen el\u0151\u00e9let<\/li><\/ul>\n\n\n\n<p><strong>Elv\u00e1rt kompetenci\u00e1k:<\/strong><\/p>\n\n\n\n<ul><li>Kiv\u00e1l\u00f3 szint\u0171 betegorient\u00e1lts\u00e1g<\/li><li>Kiv\u00e1l\u00f3 szint\u0171 probl\u00e9mamegold\u00f3 k\u00e9pess\u00e9g<\/li><li>Kiv\u00e1l\u00f3 szint\u0171 csapatmunka, egy\u00fcttm\u0171k\u00f6d\u00e9s<\/li><\/ul>\n\n\n\n<p><strong>A p\u00e1ly\u00e1zat r\u00e9szek\u00e9nt beny\u00fajtand\u00f3 iratok, igazol\u00e1sok:<\/strong><\/p>\n\n\n\n<ul><li>R\u00e9szletes f\u00e9nyk\u00e9pes szakmai \u00f6n\u00e9letrajz<\/li><li>V\u00e9gzetts\u00e9get igazol\u00f3 dokumentumok<\/li><li>3 h\u00f3napn\u00e1l nem r\u00e9gebbi erk\u00f6lcsi bizony\u00edtv\u00e1ny<\/li><li>M\u0171k\u00f6d\u00e9si nyilv\u00e1ntart\u00e1sr\u00f3l sz\u00f3l\u00f3 igazol\u00e1s<\/li><li>Beleegyez\u0151 nyilatkozat arr\u00f3l, hogy a p\u00e1ly\u00e1zati anyagot a p\u00e1ly\u00e1zat elb\u00edr\u00e1l\u00e1s\u00e1ban r\u00e9sztvev\u0151k megismerhess\u00e9k<\/li><\/ul>\n\n\n\n<p><strong>A munkak\u00f6r bet\u00f6lthet\u0151s\u00e9g\u00e9nek id\u0151pontja:<\/strong><\/p>\n\n\n\n<p>A munkak\u00f6r a p\u00e1ly\u00e1zatok elb\u00edr\u00e1l\u00e1s\u00e1t k\u00f6vet\u0151en azonnal bet\u00f6lthet\u0151.<\/p>\n\n\n\n<p><strong>A p\u00e1ly\u00e1zat beny\u00fajt\u00e1s\u00e1nak hat\u00e1rideje:\u00a0<mark style=\"background-color:rgba(0, 0, 0, 0)\" class=\"has-inline-color has-vivid-cyan-blue-color\">2026.06.26.<\/mark><\/strong><\/p>\n\n\n\n<p>A p\u00e1ly\u00e1zati ki\u00edr\u00e1ssal kapcsolatosan tov\u00e1bbi inform\u00e1ci\u00f3t&nbsp;<strong>Dr. Kir\u00e1ly Edit \u00e1pol\u00e1si igazgat\u00f3<\/strong>&nbsp;ny\u00fajt, a +36-27-620-607-es telefonsz\u00e1mon.<\/p>\n\n\n\n<p><strong>A p\u00e1ly\u00e1zatok beny\u00fajt\u00e1s\u00e1nak m\u00f3dja:<\/strong><\/p>\n\n\n\n<ul><li>Postai \u00faton, a p\u00e1ly\u00e1zatnak a <strong><em>V\u00e1ci J\u00e1vorszky \u00d6d\u00f6n K\u00f3rh\u00e1z<\/em><\/strong> c\u00edm\u00e9re t\u00f6rt\u00e9n\u0151 megk\u00fcld\u00e9s\u00e9vel (2600 V\u00e1c, Argenti D\u00f6me t\u00e9r 1-3.). K\u00e9rj\u00fck a bor\u00edt\u00e9kon felt\u00fcntetni a munkak\u00f6r megnevez\u00e9s\u00e9t: <strong>\u00e1pol\u00f3 <\/strong>(t\u00f6bb oszt\u00e1ly).<\/li><\/ul>\n\n\n\n<p><strong>vagy<\/strong><\/p>\n\n\n\n<ul><li>Elektronikus \u00faton Dr. Kir\u00e1ly Edit r\u00e9sz\u00e9re a&nbsp;<strong>&#x6b;&#105;&#x72;&#x61;&#108;&#x79;&#x2e;&#101;&#x64;&#x69;&#116;&#x40;&#x6a;a&#x76;&#x6f;r&#x73;&#122;k&#x79;&#46;h&#x75;<\/strong>&nbsp;e-mail c\u00edmen kereszt\u00fcl<\/li><\/ul>\n\n\n\n<p><strong>A p\u00e1ly\u00e1zat elb\u00edr\u00e1l\u00e1s\u00e1nak hat\u00e1rideje:\u00a0<mark style=\"background-color:rgba(0, 0, 0, 0)\" class=\"has-inline-color has-vivid-cyan-blue-color\">2026.06.30.<\/mark><\/strong><\/p>\n","protected":false},"excerpt":{"rendered":"<p>V\u00e1ci J\u00e1vorszky \u00d6d\u00f6n K\u00f3rh\u00e1z a 2020. \u00e9vi C. t\u00f6rv\u00e9ny \u00e9s az 528\/2020. (XI. 28.) Korm. rendelet alapj\u00e1n p\u00e1ly\u00e1zatot hirdet \u00e1pol\u00f3 munkak\u00f6r bet\u00f6lt\u00e9s\u00e9re. Az eg\u00e9szs\u00e9g\u00fcgyi szolg\u00e1lati jogviszony id\u0151tartama: Hat\u00e1rozatlan idej\u0171 eg\u00e9szs\u00e9g\u00fcgyi szolg\u00e1lati jogviszony. Foglalkoztat\u00e1s jellege: &nbsp;Teljes munkaid\u0151 A munkav\u00e9gz\u00e9s helye: Pest v\u00e1rmegye, 2600 V\u00e1c, Argenti D\u00f6me t\u00e9r 1-3. A munkak\u00f6rbe tartoz\u00f3, illetve a vezet\u0151i megb\u00edz\u00e1ssal j\u00e1r\u00f3 [&hellip;]<\/p>\n","protected":false},"author":5,"featured_media":0,"parent":0,"menu_order":0,"comment_status":"closed","ping_status":"closed","template":"","meta":[],"_links":{"self":[{"href":"http:\/\/www.javorszky.hu\/wordpress\/index.php?rest_route=\/wp\/v2\/pages\/6105"}],"collection":[{"href":"http:\/\/www.javorszky.hu\/wordpress\/index.php?rest_route=\/wp\/v2\/pages"}],"about":[{"href":"http:\/\/www.javorszky.hu\/wordpress\/index.php?rest_route=\/wp\/v2\/types\/page"}],"author":[{"embeddable":true,"href":"http:\/\/www.javorszky.hu\/wordpress\/index.php?rest_route=\/wp\/v2\/users\/5"}],"replies":[{"embeddable":true,"href":"http:\/\/www.javorszky.hu\/wordpress\/index.php?rest_route=%2Fwp%2Fv2%2Fcomments&post=6105"}],"version-history":[{"count":22,"href":"http:\/\/www.javorszky.hu\/wordpress\/index.php?rest_route=\/wp\/v2\/pages\/6105\/revisions"}],"predecessor-version":[{"id":9898,"href":"http:\/\/www.javorszky.hu\/wordpress\/index.php?rest_route=\/wp\/v2\/pages\/6105\/revisions\/9898"}],"wp:attachment":[{"href":"http:\/\/www.javorszky.hu\/wordpress\/index.php?rest_route=%2Fwp%2Fv2%2Fmedia&parent=6105"}],"curies":[{"name":"wp","href":"https:\/\/api.w.org\/{rel}","templated":true}]}}

Pályázat : Ápoló

<p class="has-text-align-center" style="line-height:1"><em><strong>Váci Jávorszky Ödön Kórház</strong></em></p>



<p class="has-text-align-center" style="line-height:1">a 2020. évi C. törvény és az 528/2020. (XI. 28.) Korm. rendelet alapján</p>



<p class="has-text-align-center" style="line-height:1">pályázatot hirdet <strong><br><mark style="background-color:rgba(0, 0, 0, 0)" class="has-inline-color has-vivid-cyan-blue-color">ápoló</mark></strong></p>



<p class="has-text-align-center" style="line-height:1">munkakör betöltésére.</p>



<p><strong>Az egészségügyi szolgálati jogviszony időtartama:</strong></p>



<p>Határozatlan idejű egészségügyi szolgálati jogviszony.</p>



<p><strong>Foglalkoztatás jellege:</strong> &nbsp;Teljes munkaidő</p>



<p><strong>A munkavégzés helye:</strong> Pest vármegye, 2600 Vác, Argenti Döme tér 1-3.</p>



<p><strong>A munkakörbe tartozó, illetve a vezetői megbízással járó lényeges feladatok:</strong></p>



<p>A betegek ellátásával kapcsolatos ápolói feladatok elvégzése.<strong></strong></p>



<p><strong>Illetmény és juttatások:</strong></p>



<p>Az egészségügyi szolgálati jogviszonyról szóló 2020. évi C. törvény (a továbbiakban: Eszjtv.) Eszjtv. 1/A. mellékletében foglaltak alapján.</p>



<p><strong>Pályázati feltételek:</strong></p>



<ul><li>Felsőfokú képesítés, ápoló (54) / ápoló (55), ápoló (5) képesítés</li><li>Felhasználói szintű Informatikai rendszerismeret</li><li>Magyar állampolgárság, büntetlen előélet</li></ul>



<p><strong>Elvárt kompetenciák:</strong></p>



<ul><li>Kiváló szintű betegorientáltság</li><li>Kiváló szintű problémamegoldó képesség</li><li>Kiváló szintű csapatmunka, együttműködés</li></ul>



<p><strong>A pályázat részeként benyújtandó iratok, igazolások:</strong></p>



<ul><li>Részletes fényképes szakmai önéletrajz</li><li>Végzettséget igazoló dokumentumok</li><li>3 hónapnál nem régebbi erkölcsi bizonyítvány</li><li>Működési nyilvántartásról szóló igazolás</li><li>Beleegyező nyilatkozat arról, hogy a pályázati anyagot a pályázat elbírálásában résztvevők megismerhessék</li></ul>



<p><strong>A munkakör betölthetőségének időpontja:</strong></p>



<p>A munkakör a pályázatok elbírálását követően azonnal betölthető.</p>



<p><strong>A pályázat benyújtásának határideje: <mark style="background-color:rgba(0, 0, 0, 0)" class="has-inline-color has-vivid-cyan-blue-color">2026.06.26.</mark></strong></p>



<p>A pályázati kiírással kapcsolatosan további információt&nbsp;<strong>Dr. Király Edit ápolási igazgató</strong>&nbsp;nyújt, a +36-27-620-607-es telefonszámon.</p>



<p><strong>A pályázatok benyújtásának módja:</strong></p>



<ul><li>Postai úton, a pályázatnak a <strong><em>Váci Jávorszky Ödön Kórház</em></strong> címére történő megküldésével (2600 Vác, Argenti Döme tér 1-3.). Kérjük a borítékon feltüntetni a munkakör megnevezését: <strong>ápoló </strong>(több osztály).</li></ul>



<p><strong>vagy</strong></p>



<ul><li>Elektronikus úton Dr. Király Edit részére a&nbsp;<strong>&#x6b;&#105;&#x72;&#x61;&#108;&#x79;&#x2e;&#101;&#x64;&#x69;&#116;&#x40;&#x6a;a&#x76;&#x6f;r&#x73;&#122;k&#x79;&#46;h&#x75;</strong>&nbsp;e-mail címen keresztül</li></ul>



<p><strong>A pályázat elbírálásának határideje: <mark style="background-color:rgba(0, 0, 0, 0)" class="has-inline-color has-vivid-cyan-blue-color">2026.06.30.</mark></strong></p>

<p>Váci Jávorszky Ödön Kórház a 2020. évi C. törvény és az 528/2020. (XI. 28.) Korm. rendelet alapján pályázatot hirdet ápoló munkakör betöltésére. Az egészségügyi szolgálati jogviszony időtartama: Határozatlan idejű egészségügyi szolgálati jogviszony. Foglalkoztatás jellege: &nbsp;Teljes munkaidő A munkavégzés helye: Pest vármegye, 2600 Vác, Argenti Döme tér 1-3. A munkakörbe tartozó, illetve a vezetői megbízással járó [&hellip;]</p>
