{"id":6194,"date":"2023-08-07T12:17:43","date_gmt":"2023-08-07T10:17:43","guid":{"rendered":"http:\/\/www.javorszky.hu\/wordpress\/?page_id=6194"},"modified":"2026-01-21T09:50:15","modified_gmt":"2026-01-21T08:50:15","slug":"palyazat-szulesz-nogyogyasz-szakorvos","status":"publish","type":"page","link":"http:\/\/www.javorszky.hu\/wordpress\/?page_id=6194","title":{"rendered":"P\u00e1ly\u00e1zat: sz\u00fcl\u00e9sz-n\u0151gy\u00f3gy\u00e1sz szakorvos"},"content":{"rendered":"\n<p class=\"has-text-align-center\" style=\"line-height:1\"><strong><em>V\u00e1ci J\u00e1vorszky \u00d6d\u00f6n K\u00f3rh\u00e1z<\/em><\/strong><em><\/em><\/p>\n\n\n\n<p class=\"has-text-align-center\" style=\"line-height:1\">a 2020. \u00e9vi C. t\u00f6rv\u00e9ny \u00e9s az 528\/2020. (XI. 28.) Korm. rendelet alapj\u00e1n<\/p>\n\n\n\n<p class=\"has-text-align-center\" style=\"line-height:1\">p\u00e1ly\u00e1zatot hirdet<\/p>\n\n\n\n<p class=\"has-text-align-center\" style=\"line-height:1\"><strong><mark style=\"background-color:rgba(0, 0, 0, 0)\" class=\"has-inline-color has-vivid-cyan-blue-color\">Sz\u00fcl\u00e9szet-N\u0151gy\u00f3gy\u00e1szati Oszt\u00e1ly<br><br>sz\u00fcl\u00e9sz-n\u0151gy\u00f3gy\u00e1sz szakorvos<\/mark><\/strong><\/p>\n\n\n\n<p class=\"has-text-align-center\" style=\"line-height:1\">munkak\u00f6r bet\u00f6lt\u00e9s\u00e9re.<\/p>\n\n\n\n<p><strong>Az&nbsp;eg\u00e9szs\u00e9g\u00fcgyi szolg\u00e1lati jogviszony id\u0151tartama:<\/strong><\/p>\n\n\n\n<p>Hat\u00e1rozatlan idej\u0171 eg\u00e9szs\u00e9g\u00fcgyi szolg\u00e1lati jogviszony.<\/p>\n\n\n\n<p><strong>Foglalkoztat\u00e1s jellege:<\/strong> Teljes munkaid\u0151.<\/p>\n\n\n\n<p><strong>A munkav\u00e9gz\u00e9s helye:<\/strong> Pest v\u00e1rmegye, 2600 V\u00e1c, Argenti D\u00f6me t\u00e9r 1-3.<\/p>\n\n\n\n<p><strong>A munkak\u00f6rbe tartoz\u00f3, illetve a vezet\u0151i megb\u00edz\u00e1ssal j\u00e1r\u00f3 l\u00e9nyeges feladatok:<\/strong><\/p>\n\n\n\n<p>A szervezeti egys\u00e9g j\u00e1r\u00f3- \u00e9s fekv\u0151beteg szakell\u00e1t\u00e1s szakorvosi feladatainak ell\u00e1t\u00e1sa, \u00fcgyeletben val\u00f3 r\u00e9szv\u00e9tel.<\/p>\n\n\n\n<p><strong>Illetm\u00e9ny \u00e9s juttat\u00e1sok:<\/strong><\/p>\n\n\n\n<p><strong>Az eg\u00e9szs\u00e9g\u00fcgyi szolg\u00e1lati jogviszonyr\u00f3l sz\u00f3l\u00f3 2020. \u00e9vi C. t\u00f6rv\u00e9ny (a tov\u00e1bbiakban: Eszjtv.) Eszjtv. 1. mell\u00e9klet\u00e9ben foglaltak alapj\u00e1n.<\/strong><\/p>\n\n\n\n<p><strong>P\u00e1ly\u00e1zati felt\u00e9telek:<\/strong><\/p>\n\n\n\n<ul><li>Egyetem, sz\u00fcl\u00e9sz-n\u0151gy\u00f3gy\u00e1sz szakorvos<\/li><li>Felhaszn\u00e1l\u00f3i szint\u0171 Informatikai rendszerismeret<\/li><li>Felhaszn\u00e1l\u00f3i szint\u0171 MS Office (irodai alkalmaz\u00e1sok)<\/li><li>Magyar \u00e1llampolg\u00e1rs\u00e1g, b\u00fcntetlen el\u0151\u00e9let<\/li><\/ul>\n\n\n\n<p><strong>Elv\u00e1rt kompetenci\u00e1k:<\/strong><\/p>\n\n\n\n<ul><li>Kiv\u00e1l\u00f3 szint\u0171 probl\u00e9mamegold\u00f3 k\u00e9pess\u00e9g<\/li><li>Csapatmunka<\/li><li>Betegorient\u00e1lts\u00e1g<\/li><li>Diagnosztikus k\u00e9pess\u00e9g<\/li><\/ul>\n\n\n\n<p><strong>A p\u00e1ly\u00e1zat r\u00e9szek\u00e9nt beny\u00fajtand\u00f3 iratok, igazol\u00e1sok:<\/strong><\/p>\n\n\n\n<ul><li>R\u00e9szletes f\u00e9nyk\u00e9pes szakmai \u00f6n\u00e9letrajz<\/li><li>V\u00e9gzetts\u00e9get igazol\u00f3 dokumentumok<\/li><li>3 h\u00f3napn\u00e1l nem r\u00e9gebbi erk\u00f6lcsi bizony\u00edtv\u00e1ny<\/li><li>M\u0171k\u00f6d\u00e9si nyilv\u00e1ntart\u00e1sr\u00f3l sz\u00f3l\u00f3 igazol\u00e1s<\/li><li>Beleegyez\u0151 nyilatkozat arr\u00f3l, hogy a p\u00e1ly\u00e1zati anyagot a p\u00e1ly\u00e1zat elb\u00edr\u00e1l\u00e1s\u00e1ban r\u00e9sztvev\u0151k megismerhess\u00e9k<\/li><\/ul>\n\n\n\n<p><strong>A munkak\u00f6r bet\u00f6lthet\u0151s\u00e9g\u00e9nek id\u0151pontja:<\/strong><\/p>\n\n\n\n<p>A munkak\u00f6r a p\u00e1ly\u00e1zatok elb\u00edr\u00e1l\u00e1s\u00e1t k\u00f6vet\u0151en azonnal bet\u00f6lthet\u0151.<\/p>\n\n\n\n<p><strong>A p\u00e1ly\u00e1zat beny\u00fajt\u00e1s\u00e1nak hat\u00e1rideje:<\/strong>\u00a0<strong><mark style=\"background-color:rgba(0, 0, 0, 0)\" class=\"has-inline-color has-vivid-cyan-blue-color\">2026.03.25.<\/mark><\/strong><\/p>\n\n\n\n<p>A p\u00e1ly\u00e1zati ki\u00edr\u00e1ssal kapcsolatosan tov\u00e1bbi inform\u00e1ci\u00f3t <strong>Dr. B\u00e9nyi B\u00e9la oszt\u00e1lyvezet\u0151 f\u0151orvos<\/strong> ny\u00fajt, a +36-30-520-3466 -os telefonsz\u00e1mon.<\/p>\n\n\n\n<p><strong>A p\u00e1ly\u00e1zatok beny\u00fajt\u00e1s\u00e1nak m\u00f3dja:<\/strong><\/p>\n\n\n\n<ul><li>Postai \u00faton, a p\u00e1ly\u00e1zatnak a V\u00e1ci J\u00e1vorszky \u00d6d\u00f6n K\u00f3rh\u00e1z c\u00edm\u00e9re t\u00f6rt\u00e9n\u0151 megk\u00fcld\u00e9s\u00e9vel (2600 V\u00e1c, Argenti D\u00f6me t\u00e9r 1-3.). K\u00e9rj\u00fck a bor\u00edt\u00e9kon felt\u00fcntetni a munkak\u00f6r megnevez\u00e9s\u00e9t: <strong>sz\u00fcl\u00e9sz-n\u0151gy\u00f3gy\u00e1sz szakorvos<\/strong>,<\/li><\/ul>\n\n\n\n<p><strong>vagy<\/strong><\/p>\n\n\n\n<ul><li>Elektronikus \u00faton a Hum\u00e1npolitikai Oszt\u00e1ly r\u00e9sz\u00e9re&nbsp;<strong>&#x68;u&#x6d;&#97;n&#x40;&#106;&#x61;&#118;o&#x72;&#115;&#x7a;&#107;y&#x2e;&#104;&#x75;<\/strong> e-mail c\u00edmen kereszt\u00fcl<\/li><\/ul>\n\n\n\n<p><strong>A p\u00e1ly\u00e1zat elb\u00edr\u00e1l\u00e1s\u00e1nak hat\u00e1rideje:<\/strong>\u00a0<strong><mark style=\"background-color:rgba(0, 0, 0, 0)\" class=\"has-inline-color has-vivid-cyan-blue-color\">2026.03.31.<\/mark><\/strong><\/p>\n","protected":false},"excerpt":{"rendered":"<p>V\u00e1ci J\u00e1vorszky \u00d6d\u00f6n K\u00f3rh\u00e1z a 2020. \u00e9vi C. t\u00f6rv\u00e9ny \u00e9s az 528\/2020. (XI. 28.) Korm. rendelet alapj\u00e1n p\u00e1ly\u00e1zatot hirdet Sz\u00fcl\u00e9szet-N\u0151gy\u00f3gy\u00e1szati Oszt\u00e1ly sz\u00fcl\u00e9sz-n\u0151gy\u00f3gy\u00e1sz szakorvos munkak\u00f6r bet\u00f6lt\u00e9s\u00e9re. Az&nbsp;eg\u00e9szs\u00e9g\u00fcgyi szolg\u00e1lati jogviszony id\u0151tartama: Hat\u00e1rozatlan idej\u0171 eg\u00e9szs\u00e9g\u00fcgyi szolg\u00e1lati jogviszony. Foglalkoztat\u00e1s jellege: Teljes munkaid\u0151. A munkav\u00e9gz\u00e9s helye: Pest v\u00e1rmegye, 2600 V\u00e1c, Argenti D\u00f6me t\u00e9r 1-3. A munkak\u00f6rbe tartoz\u00f3, illetve a vezet\u0151i [&hellip;]<\/p>\n","protected":false},"author":5,"featured_media":0,"parent":0,"menu_order":0,"comment_status":"closed","ping_status":"closed","template":"","meta":[],"_links":{"self":[{"href":"http:\/\/www.javorszky.hu\/wordpress\/index.php?rest_route=\/wp\/v2\/pages\/6194"}],"collection":[{"href":"http:\/\/www.javorszky.hu\/wordpress\/index.php?rest_route=\/wp\/v2\/pages"}],"about":[{"href":"http:\/\/www.javorszky.hu\/wordpress\/index.php?rest_route=\/wp\/v2\/types\/page"}],"author":[{"embeddable":true,"href":"http:\/\/www.javorszky.hu\/wordpress\/index.php?rest_route=\/wp\/v2\/users\/5"}],"replies":[{"embeddable":true,"href":"http:\/\/www.javorszky.hu\/wordpress\/index.php?rest_route=%2Fwp%2Fv2%2Fcomments&post=6194"}],"version-history":[{"count":17,"href":"http:\/\/www.javorszky.hu\/wordpress\/index.php?rest_route=\/wp\/v2\/pages\/6194\/revisions"}],"predecessor-version":[{"id":9543,"href":"http:\/\/www.javorszky.hu\/wordpress\/index.php?rest_route=\/wp\/v2\/pages\/6194\/revisions\/9543"}],"wp:attachment":[{"href":"http:\/\/www.javorszky.hu\/wordpress\/index.php?rest_route=%2Fwp%2Fv2%2Fmedia&parent=6194"}],"curies":[{"name":"wp","href":"https:\/\/api.w.org\/{rel}","templated":true}]}}

Pályázat: szülész-nőgyógyász szakorvos

<p class="has-text-align-center" style="line-height:1"><strong><em>Váci Jávorszky Ödön Kórház</em></strong><em></em></p>



<p class="has-text-align-center" style="line-height:1">a 2020. évi C. törvény és az 528/2020. (XI. 28.) Korm. rendelet alapján</p>



<p class="has-text-align-center" style="line-height:1">pályázatot hirdet</p>



<p class="has-text-align-center" style="line-height:1"><strong><mark style="background-color:rgba(0, 0, 0, 0)" class="has-inline-color has-vivid-cyan-blue-color">Szülészet-Nőgyógyászati Osztály<br><br>szülész-nőgyógyász szakorvos</mark></strong></p>



<p class="has-text-align-center" style="line-height:1">munkakör betöltésére.</p>



<p><strong>Az&nbsp;egészségügyi szolgálati jogviszony időtartama:</strong></p>



<p>Határozatlan idejű egészségügyi szolgálati jogviszony.</p>



<p><strong>Foglalkoztatás jellege:</strong> Teljes munkaidő.</p>



<p><strong>A munkavégzés helye:</strong> Pest vármegye, 2600 Vác, Argenti Döme tér 1-3.</p>



<p><strong>A munkakörbe tartozó, illetve a vezetői megbízással járó lényeges feladatok:</strong></p>



<p>A szervezeti egység járó- és fekvőbeteg szakellátás szakorvosi feladatainak ellátása, ügyeletben való részvétel.</p>



<p><strong>Illetmény és juttatások:</strong></p>



<p><strong>Az egészségügyi szolgálati jogviszonyról szóló 2020. évi C. törvény (a továbbiakban: Eszjtv.) Eszjtv. 1. mellékletében foglaltak alapján.</strong></p>



<p><strong>Pályázati feltételek:</strong></p>



<ul><li>Egyetem, szülész-nőgyógyász szakorvos</li><li>Felhasználói szintű Informatikai rendszerismeret</li><li>Felhasználói szintű MS Office (irodai alkalmazások)</li><li>Magyar állampolgárság, büntetlen előélet</li></ul>



<p><strong>Elvárt kompetenciák:</strong></p>



<ul><li>Kiváló szintű problémamegoldó képesség</li><li>Csapatmunka</li><li>Betegorientáltság</li><li>Diagnosztikus képesség</li></ul>



<p><strong>A pályázat részeként benyújtandó iratok, igazolások:</strong></p>



<ul><li>Részletes fényképes szakmai önéletrajz</li><li>Végzettséget igazoló dokumentumok</li><li>3 hónapnál nem régebbi erkölcsi bizonyítvány</li><li>Működési nyilvántartásról szóló igazolás</li><li>Beleegyező nyilatkozat arról, hogy a pályázati anyagot a pályázat elbírálásában résztvevők megismerhessék</li></ul>



<p><strong>A munkakör betölthetőségének időpontja:</strong></p>



<p>A munkakör a pályázatok elbírálását követően azonnal betölthető.</p>



<p><strong>A pályázat benyújtásának határideje:</strong> <strong><mark style="background-color:rgba(0, 0, 0, 0)" class="has-inline-color has-vivid-cyan-blue-color">2026.03.25.</mark></strong></p>



<p>A pályázati kiírással kapcsolatosan további információt <strong>Dr. Bényi Béla osztályvezető főorvos</strong> nyújt, a +36-30-520-3466 -os telefonszámon.</p>



<p><strong>A pályázatok benyújtásának módja:</strong></p>



<ul><li>Postai úton, a pályázatnak a Váci Jávorszky Ödön Kórház címére történő megküldésével (2600 Vác, Argenti Döme tér 1-3.). Kérjük a borítékon feltüntetni a munkakör megnevezését: <strong>szülész-nőgyógyász szakorvos</strong>,</li></ul>



<p><strong>vagy</strong></p>



<ul><li>Elektronikus úton a Humánpolitikai Osztály részére&nbsp;<strong>&#x68;u&#x6d;&#97;n&#x40;&#106;&#x61;&#118;o&#x72;&#115;&#x7a;&#107;y&#x2e;&#104;&#x75;</strong> e-mail címen keresztül</li></ul>



<p><strong>A pályázat elbírálásának határideje:</strong> <strong><mark style="background-color:rgba(0, 0, 0, 0)" class="has-inline-color has-vivid-cyan-blue-color">2026.03.31.</mark></strong></p>

<p>Váci Jávorszky Ödön Kórház a 2020. évi C. törvény és az 528/2020. (XI. 28.) Korm. rendelet alapján pályázatot hirdet Szülészet-Nőgyógyászati Osztály szülész-nőgyógyász szakorvos munkakör betöltésére. Az&nbsp;egészségügyi szolgálati jogviszony időtartama: Határozatlan idejű egészségügyi szolgálati jogviszony. Foglalkoztatás jellege: Teljes munkaidő. A munkavégzés helye: Pest vármegye, 2600 Vác, Argenti Döme tér 1-3. A munkakörbe tartozó, illetve a vezetői [&hellip;]</p>
