{"id":8306,"date":"2025-03-12T13:22:15","date_gmt":"2025-03-12T12:22:15","guid":{"rendered":"https:\/\/www.javorszky.hu\/wordpress\/?page_id=8306"},"modified":"2025-12-01T11:22:17","modified_gmt":"2025-12-01T10:22:17","slug":"labor-szolgaltatas","status":"publish","type":"page","link":"http:\/\/www.javorszky.hu\/wordpress\/?page_id=8306","title":{"rendered":"Labor szolg\u00e1ltat\u00e1s"},"content":{"rendered":"\n<p class=\"has-text-align-center has-vivid-red-color has-text-color\"><strong><mark>ONLINE ID\u0150PONT FOGLAL\u00c1S ITT!<\/mark><\/strong> <\/p>\n\n\n\n<p class=\"has-text-align-center has-vivid-red-color has-luminous-vivid-amber-background-color has-text-color has-background\"><a href=\"https:\/\/paciens.unilab.unicomp.hu\/idopontfoglalas\/neak\/vac\"><\/a> <a href=\"https:\/\/paciens.unilab.unicomp.hu\/idopontfoglalas\/neak\/vac\">T\u00c1BL\u00c1ZAT EL\u00c9RHET\u0150S\u00c9G\u00c9NEK LINKJE<\/a> <\/p>\n\n\n\n<p><strong>Helye:<\/strong> <strong><mark style=\"background-color:rgba(0, 0, 0, 0)\" class=\"has-inline-color has-vivid-cyan-blue-color\">Szakrendel\u0151 I. emelet<\/mark><\/strong> (2025.11.24.-t\u0151l a labor a meg\u00fajult -r\u00e9gi hely\u00e9n tal\u00e1lhat\u00f3 meg)<\/p>\n\n\n\n<p><strong>A<\/strong>\u00a0<strong> laborat\u00f3riumba beutalt betegek sz\u00e1m\u00e1ra az id\u0151pontfoglal\u00e1s\u00a0<\/strong>\u2013 a s\u00fcrg\u0151ss\u00e9gi eseteket kiv\u00e9ve \u2013<strong>\u00a0k\u00f6telez\u0151<\/strong>. (A s\u00fcrg\u0151ss\u00e9gi ig\u00e9nyt a beutal\u00f3 orvosnak kell hitelesen igazolnia a k\u00e9r\u0151lapon pecs\u00e9tj\u00e9vel \u00e9s al\u00e1\u00edr\u00e1s\u00e1val. S\u00fcrg\u0151ss\u00e9ggel csak a vizsg\u00e1latok meghat\u00e1rozott k\u00f6re vehet\u0151 ig\u00e9nybe<\/p>\n\n\n\n<p><strong>Hozott minta 7:00-9:00 \u00f3ra k\u00f6z\u00f6tt adhat\u00f3 le<\/strong>&nbsp;\u2013 ha a minta lev\u00e9tele nem a laborat\u00f3riumban t\u00f6rt\u00e9nik, id\u0151pontfoglal\u00e1s nem sz\u00fcks\u00e9ges.<\/p>\n\n\n\n<p>A foglalt id\u0151pont t\u00e1j\u00e9koztat\u00f3 jelleg\u0171. Lehet, hogy a p\u00e1ciens k\u00e9s\u0151bb ker\u00fcl beh\u00edv\u00e1sra. Az id\u0151pontfoglal\u00e1s ir\u00e1nymutat\u00e1s, arra vonatkoz\u00f3an, hogy a p\u00e1ciens mikor \u00e9rkezzen a laborat\u00f3riumba a v\u00e1rakoz\u00e1si id\u0151 minimaliz\u00e1l\u00e1sa \u00e9rdek\u00e9ben.<\/p>\n\n\n\n<p>Ez\u00faton szeretn\u00e9nk t\u00e1j\u00e9koztatni \u00d6n\u00f6ket, hogy&nbsp;<strong>2025. m\u00e1rcius 8-\u00e1t\u00f3l&nbsp;a Corden International \/Magyarorsz\u00e1g\/ Kft biztos\u00edtja a laborat\u00f3riumi szolg\u00e1ltat\u00e1st a V\u00e1ci J\u00e1vorszky \u00d6d\u00f6n<\/strong> <strong>K\u00f3rh\u00e1z \u00e9s az ell\u00e1t\u00e1si<\/strong> <strong>ter\u00fclet\u00e9n m\u0171k\u00f6d\u0151 alapell\u00e1t\u00e1si<\/strong>  <strong>k\u00f6rzetek sz\u00e1m\u00e1ra.<\/strong><\/p>\n\n\n\n<p><\/p>\n\n\n\n<p class=\"has-text-align-center has-light-green-cyan-background-color has-background has-medium-font-size\"><strong><mark style=\"background-color:rgba(0, 0, 0, 0)\" class=\"has-inline-color has-vivid-red-color\">Telefonos el\u0151jegyz\u00e9s:  +36 30 562-84-42, h\u00e9tk\u00f6znap 11:00 \u00e9s 13:30 k\u00f6z\u00f6tti id\u0151pontban k\u00e9rhet\u0151!<\/mark><\/strong><\/p>\n\n\n\n<p style=\"line-height:1\"><strong><mark style=\"background-color:rgba(0, 0, 0, 0)\" class=\"has-inline-color has-vivid-cyan-blue-color\">CORDEN AZ INNOVAT\u00cdV LABORAT\u00d3RIUM<\/mark><\/strong><\/p>\n\n\n\n<p style=\"line-height:1\"><a rel=\"noreferrer noopener\" href=\"https:\/\/www.corden.hu\/vizsgalatok\/etelintolerancia-206-vizsgalat\/\" target=\"_blank\">\u00c9telintolerancia 206<\/a>&nbsp;\u00e9s a&nbsp;<a rel=\"noreferrer noopener\" href=\"https:\/\/www.corden.hu\/vizsgalatok\/dao-hisztamin-intolerancia-vizsgalat\/\" target=\"_blank\">Hisztamin intolerancia (DAO) vizsg\u00e1lat<\/a>&nbsp;el\u00e9rhet\u0151ek minden mag\u00e1nv\u00e9rv\u00e9teli pontunkon.<\/p>\n\n\n\n<p style=\"line-height:1\"><em><strong>Strat\u00e9giai partner\u00fcnk a<\/strong><\/em>&nbsp;<strong><u><a rel=\"noreferrer noopener\" href=\"https:\/\/gasztroklinika.hu\/\" target=\"_blank\">GASZTROKLINIKA!<\/a><\/u><\/strong>&nbsp;<em><strong>Diagn\u00f3zist\u00f3l a gy\u00f3gyul\u00e1sig!<\/strong><\/em><\/p>\n\n\n\n<p style=\"line-height:1\">Telefonon :+36 1&nbsp;800 9313,&nbsp;+36 30&nbsp;416 9982&nbsp;vagy a&nbsp;<a rel=\"noreferrer noopener\" href=\"https:\/\/paciens.unilab.unicomp.hu\/idopontfoglalas\/helyszin\" target=\"_blank\">weboldalunkon<\/a> !<\/p>\n","protected":false},"excerpt":{"rendered":"<p>ONLINE ID\u0150PONT FOGLAL\u00c1S ITT! T\u00c1BL\u00c1ZAT EL\u00c9RHET\u0150S\u00c9G\u00c9NEK LINKJE Helye: Szakrendel\u0151 I. emelet (2025.11.24.-t\u0151l a labor a meg\u00fajult -r\u00e9gi hely\u00e9n tal\u00e1lhat\u00f3 meg) A\u00a0 laborat\u00f3riumba beutalt betegek sz\u00e1m\u00e1ra az id\u0151pontfoglal\u00e1s\u00a0\u2013 a s\u00fcrg\u0151ss\u00e9gi eseteket kiv\u00e9ve \u2013\u00a0k\u00f6telez\u0151. (A s\u00fcrg\u0151ss\u00e9gi ig\u00e9nyt a beutal\u00f3 orvosnak kell hitelesen igazolnia a k\u00e9r\u0151lapon pecs\u00e9tj\u00e9vel \u00e9s al\u00e1\u00edr\u00e1s\u00e1val. S\u00fcrg\u0151ss\u00e9ggel csak a vizsg\u00e1latok meghat\u00e1rozott k\u00f6re vehet\u0151 ig\u00e9nybe Hozott [&hellip;]<\/p>\n","protected":false},"author":5,"featured_media":0,"parent":0,"menu_order":0,"comment_status":"closed","ping_status":"closed","template":"","meta":[],"_links":{"self":[{"href":"http:\/\/www.javorszky.hu\/wordpress\/index.php?rest_route=\/wp\/v2\/pages\/8306"}],"collection":[{"href":"http:\/\/www.javorszky.hu\/wordpress\/index.php?rest_route=\/wp\/v2\/pages"}],"about":[{"href":"http:\/\/www.javorszky.hu\/wordpress\/index.php?rest_route=\/wp\/v2\/types\/page"}],"author":[{"embeddable":true,"href":"http:\/\/www.javorszky.hu\/wordpress\/index.php?rest_route=\/wp\/v2\/users\/5"}],"replies":[{"embeddable":true,"href":"http:\/\/www.javorszky.hu\/wordpress\/index.php?rest_route=%2Fwp%2Fv2%2Fcomments&post=8306"}],"version-history":[{"count":8,"href":"http:\/\/www.javorszky.hu\/wordpress\/index.php?rest_route=\/wp\/v2\/pages\/8306\/revisions"}],"predecessor-version":[{"id":9358,"href":"http:\/\/www.javorszky.hu\/wordpress\/index.php?rest_route=\/wp\/v2\/pages\/8306\/revisions\/9358"}],"wp:attachment":[{"href":"http:\/\/www.javorszky.hu\/wordpress\/index.php?rest_route=%2Fwp%2Fv2%2Fmedia&parent=8306"}],"curies":[{"name":"wp","href":"https:\/\/api.w.org\/{rel}","templated":true}]}}