{"id":8890,"date":"2025-08-12T15:15:17","date_gmt":"2025-08-12T13:15:17","guid":{"rendered":"https:\/\/www.javorszky.hu\/wordpress\/?page_id=8890"},"modified":"2025-08-12T15:15:18","modified_gmt":"2025-08-12T13:15:18","slug":"integritast-serto-esemenyek","status":"publish","type":"page","link":"http:\/\/www.javorszky.hu\/wordpress\/?page_id=8890","title":{"rendered":"Integrit\u00e1st s\u00e9rt\u0151 esem\u00e9nyek"},"content":{"rendered":"\n<p>Integrit\u00e1st s\u00e9rt\u0151 esem\u00e9nyek bejelent\u00e9se: <a href=\"&#x6d;&#x61;&#x69;&#108;&#116;o:&#x69;&#x6e;&#x74;&#x65;&#103;&#114;it&#x61;&#x73;&#x74;&#97;&#110;&#97;cs&#x61;&#x64;&#x6f;&#64;&#106;av&#x6f;&#x72;&#x73;&#x7a;&#107;&#121;&#46;h&#x75;\">&#x69;&#110;&#x74;&#x65;&#103;&#x72;&#x69;&#116;&#x61;&#x73;&#116;&#x61;&#x6e;a&#x63;&#x73;a&#x64;&#111;&#64;&#x6a;&#97;v&#x6f;&#114;s&#x7a;&#107;y&#x2e;&#104;u<\/a><\/p>\n","protected":false},"excerpt":{"rendered":"<p>Integrit\u00e1st s\u00e9rt\u0151 esem\u00e9nyek bejelent\u00e9se: &#105;&#x6e;t&#x65;&#x67;&#114;&#x69;t&#97;&#x73;&#116;&#x61;n&#97;&#x63;s&#x61;d&#111;&#x40;j&#x61;&#x76;&#111;&#x72;s&#122;&#x6b;&#121;&#x2e;h&#117;<\/p>\n","protected":false},"author":1,"featured_media":0,"parent":0,"menu_order":0,"comment_status":"closed","ping_status":"closed","template":"","meta":[],"_links":{"self":[{"href":"http:\/\/www.javorszky.hu\/wordpress\/index.php?rest_route=\/wp\/v2\/pages\/8890"}],"collection":[{"href":"http:\/\/www.javorszky.hu\/wordpress\/index.php?rest_route=\/wp\/v2\/pages"}],"about":[{"href":"http:\/\/www.javorszky.hu\/wordpress\/index.php?rest_route=\/wp\/v2\/types\/page"}],"author":[{"embeddable":true,"href":"http:\/\/www.javorszky.hu\/wordpress\/index.php?rest_route=\/wp\/v2\/users\/1"}],"replies":[{"embeddable":true,"href":"http:\/\/www.javorszky.hu\/wordpress\/index.php?rest_route=%2Fwp%2Fv2%2Fcomments&post=8890"}],"version-history":[{"count":1,"href":"http:\/\/www.javorszky.hu\/wordpress\/index.php?rest_route=\/wp\/v2\/pages\/8890\/revisions"}],"predecessor-version":[{"id":8891,"href":"http:\/\/www.javorszky.hu\/wordpress\/index.php?rest_route=\/wp\/v2\/pages\/8890\/revisions\/8891"}],"wp:attachment":[{"href":"http:\/\/www.javorszky.hu\/wordpress\/index.php?rest_route=%2Fwp%2Fv2%2Fmedia&parent=8890"}],"curies":[{"name":"wp","href":"https:\/\/api.w.org\/{rel}","templated":true}]}}